-- Table structure for table `solicitacoes_canceladas`
--

CREATE TABLE `solicitacoes_canceladas` (
  `id_cancelada` int(11) NOT NULL auto_increment,
  `id_solicitacao` int(11) default NULL,
  `quem` int(11) default NULL,
  `data_cancelamento` varchar(20) default NULL,
  `motivo` varchar(255) default NULL,
  PRIMARY KEY  (`id_cancelada`)
) ENGINE=MyISAM AUTO_INCREMENT=32 DEFAULT CHARSET=latin1;

--
-- Dumping data for table `solicitacoes_canceladas`
--

INSERT INTO `solicitacoes_canceladas` VALUES (1,13,24,'26/03/2014 15:05','Teste'),(2,12,24,'26/03/2014 15:06','Teste'),(3,14,24,'26/03/2014 15:06','Teste'),(4,15,24,'28/03/2014 14:28','TESTE'),(5,16,24,'28/03/2014 14:29','TESTE'),(6,17,24,'28/03/2014 14:29','TESTE'),(7,18,24,'28/03/2014 14:29','TESTE'),(8,27,24,'28/03/2014 14:30','TESTE'),(9,162,104,'21/08/2014 15:27','Duplicidade de solicitação.'),(10,167,104,'22/08/2014 16:40','Duplicidade de pedido da mesma diária'),(11,169,104,'25/08/2014 15:08','Duplicidade da mesma diaria.'),(12,170,104,'25/08/2014 15:12','Duplicidade de diária.\r\nClaudia'),(13,93,104,'19/09/2014 15:42','Não irá mais ao evento.Confirmado dia 19/09/2014 contato por e-mail Josmar.'),(14,94,104,'19/09/2014 15:42','Não irá mais ao evento, contato por e-mail com Josmar no dia 19/09/2014.'),(15,213,104,'01/10/2014 15:12','Irá ao evento com recursos próprios, não necessita de diária.'),(16,133,104,'01/10/2014 15:13','Não realizou viagem devido o pai esta internado na UTI, tudo cancelado.'),(17,249,104,'01/12/2014 15:30','Enviou e e-mail para o local da reunião e desistiu da viagem. C. Mourão, 01/12/2014 '),(18,277,104,'10/02/2015 08:12','Mudança de data.'),(19,280,104,'03/03/2015 07:54','Ainda resta verba p/ pgto de alimentação e hotel.'),(20,292,104,'31/03/2015 09:45','PREENCHIMENTO ERRADO DATA DO RETORNO.'),(21,276,104,'08/04/2015 08:43','Não irá mais na viagem.'),(22,275,104,'08/04/2015 08:46','Não irá mais na viagem.'),(23,306,104,'14/04/2015 08:50','Erro na solicitação.'),(24,303,104,'29/04/2015 13:47','Horário da viagem coincidiram com outro evento que o mesmo irá realizar.'),(25,308,104,'05/05/2015 07:47','A reunião foi cancelada pela SETI.'),(26,491,40,'02/06/2016 08:07','Atividades do curso. E conflito com outro evento.'),(27,523,40,'20/06/2016 07:34','Falta dos comprovantes anexados.'),(28,535,40,'11/07/2016 08:50','\r\nO usuário ALINE PEREIRA LIMA solicitou o cancelamento de uma solicitação.\r\nMotivo:\r\ncorrigir a data\r\n\r\nReferência da Solicitação: 535\r\nData/Hora: 08/07/2016 18:11\r\nSolicitante: (146) - ALINE PEREIRA LIMA\r\n'),(29,534,40,'12/07/2016 07:15','\r\nO usuário FABIO ANDRE HAHN solicitou o cancelamento de uma solicitação.\r\nMotivo:\r\nfalta de recursos para Curitiba, portanto está sendo solicitado o cancelamento para este destino.\r\n'),(30,512,40,'13/09/2016 08:43','Falta de Recursos orçamentários e financeiros para a finalidade - Eventos. Conforme orientação do Sr. diretor de Campus '),(31,565,40,'13/04/2017 08:46','cancelamento da viagem.');

--
-- Table structure for table `solicitacoes_concluidas`
--

CREATE TABLE `solicitacoes_concluidas` (
  `id_solicitacao` int(11) NOT NULL default '0',
  `data_conclusao` varchar(20) default NULL,
  PRIMARY KEY  (`id_solicitacao`)
) ENGINE=MyISAM DEFAULT CHARSET=latin1;

--
-- Dumping data for table `solicitacoes_concluidas`
--

INSERT INTO `solicitacoes_concluidas` VALUES (71,'05/05/2014 11:11'),(80,'09/05/2014 14:59'),(39,'10/04/2014 10:58'),(40,'10/04/2014 11:13'),(41,'17/04/2014 08:56'),(92,'13/05/2014 10:43'),(53,'30/04/2014 13:38'),(70,'05/05/2014 09:06'),(52,'05/05/2014 09:12'),(59,'05/05/2014 09:29'),(44,'14/05/2014 08:47'),(46,'14/05/2014 08:48'),(45,'14/05/2014 08:48'),(100,'28/11/2014 13:41'),(101,'19/05/2014 16:02'),(108,'20/10/2014 08:41'),(111,'19/05/2014 16:03'),(115,'19/05/2014 16:03'),(64,'22/05/2014 15:14'),(83,'26/05/2014 13:48'),(119,'28/05/2014 13:34'),(465,'21/06/2016 08:15'),(125,'06/06/2014 15:44'),(127,'10/06/2014 11:00'),(128,'11/06/2014 15:04'),(117,'11/06/2014 15:11'),(124,'25/06/2014 08:57'),(120,'27/06/2014 15:49'),(122,'27/06/2014 15:49'),(132,'18/07/2014 14:42'),(134,'21/07/2014 14:22'),(130,'22/07/2014 15:42'),(109,'24/07/2014 15:31'),(131,'31/07/2014 08:52'),(142,'05/08/2014 08:35'),(146,'05/08/2014 15:00'),(126,'06/08/2014 15:57'),(149,'06/08/2014 16:00'),(144,'12/08/2014 09:25'),(151,'13/08/2014 14:00'),(152,'14/08/2014 14:42'),(148,'18/08/2014 10:11'),(153,'20/08/2014 15:18'),(286,'06/04/2015 09:39'),(160,'22/08/2014 16:09'),(161,'26/08/2014 16:20'),(173,'26/08/2014 16:22'),(150,'05/11/2014 14:13'),(168,'26/08/2014 16:24'),(171,'08/12/2014 23:17'),(157,'05/11/2014 14:24'),(163,'26/08/2014 16:27'),(164,'26/08/2014 16:28'),(165,'26/08/2014 16:30'),(296,'09/04/2015 10:13'),(175,'20/10/2014 08:41'),(155,'20/10/2014 08:41'),(185,'14/10/2014 16:12'),(182,'20/10/2014 08:40'),(189,'05/12/2014 11:27'),(192,'10/09/2014 16:02'),(143,'16/09/2014 09:02'),(194,'20/10/2014 08:40'),(170,'29/09/2014 10:40'),(209,'15/10/2014 14:00'),(211,'15/10/2014 14:01'),(129,'16/10/2014 15:25'),(222,'20/10/2014 08:38'),(207,'20/10/2014 08:40'),(181,'20/10/2014 08:40'),(214,'30/10/2014 09:14'),(215,'30/10/2014 09:14'),(221,'30/10/2014 09:14'),(206,'30/10/2014 09:15'),(205,'30/10/2014 09:16'),(204,'30/10/2014 09:16'),(202,'30/10/2014 09:16'),(200,'30/10/2014 09:17'),(197,'30/10/2014 09:17'),(195,'30/10/2014 09:17'),(191,'30/10/2014 09:19'),(154,'30/10/2014 09:19'),(183,'05/11/2014 14:25'),(239,'06/11/2014 15:07'),(244,'06/11/2014 15:11'),(186,'25/11/2014 14:05'),(188,'25/11/2014 14:05'),(243,'25/11/2014 14:05'),(156,'05/12/2014 11:27'),(219,'05/12/2014 11:27'),(218,'17/12/2014 16:11'),(255,'17/12/2014 16:11'),(256,'17/12/2014 16:12'),(177,'03/02/2015 13:28'),(237,'03/02/2015 13:34'),(242,'03/02/2015 13:34'),(257,'03/02/2015 13:35'),(273,'26/02/2015 08:21'),(212,'24/02/2015 08:55'),(258,'24/02/2015 08:55'),(274,'26/02/2015 08:21'),(208,'05/03/2015 08:52'),(260,'11/03/2015 10:17'),(267,'11/03/2015 10:18'),(269,'11/03/2015 10:18'),(278,'23/03/2015 08:36'),(282,'23/03/2015 08:36'),(285,'23/03/2015 08:37'),(290,'14/04/2015 10:50'),(294,'14/04/2015 10:51'),(300,'14/04/2015 10:51'),(293,'15/04/2015 08:41'),(304,'27/04/2015 14:04'),(309,'27/04/2015 14:05'),(289,'29/04/2015 13:46'),(281,'29/04/2015 13:48'),(288,'14/05/2015 08:25'),(297,'18/05/2015 13:45'),(287,'20/05/2015 10:14'),(313,'29/05/2015 14:16'),(320,'29/05/2015 14:36'),(310,'09/06/2015 13:19'),(336,'23/06/2015 15:30'),(341,'26/06/2015 09:15'),(279,'07/07/2015 10:24'),(311,'07/07/2015 10:24'),(314,'07/07/2015 10:24'),(321,'07/07/2015 10:25'),(322,'07/07/2015 10:25'),(339,'07/07/2015 10:25'),(340,'07/07/2015 10:25'),(298,'13/07/2015 08:13'),(312,'13/07/2015 08:13'),(315,'13/07/2015 08:13'),(350,'16/07/2015 13:58'),(351,'16/07/2015 13:58'),(332,'23/07/2015 13:47'),(305,'24/07/2015 14:57'),(359,'29/07/2015 10:19'),(327,'10/08/2015 08:25'),(353,'10/08/2015 08:25'),(357,'10/08/2015 08:25'),(358,'10/08/2015 08:25'),(360,'10/08/2015 10:21'),(330,'12/08/2015 14:44'),(356,'17/08/2015 13:04'),(338,'17/08/2015 13:22'),(376,'25/08/2015 13:29'),(373,'01/09/2015 07:39'),(387,'02/09/2015 07:24'),(352,'15/09/2015 12:54'),(342,'06/10/2015 07:34'),(386,'06/10/2015 15:35'),(396,'06/10/2015 15:35'),(397,'06/10/2015 15:35'),(398,'06/10/2015 15:35'),(404,'14/10/2015 19:54'),(400,'14/10/2015 19:56'),(395,'14/10/2015 19:57'),(375,'14/10/2015 19:57'),(402,'20/10/2015 09:36'),(410,'06/11/2015 14:11'),(411,'06/11/2015 14:11'),(420,'12/11/2015 17:21'),(419,'12/11/2015 17:21'),(418,'12/11/2015 17:22'),(413,'12/11/2015 17:22'),(412,'12/11/2015 17:22'),(408,'23/11/2015 09:46'),(403,'23/11/2015 09:46'),(389,'23/11/2015 09:46'),(388,'23/11/2015 09:46'),(429,'27/11/2015 08:24'),(435,'27/11/2015 08:24'),(422,'27/11/2015 12:34'),(430,'27/11/2015 12:35'),(417,'07/12/2015 12:40'),(425,'07/12/2015 12:40'),(437,'07/12/2015 12:40'),(438,'07/12/2015 12:40'),(441,'10/12/2015 09:52'),(442,'10/12/2015 09:52'),(416,'11/12/2015 13:35'),(439,'22/12/2015 07:59'),(428,'16/02/2016 12:32'),(444,'03/03/2016 07:28'),(449,'03/03/2016 07:28'),(457,'03/03/2016 07:28'),(447,'04/03/2016 14:22'),(458,'04/03/2016 14:22'),(446,'17/03/2016 12:59'),(451,'17/03/2016 13:00'),(452,'17/03/2016 13:00'),(463,'28/03/2016 12:22'),(464,'28/03/2016 12:22'),(470,'28/03/2016 12:22'),(448,'05/04/2016 09:22'),(469,'11/04/2016 07:54'),(475,'11/04/2016 07:54'),(456,'18/04/2016 13:39'),(476,'18/04/2016 13:39'),(474,'18/04/2016 15:23'),(434,'09/05/2016 13:40'),(477,'09/05/2016 13:41'),(483,'09/05/2016 13:41'),(501,'18/05/2016 09:26'),(503,'18/05/2016 09:26'),(478,'30/05/2016 13:53'),(494,'30/05/2016 13:53'),(495,'30/05/2016 13:53'),(502,'30/05/2016 13:53'),(505,'30/05/2016 13:53'),(509,'30/05/2016 13:54'),(510,'30/05/2016 13:54'),(500,'21/06/2016 08:16'),(361,'08/07/2016 07:47'),(515,'08/07/2016 07:48'),(516,'08/07/2016 07:48'),(525,'08/07/2016 07:49'),(526,'08/07/2016 07:49'),(481,'25/07/2016 08:43'),(482,'25/07/2016 08:44'),(520,'25/07/2016 08:44'),(530,'11/08/2016 09:10'),(533,'19/08/2016 07:46'),(519,'19/08/2016 07:46'),(466,'19/08/2016 07:46'),(455,'19/08/2016 07:47'),(325,'23/08/2016 09:21'),(393,'23/08/2016 09:21'),(539,'23/08/2016 09:21'),(543,'05/09/2016 13:12'),(540,'05/09/2016 14:14'),(541,'05/09/2016 14:14'),(542,'05/09/2016 14:14'),(544,'23/11/2016 13:30'),(445,'07/12/2016 12:33'),(489,'07/12/2016 13:16'),(527,'31/03/2017 07:13'),(551,'31/03/2017 07:13'),(555,'13/04/2017 08:46');

--
-- Table structure for table `solicitacoes_em_espera`
--

CREATE TABLE `solicitacoes_em_espera` (
  `id` int(11) NOT NULL auto_increment,
  `id_solicitacao` int(11) default NULL,
  `responsavel` int(11) default NULL,
  `chegou` varchar(30) default NULL,
  PRIMARY KEY  (`id`)
) ENGINE=MyISAM AUTO_INCREMENT=1517 DEFAULT CHARSET=latin1;

--
-- Dumping data for table `solicitacoes_em_espera`
--

INSERT INTO `solicitacoes_em_espera` VALUES (383,178,152,'08/12/2014 08:38'),(1467,563,82,'06/12/2016 14:41'),(800,319,142,'15/05/2015 15:30'),(577,245,105,'14/11/2014 08:56'),(745,301,101,'09/04/2015 14:28'),(254,138,0,'23/07/2014 10:44'),(1351,517,37,'21/09/2016 10:15'),(513,220,105,'05/11/2014 15:30'),(812,316,71,'29/06/2015 08:57'),(1399,461,191,'04/08/2016 07:48'),(593,248,142,'25/11/2014 08:34'),(770,307,45,'15/04/2015 13:23'),(475,216,61,'14/10/2014 09:08'),(1456,559,168,'30/09/2016 22:16'),(1417,529,52,'14/12/2016 08:19'),(657,272,142,'20/01/2015 12:57'),(655,270,142,'14/01/2015 11:54'),(255,139,0,'23/07/2014 10:44'),(939,362,126,'23/11/2015 12:49'),(1468,564,100,'14/12/2016 08:21'),(999,399,189,'16/09/2015 15:46'),(987,390,81,'01/09/2015 20:02'),(794,302,71,'29/06/2015 08:54'),(910,354,170,'07/08/2015 14:59'),(430,203,0,'15/09/2014 21:44'),(409,187,17,'09/09/2014 09:12'),(253,137,0,'23/07/2014 10:43'),(435,201,154,'08/10/2014 08:51'),(1426,546,46,'12/08/2016 18:04'),(1454,557,100,'17/04/2017 14:56'),(1050,284,120,'20/10/2015 09:33'),(455,210,157,'01/10/2014 16:23'),(617,250,103,'06/03/2015 15:22'),(1476,569,99,'07/12/2016 13:43'),(636,261,143,'10/12/2014 13:49'),(480,217,86,'05/11/2014 15:31'),(1427,547,46,'12/08/2016 18:05'),(709,283,43,'01/04/2015 16:04'),(941,366,142,'23/11/2015 12:49'),(963,369,173,'14/08/2015 07:24'),(550,225,116,'05/11/2014 15:41'),(1026,405,126,'16/11/2015 08:37'),(552,226,73,'10/11/2014 15:07'),(1108,421,176,'19/11/2015 08:12'),(1396,536,146,'23/08/2016 09:54'),(957,367,101,'11/08/2015 15:08'),(1457,560,100,'17/04/2017 14:56'),(1043,407,164,'16/10/2015 14:13'),(1098,409,56,'17/11/2015 08:48'),(1463,561,100,'07/12/2016 12:26'),(965,363,86,'21/09/2015 13:49'),(966,374,57,'18/08/2015 14:19'),(1461,556,99,'23/11/2016 13:30'),(1510,570,100,'13/04/2017 08:31'),(1400,459,190,'28/07/2016 15:15'),(1080,424,193,'05/11/2015 14:23'),(1192,450,185,'05/04/2016 09:22'),(1124,433,116,'30/11/2015 09:50'),(1258,480,193,'13/04/2016 15:17'),(1159,440,109,'11/01/2016 12:48'),(1445,553,100,'07/12/2016 12:25'),(1442,549,187,'23/08/2016 12:48'),(1347,514,100,'07/06/2016 12:47'),(1314,506,71,'18/05/2016 09:24'),(1323,511,197,'18/05/2016 09:23'),(1458,545,171,'14/12/2016 08:33'),(1346,513,46,'11/07/2016 14:50'),(1451,554,46,'16/09/2016 18:21'),(1464,562,100,'07/12/2016 12:28'),(1455,558,168,'30/09/2016 22:09'),(1511,571,100,'13/04/2017 08:32'),(1512,572,100,'12/04/2017 14:21'),(1513,573,100,'12/04/2017 14:21'),(1514,574,100,'12/04/2017 14:22'),(1515,575,100,'17/04/2017 14:56'),(1516,576,47,'18/04/2017 21:34');

--
-- Table structure for table `solicitacoes_recusadas`
--

CREATE TABLE `solicitacoes_recusadas` (
  `id` int(11) NOT NULL auto_increment,
  `id_solicitacao` int(11) NOT NULL default '0',
  `quem` int(11) default NULL,
  `data` varchar(20) default NULL,
  `porque` text,
  PRIMARY KEY  (`id`)
) ENGINE=MyISAM AUTO_INCREMENT=76 DEFAULT CHARSET=latin1;

--
-- Dumping data for table `solicitacoes_recusadas`
--

INSERT INTO `solicitacoes_recusadas` VALUES (13,112,82,'15/05/2014 17:50','O professor FABIO ANDRE HAHN não é professor do Colegiado de geografia do qual sou coordenadora. Embora eu seja favorável a sua atividade de campo e solicitação de diária, não cabe a mim aprová-la ou não. Sugiro que o professor Fabio encaminhe a atividade ao colegiado responsável.'),(12,114,100,'14/05/2014 15:23','Pedido Duplicado, já autorizado em outro pedido.'),(9,54,37,'16/04/2014 14:25',''),(10,51,82,'22/04/2014 11:01','O professor enviou dois pedidos de diária para o mesmo local e mesma data. Já aprovei um dos pedidos.'),(11,58,82,'24/04/2014 22:33','Duas solicitações de diárias para os mesmos locais e nos mesmos dias.'),(14,129,34,'20/06/2014 19:44','Adequar o horário de retorno.'),(15,57,100,'04/08/2014 08:59','A pedido da requerente.. pagamento efetuado pela reitoria'),(16,176,75,'27/08/2014 13:12',''),(17,181,82,'28/08/2014 09:27','Solicitação em duplicidade.'),(18,193,34,'08/09/2014 21:15','teste.'),(19,196,34,'12/09/2014 08:59','horário do retorno preenchido incorretamente.'),(20,222,75,'16/10/2014 15:08','Caro Professor José Antonio, é necessário anexar à solicitação plano de ensino ou documentação sobre o objeto de solicitação.\r\n\r\nAntecipo agradecimento e compreensão.'),(21,262,142,'09/12/2014 22:00',''),(22,253,142,'09/12/2014 22:00',''),(23,264,37,'10/12/2014 15:20','A pedido do Professor Adalberto Dias de Souza, conf. email.\r\nCelso, boa tarde;\r\nAprovei indevidamente os pedidos de diárias das professoras abaixo:\r\nNº 262 - Janete L. Lopes\r\nNº 264 - Tatiana D. Rosa\r\nSolicito a gentileza de indeferir no financeiro, pois não consegui fazer por aqui.\r\nMotivo: as professoras solicitantes não participarão do evento para o qual solicitam diária.\r\nJá comuniquei a coordenadora Prof. Luciana Bastos.'),(24,265,37,'17/12/2014 10:21',''),(25,299,75,'08/04/2015 14:49','Anexar aceite de trabalho referente ao evento científico.'),(26,291,37,'15/04/2015 09:45','reunião cancelada confirmação com a solicitante dia 15/04/2015 as 10:17 por telefone'),(27,323,75,'18/05/2015 07:35','Bom dia Professora Veridiana.\r\nGentileza anexar aceite.\r\nAtt.'),(28,328,75,'01/06/2015 08:25','Bom dia Prof. Áurea.\r\nGentileza:\r\n1- Verificar junto ao Edital 006/20014 PRPPG - com o qual poderá efetuar a Compra de Passagens;\r\n2- Encaminhar solicitação de Diária a este Campus;\r\n3- Anexar documento de \"aceite\", \"resumo\" de trabalho a ser apresentado no evento.\r\nCerto de Compreensão. \r\nAtt.'),(29,329,75,'01/06/2015 08:26','Bom dia Prof. Áurea.\r\nGentileza:\r\n1- Verificar junto ao Edital 006/20014 PRPPG - com o qual poderá efetuar a Compra de Passagens;\r\n2- Encaminhar solicitação de Diária a este Campus;\r\n3- Anexar documento de \"aceite\", \"resumo\" de trabalho a ser apresentado no evento.\r\nCerto de Compreensão. \r\nAtt.'),(30,331,75,'01/06/2015 08:28','Bom dia Professora Aline.\r\nConsiderando sua solicitação, informo que não há provisão de recursos referente ao TIDE.'),(31,333,75,'01/06/2015 08:30','Bom dia Professora Mônica.\r\nGentileza encaminhar solicitação de passagem em conformidade com Edital 006/2014 PRPPG e solicitação de Diária ao Campus.'),(32,337,75,'01/06/2015 08:33','Bom dia Professora Elaise.\r\nGentileza encaminhar solicitação de passagens, conforme Edital 006/2014 PRPPG e solicitação de Diária ao Campus de Campo Mourão.'),(33,346,75,'24/06/2015 13:22','Boa tarde Professora Cláudia.\r\nNão encontrei em anexo carta de aceite.\r\nAtt'),(34,347,75,'24/06/2015 13:23','Boa tarde Professor João H. Lorin.\r\nGentileza anexar aceite, referente a apresentação de trabalho.\r\nAtt.'),(35,349,75,'30/06/2015 09:59','Anexar aceite de trabalho/resumo.\r\nAtt.'),(36,368,93,'09/08/2015 22:00','Solicitação cancelada e substituída pela de número 369.'),(37,391,75,'21/09/2015 08:48','Bom dia Prof. Luciano.\r\n1.O Documento em PDF não abre, gentileza anexar novamente.\r\n2. Tenho uma dúvida - O Evento ocorreu no dia 1 e você solicitou diária no dia 3, é isso mesmo?\r\nAguardo.\r\nAtt.'),(38,401,75,'25/09/2015 14:44','NÃO HÁ PLANO EM ANEXO. GENTILEZA ANEXAR E REENCAMINHAR.\r\nATT.'),(39,371,100,'20/10/2015 09:33',''),(40,414,75,'21/10/2015 13:33','O Encaminhamento para hospedagem - palestrante se faz via protocolo. Auxilio alimentação, solicitar requisição no setor de Compras. \r\nAtt.'),(41,415,75,'21/10/2015 13:34','A carta de aceite não esta anexada.\r\nAtt'),(42,426,75,'11/11/2015 07:29','Bom dia Prof. Jeferson, gentileza anexar plano de ensino ou outro documento pertinente a solicitação.Certo de compreensão. Att.'),(43,427,75,'11/11/2015 07:30','Bom dia Prof. José Antonio, gentileza anexar plano de ensino ou outro documento pertinente a solicitação.Certo de compreensão. Att.'),(44,431,75,'18/11/2015 08:27','Bom dia Professora Ana Paula.\r\nGentileza anexar programa da disciplina ou outro documento.\r\nCerto de Compreensão.\r\nAtt.'),(45,432,75,'18/11/2015 08:28','Bom dia Professora Valéria.\r\nGentileza anexar programa da disciplina ou outro documento.\r\nCerto de Compreensão.\r\nAtt.'),(46,436,75,'23/11/2015 13:27','Boa tarde Professora Veridiana.\r\nGentileza anexar documento de aceite do evento em que irá participar.\r\nCerto de Compreensão.\r\nAtt.'),(49,467,75,'16/03/2016 07:05','Gentileza anexar documento de aceite de participação no evento. \r\nCerto de Compreensão.\r\nAtt.'),(48,454,75,'18/02/2016 08:27','Bom dia Professora Áurea.\r\nGentileza anexar Plano de Ensino.\r\nRelação de acadêmicos já foi anexado pela Professora Nair.\r\nAtt.'),(50,472,75,'16/03/2016 07:07','Gentileza anexar documento de aceite referente a participação no evento.\r\nCerto de Compreensão.\r\nAtt.'),(51,473,75,'16/03/2016 07:08','Gentileza anexar documento de aceite referente a participação no evento.\r\nCerto de compreensão.\r\nAtt.\r\n'),(52,471,100,'18/03/2016 07:54','Verificar se não será pago via Pró Reitoria, uma vez que é uma ação organizada por ela,  caso seja pelo Campus favor solicitar novamente.\r\nVerificar as orientações encaminhadas pela Pró Reitoria.'),(53,485,75,'27/04/2016 12:57','Boa Tarde Professora Talita.\r\nGentileza anexar a convocação - comissão TIDE.\r\nAtt.'),(54,487,75,'03/05/2016 14:26','Gentileza anexar Plano de Ensino.\r\nAtt.'),(55,493,82,'05/05/2016 12:36',''),(56,497,82,'05/05/2016 12:37',''),(57,496,82,'05/05/2016 12:38','Não consta carta de aceite e nem o artigo do evento.'),(58,498,82,'06/05/2016 13:02','Anexar plano de ensino da disciplina.'),(59,499,75,'09/05/2016 13:23','Boa tarde Professora Talita.\r\nGentileza anexar convocação ou e-mail referente à Convocação.\r\nCerto de Entendimento.\r\nAtt.'),(60,504,75,'09/05/2016 13:26','Boa Tarde Prof. Mauro, gentileza anexar Ofício do Ministério Público, referente à solicitação. Certo de Compreensão.\r\nAtt.'),(61,488,100,'09/05/2016 13:42','Evento foi remarcado para Campo Mourão '),(62,490,100,'09/05/2016 13:42','Evento foi remarcado para Campo Mourão '),(63,507,75,'12/05/2016 07:08',''),(64,508,75,'12/05/2016 07:08',''),(65,521,75,'20/06/2016 07:39','Bom dia Professora Mariana.\r\n\r\nGentileza anexar documento comprobatório - referente a solicitação.\r\nAtt.'),(66,528,37,'23/06/2016 13:33','O USUÁRIO SIMONE VASSALLO MONTEIRO SOLICITOU O CANCELAMENTO DE UMA SOLICITAÇÃO. \r\nMOTIVO:\r\nNÃO FOI PARA APRESENTAR TRABALHO NO EVENTO E SIM AULA DE CAMPO, POIS SE TRATOU DE UMA VIAGEM TÉCNICA, ONDE FORAM REALIZADOS ACOMPANHAMENTO E AULA DE CAMPO PARA OS ALUNOS. PORTANTO, NÃO POSSUO CARTA ACEITE E NEM ARTIGO PARA ENVIAR, DOCUMENTOS ESTES SOLICITADOS.\r\n\r\nReferência da Solicitação: 528\r\nData/Hora: 20/06/2016 09:33\r\nSolicitante: (198) - Simone Vassallo Monteiro'),(67,532,75,'08/07/2016 06:59','Bom dia Prezada Professora Aline.\r\n\r\nGentiliza anexar documento de  participação no evento.\r\nAtt.'),(68,479,37,'25/07/2016 09:02','Conforme orientação do Sr. diretor de Campus'),(69,518,82,'21/08/2016 16:52','Falta anexar Plano de Ensino.'),(70,522,37,'12/09/2016 14:42','desistência do Solicitante'),(71,531,37,'12/09/2016 14:44','Falta de Recursos orçamentários e financeiros para a finalidade - Eventos. Conforme orientação do Sr. diretor de Campus'),(72,537,37,'12/09/2016 14:44','Falta de Recursos orçamentários e financeiros para a finalidade - Eventos. Conforme orientação do Sr. diretor de Campus'),(73,552,37,'12/09/2016 14:45','Falta de Recursos orçamentários e financeiros para a finalidade - Eventos. Conforme orientação do Sr. diretor de Campus'),(74,568,37,'07/12/2016 13:33','destino incorreto'),(75,524,37,'12/04/2017 14:20','');

--
-- Table structure for table `tempo_espera`
--

CREATE TABLE `tempo_espera` (
  `id_tempo` int(11) NOT NULL auto_increment,
  `id_solicitacao` int(11) default NULL,
  `responsavel` int(11) default NULL,
  `chegou` varchar(40) default NULL,
  `saiu` varchar(40) default NULL,
  `andamento` varchar(255) default NULL,
  PRIMARY KEY  (`id_tempo`)
) ENGINE=MyISAM AUTO_INCREMENT=2565 DEFAULT CHARSET=latin1;

--
-- Dumping data for table `tempo_espera`
--

INSERT INTO `tempo_espera` VALUES (235,108,189,'13/05/2014 15:51','13/05/2014 18:12',NULL),(269,109,100,'15/05/2014 15:13','24/05/2014 18:25',NULL),(219,92,40,'07/05/2014 20:06','13/05/2014 10:43',NULL),(209,83,118,'06/05/2014 19:09','14/05/2014 15:28',NULL),(119,44,99,'16/04/2014 10:12','16/04/2014 10:49',NULL),(97,41,24,'08/04/2014 16:57','09/04/2014 09:53',NULL),(667,208,118,'22/09/2014 07:48','30/09/2014 08:36',NULL),(665,208,75,'19/09/2014 17:45','22/09/2014 07:48',NULL),(136,53,100,'22/04/2014 13:32','22/04/2014 13:34',NULL),(666,209,82,'19/09/2014 22:22','25/09/2014 09:11',NULL),(197,92,24,'05/05/2014 18:47','06/05/2014 15:15',NULL),(109,41,37,'15/04/2014 09:22','15/04/2014 11:12',NULL),(268,109,37,'15/05/2014 14:43','15/05/2014 15:13',NULL),(112,44,37,'15/04/2014 15:51','16/04/2014 08:55',NULL),(116,44,100,'16/04/2014 08:55','16/04/2014 10:12',NULL),(2311,526,192,'16/06/2016 13:12','17/06/2016 09:38','3'),(207,92,118,'06/05/2014 15:15','08/05/2014 09:28',NULL),(213,92,100,'07/05/2014 10:00','07/05/2014 20:06',NULL),(218,92,118,'07/05/2014 20:06','08/05/2014 09:28',NULL),(210,92,37,'07/05/2014 09:01','07/05/2014 10:00',NULL),(140,57,189,'22/04/2014 16:41','22/04/2014 18:42',NULL),(138,52,40,'22/04/2014 13:34','05/05/2014 09:12',NULL),(111,41,100,'15/04/2014 11:12','16/04/2014 10:11',NULL),(139,53,40,'22/04/2014 13:34','30/04/2014 13:38',NULL),(137,52,100,'22/04/2014 13:32','22/04/2014 13:34',NULL),(118,41,40,'16/04/2014 10:11','17/04/2014 08:56',NULL),(117,41,118,'16/04/2014 10:11','16/04/2014 10:20',NULL),(108,46,40,'15/04/2014 09:18','14/05/2014 08:48',NULL),(240,111,82,'14/05/2014 08:50','14/05/2014 20:14',NULL),(107,46,99,'15/04/2014 09:18','15/04/2014 13:54',NULL),(100,41,118,'09/04/2014 09:53','16/04/2014 10:20',NULL),(106,45,40,'15/04/2014 09:18','14/05/2014 08:48',NULL),(101,44,41,'10/04/2014 11:34','15/04/2014 15:51',NULL),(102,45,41,'14/04/2014 16:24','14/04/2014 16:34',NULL),(103,46,100,'14/04/2014 16:33','15/04/2014 09:18',NULL),(104,45,37,'14/04/2014 16:34','15/04/2014 08:19',NULL),(105,45,100,'15/04/2014 08:19','15/04/2014 09:18',NULL),(229,101,37,'13/05/2014 15:25','13/05/2014 16:29',NULL),(224,100,40,'09/05/2014 14:22','16/05/2014 16:13',NULL),(222,100,100,'09/05/2014 10:43','09/05/2014 14:22',NULL),(133,52,37,'22/04/2014 10:55','22/04/2014 13:32',NULL),(225,101,189,'13/05/2014 07:01','13/05/2014 07:02',NULL),(226,101,118,'13/05/2014 07:02','14/05/2014 15:28',NULL),(132,53,37,'22/04/2014 10:54','22/04/2014 13:32',NULL),(223,100,99,'09/05/2014 14:22','09/05/2014 14:59',NULL),(124,54,37,'16/04/2014 13:48','16/04/2014 14:25',NULL),(120,44,40,'16/04/2014 10:12','14/05/2014 08:47',NULL),(121,51,82,'16/04/2014 10:45','22/04/2014 11:01',NULL),(122,52,82,'16/04/2014 10:46','22/04/2014 10:55',NULL),(123,53,82,'16/04/2014 10:51','22/04/2014 10:54',NULL),(221,100,37,'09/05/2014 09:20','09/05/2014 10:43',NULL),(220,100,41,'09/05/2014 09:15','09/05/2014 09:20',NULL),(89,39,82,'02/04/2014 10:48','03/04/2014 14:12',NULL),(90,40,82,'02/04/2014 11:20','03/04/2014 14:14',NULL),(91,39,37,'03/04/2014 14:12','03/04/2014 16:36',NULL),(92,40,37,'03/04/2014 14:14','03/04/2014 16:36',NULL),(93,39,100,'03/04/2014 16:36','04/04/2014 08:43',NULL),(94,40,100,'03/04/2014 16:36','04/04/2014 08:43',NULL),(95,39,36,'04/04/2014 08:43','10/04/2014 10:58',NULL),(96,40,36,'04/04/2014 08:43','10/04/2014 11:13',NULL),(189,80,40,'05/05/2014 13:48','06/05/2014 16:00',NULL),(188,80,99,'05/05/2014 13:48','09/05/2014 14:59',NULL),(141,57,118,'22/04/2014 18:42','23/04/2014 08:31',NULL),(142,57,37,'23/04/2014 08:31','23/04/2014 08:50',NULL),(143,57,100,'23/04/2014 08:50','04/08/2014 08:59',NULL),(144,58,82,'23/04/2014 11:14','24/04/2014 22:33',NULL),(145,59,82,'23/04/2014 11:15','24/04/2014 22:33',NULL),(237,108,37,'13/05/2014 18:12','14/05/2014 08:50',NULL),(238,109,66,'13/05/2014 20:57','14/05/2014 09:15',NULL),(150,64,24,'24/04/2014 13:57','05/05/2014 11:35',NULL),(151,59,37,'24/04/2014 22:33','25/04/2014 08:52',NULL),(152,59,100,'25/04/2014 08:52','28/04/2014 09:19',NULL),(165,70,37,'30/04/2014 11:13','30/04/2014 11:21',NULL),(236,101,100,'13/05/2014 16:29','14/05/2014 15:20',NULL),(159,59,40,'28/04/2014 09:19','05/05/2014 09:29',NULL),(241,108,100,'14/05/2014 08:50','14/05/2014 15:20',NULL),(162,70,82,'25/04/2014 09:38','30/04/2014 11:13',NULL),(163,71,82,'30/04/2014 10:37','30/04/2014 12:00',NULL),(166,70,100,'30/04/2014 11:21','30/04/2014 13:43',NULL),(167,71,118,'30/04/2014 12:00','07/05/2014 09:05',NULL),(187,64,118,'05/05/2014 11:35','14/05/2014 15:29',NULL),(169,70,40,'30/04/2014 13:43','05/05/2014 09:06',NULL),(178,80,24,'30/04/2014 16:52','05/05/2014 10:49',NULL),(173,71,37,'30/04/2014 14:01','07/05/2014 09:59',NULL),(175,71,100,'30/04/2014 14:09','06/05/2014 11:12',NULL),(181,83,193,'05/05/2014 09:31','06/05/2014 19:09',NULL),(183,71,118,'05/05/2014 10:30','07/05/2014 09:05',NULL),(184,71,40,'05/05/2014 10:30','05/05/2014 11:11',NULL),(185,80,37,'05/05/2014 10:49','05/05/2014 11:17',NULL),(186,80,100,'05/05/2014 11:17','05/05/2014 13:48',NULL),(242,112,82,'14/05/2014 08:58','15/05/2014 17:50',NULL),(244,109,118,'14/05/2014 09:15','26/05/2014 08:24',NULL),(245,64,37,'14/05/2014 09:47','14/05/2014 11:23',NULL),(246,83,37,'14/05/2014 09:54','14/05/2014 11:24',NULL),(247,64,100,'14/05/2014 11:23','14/05/2014 15:21',NULL),(248,83,100,'14/05/2014 11:24','14/05/2014 15:22',NULL),(249,114,189,'14/05/2014 12:41','14/05/2014 13:21',NULL),(250,114,37,'14/05/2014 13:21','14/05/2014 13:48',NULL),(251,115,82,'14/05/2014 13:38','14/05/2014 20:14',NULL),(252,114,100,'14/05/2014 13:48','14/05/2014 15:23',NULL),(253,101,118,'14/05/2014 15:20','14/05/2014 15:28',NULL),(254,101,40,'14/05/2014 15:20','19/05/2014 16:02',NULL),(255,108,40,'14/05/2014 15:20','19/05/2014 16:02',NULL),(256,64,118,'14/05/2014 15:21','14/05/2014 15:29',NULL),(257,64,40,'14/05/2014 15:21','22/05/2014 15:14',NULL),(258,83,118,'14/05/2014 15:22','14/05/2014 15:28',NULL),(259,83,40,'14/05/2014 15:22','26/05/2014 13:48',NULL),(260,115,37,'14/05/2014 20:14','15/05/2014 08:43',NULL),(261,111,37,'14/05/2014 20:14','15/05/2014 08:42',NULL),(262,111,100,'15/05/2014 08:42','15/05/2014 13:26',NULL),(263,115,100,'15/05/2014 08:43','15/05/2014 13:26',NULL),(264,115,99,'15/05/2014 13:26','15/05/2014 14:50',NULL),(265,115,40,'15/05/2014 13:26','19/05/2014 16:03',NULL),(266,111,99,'15/05/2014 13:26','15/05/2014 14:50',NULL),(267,111,40,'15/05/2014 13:26','19/05/2014 16:03',NULL),(271,117,37,'02/06/2014 15:45','03/06/2014 09:04',NULL),(273,119,77,'22/05/2014 09:31','22/05/2014 19:19',NULL),(274,119,118,'22/05/2014 19:19','26/05/2014 14:15',NULL),(275,120,35,'23/05/2014 15:34','26/05/2014 15:22',NULL),(299,117,40,'03/06/2014 13:57','11/06/2014 15:11',NULL),(277,122,35,'23/05/2014 15:39','26/05/2014 15:22',NULL),(278,109,118,'24/05/2014 18:25','26/05/2014 08:24',NULL),(279,109,40,'24/05/2014 18:25','24/07/2014 15:31',NULL),(280,119,37,'26/05/2014 10:58','26/05/2014 13:41',NULL),(281,119,100,'26/05/2014 13:41','26/05/2014 14:13',NULL),(282,119,118,'26/05/2014 14:13','26/05/2014 14:15',NULL),(283,119,40,'26/05/2014 14:13','28/05/2014 13:34',NULL),(2310,525,37,'16/06/2016 09:28','16/06/2016 14:09','4'),(285,120,37,'26/05/2014 15:22','26/05/2014 16:09',NULL),(287,122,37,'26/05/2014 15:22','26/05/2014 16:10',NULL),(288,120,100,'26/05/2014 16:09','27/05/2014 13:13',NULL),(297,117,100,'03/06/2014 09:04','03/06/2014 13:57',NULL),(290,122,100,'26/05/2014 16:10','27/05/2014 13:12',NULL),(291,122,40,'27/05/2014 13:12','27/06/2014 15:49',NULL),(292,120,40,'27/05/2014 13:13','27/06/2014 15:49',NULL),(2309,526,92,'16/06/2016 08:58','16/06/2016 13:12','1'),(2308,525,192,'15/06/2016 13:48','16/06/2016 09:28','3'),(302,124,82,'04/06/2014 15:11','04/06/2014 21:25',NULL),(303,124,37,'04/06/2014 21:25','05/06/2014 09:00',NULL),(304,124,100,'05/06/2014 09:00','05/06/2014 21:00',NULL),(305,125,189,'05/06/2014 10:00','05/06/2014 17:01',NULL),(306,126,82,'05/06/2014 14:52','13/06/2014 17:50',NULL),(307,125,37,'05/06/2014 17:01','06/06/2014 07:58',NULL),(308,124,40,'05/06/2014 21:00','25/06/2014 08:57',NULL),(309,127,100,'05/06/2014 21:03','05/06/2014 21:03',NULL),(310,127,99,'05/06/2014 21:03','10/06/2014 11:00',NULL),(311,127,40,'05/06/2014 21:03','06/06/2014 15:41',NULL),(312,125,100,'06/06/2014 07:58','06/06/2014 10:54',NULL),(313,125,40,'06/06/2014 10:54','06/06/2014 15:44',NULL),(314,128,42,'09/06/2014 23:21','09/06/2014 23:31',NULL),(315,128,37,'09/06/2014 23:31','10/06/2014 08:22',NULL),(316,128,100,'10/06/2014 08:22','10/06/2014 09:22',NULL),(317,128,99,'10/06/2014 09:22','10/06/2014 10:59',NULL),(318,128,40,'10/06/2014 09:22','11/06/2014 15:04',NULL),(319,126,37,'13/06/2014 17:50','16/06/2014 08:35',NULL),(320,126,100,'16/06/2014 08:35','16/06/2014 08:36',NULL),(321,126,40,'16/06/2014 08:36','06/08/2014 15:57',NULL),(322,129,34,'20/06/2014 19:42','20/06/2014 19:44',NULL),(323,130,34,'20/06/2014 19:58','20/06/2014 19:59',NULL),(324,130,118,'20/06/2014 19:59','26/06/2014 10:36',NULL),(325,130,37,'26/06/2014 08:34','26/06/2014 08:50',NULL),(326,130,100,'26/06/2014 08:50','26/06/2014 10:28',NULL),(327,130,118,'26/06/2014 10:28','26/06/2014 10:36',NULL),(328,130,40,'26/06/2014 10:28','22/07/2014 15:42',NULL),(329,131,100,'09/07/2014 16:07','31/07/2014 01:23',NULL),(330,131,118,'09/07/2014 16:45','31/07/2014 08:52',NULL),(331,131,40,'09/07/2014 16:45','31/07/2014 08:50',NULL),(332,132,100,'10/07/2014 09:52','14/07/2014 14:33',NULL),(333,132,118,'10/07/2014 09:54','14/07/2014 15:03',NULL),(334,132,99,'10/07/2014 09:54','18/07/2014 14:42',NULL),(335,132,40,'10/07/2014 09:54','16/07/2014 09:38',NULL),(711,191,42,'03/10/2014 15:29','27/10/2014 10:44',NULL),(338,132,37,'14/07/2014 14:06','14/07/2014 14:07',NULL),(339,132,100,'14/07/2014 14:07','14/07/2014 14:33',NULL),(340,132,118,'14/07/2014 14:33','14/07/2014 15:03',NULL),(341,132,99,'14/07/2014 14:33','18/07/2014 14:42',NULL),(342,132,40,'14/07/2014 14:33','16/07/2014 09:38',NULL),(343,134,92,'15/07/2014 10:02','15/07/2014 10:06',NULL),(344,134,37,'15/07/2014 10:06','15/07/2014 10:53',NULL),(345,134,100,'15/07/2014 10:53','15/07/2014 14:04',NULL),(346,134,99,'15/07/2014 14:04','18/07/2014 14:42',NULL),(347,134,40,'15/07/2014 14:04','21/07/2014 14:22',NULL),(348,131,37,'22/07/2014 11:18','22/07/2014 11:24',NULL),(710,216,35,'03/10/2014 10:29','05/10/2014 21:12',NULL),(350,131,100,'22/07/2014 11:24','31/07/2014 01:23',NULL),(709,215,100,'02/10/2014 10:18','09/10/2014 15:41',NULL),(352,137,0,'23/07/2014 10:43',NULL,NULL),(353,138,0,'23/07/2014 10:44',NULL,NULL),(354,139,0,'23/07/2014 10:44',NULL,NULL),(360,144,37,'30/07/2014 14:02','30/07/2014 16:16',NULL),(356,142,100,'25/07/2014 10:57','31/07/2014 01:24',NULL),(357,143,143,'30/07/2014 13:27','30/07/2014 15:46',NULL),(358,144,82,'29/07/2014 13:24','29/07/2014 19:43',NULL),(359,144,75,'29/07/2014 19:43','30/07/2014 14:02',NULL),(362,143,75,'30/07/2014 15:46','30/07/2014 16:11',NULL),(379,148,75,'02/08/2014 23:41','04/08/2014 07:54',NULL),(364,143,37,'30/07/2014 16:11','30/07/2014 16:16',NULL),(365,143,100,'30/07/2014 16:16','31/07/2014 01:25',NULL),(366,144,100,'30/07/2014 16:16','31/07/2014 01:25',NULL),(367,131,118,'31/07/2014 01:23','31/07/2014 08:52',NULL),(368,131,40,'31/07/2014 01:23','31/07/2014 08:50',NULL),(708,215,37,'02/10/2014 10:04','02/10/2014 10:18',NULL),(707,214,75,'01/10/2014 16:39','08/10/2014 08:42',NULL),(706,210,157,'01/10/2014 16:23',NULL,NULL),(371,142,99,'31/07/2014 01:24','31/07/2014 09:47',NULL),(372,142,40,'31/07/2014 01:24','05/08/2014 08:35',NULL),(373,143,40,'31/07/2014 01:25','16/09/2014 09:02',NULL),(374,144,40,'31/07/2014 01:25','12/08/2014 09:25',NULL),(375,146,142,'31/07/2014 13:42','31/07/2014 16:35',NULL),(378,148,35,'02/08/2014 15:23','02/08/2014 23:41',NULL),(377,146,118,'31/07/2014 16:35','04/08/2014 10:46',NULL),(380,148,37,'04/08/2014 07:54','04/08/2014 08:55',NULL),(381,146,37,'04/08/2014 08:31','04/08/2014 08:54',NULL),(382,146,100,'04/08/2014 08:54','04/08/2014 08:57',NULL),(383,148,100,'04/08/2014 08:55','04/08/2014 08:58',NULL),(384,146,118,'04/08/2014 08:57','04/08/2014 10:46',NULL),(385,146,40,'04/08/2014 08:57','05/08/2014 15:01',NULL),(386,148,40,'04/08/2014 08:58','18/08/2014 10:12',NULL),(387,149,34,'04/08/2014 14:50','04/08/2014 19:04',NULL),(388,149,118,'04/08/2014 19:04','05/08/2014 14:01',NULL),(389,149,37,'05/08/2014 09:41','05/08/2014 13:36',NULL),(390,149,100,'05/08/2014 13:36','05/08/2014 13:57',NULL),(391,149,118,'05/08/2014 13:57','05/08/2014 14:01',NULL),(392,149,40,'05/08/2014 13:57','06/08/2014 16:00',NULL),(393,150,75,'11/08/2014 14:25','11/08/2014 14:49',NULL),(394,151,100,'11/08/2014 14:47','11/08/2014 14:49',NULL),(395,150,37,'11/08/2014 14:49','11/08/2014 15:13',NULL),(396,151,99,'11/08/2014 14:49','11/08/2014 15:37',NULL),(397,151,40,'11/08/2014 14:49','13/08/2014 14:00',NULL),(398,152,118,'11/08/2014 14:52','13/08/2014 14:05',NULL),(399,150,100,'11/08/2014 15:13','11/08/2014 15:14',NULL),(400,150,40,'11/08/2014 15:14','26/08/2014 16:23',NULL),(401,152,37,'11/08/2014 16:41','12/08/2014 08:48',NULL),(402,152,100,'12/08/2014 08:48','13/08/2014 14:01',NULL),(403,152,118,'13/08/2014 14:01','13/08/2014 14:05',NULL),(404,152,40,'13/08/2014 14:01','14/08/2014 14:42',NULL),(405,153,100,'16/08/2014 16:38','16/08/2014 16:39',NULL),(406,153,99,'16/08/2014 16:39','18/08/2014 14:03',NULL),(407,153,40,'16/08/2014 16:39','20/08/2014 15:18',NULL),(408,154,189,'17/08/2014 17:35','17/08/2014 20:35',NULL),(409,154,75,'17/08/2014 20:35','18/08/2014 07:58',NULL),(410,154,118,'18/08/2014 07:58','28/08/2014 08:38',NULL),(411,155,82,'18/08/2014 15:38','18/08/2014 16:36',NULL),(412,155,75,'18/08/2014 16:36','19/08/2014 07:51',NULL),(413,156,147,'22/08/2014 10:49','25/08/2014 14:06',NULL),(414,157,37,'19/08/2014 03:35','19/08/2014 08:37',NULL),(419,157,40,'19/08/2014 09:21','26/08/2014 16:25',NULL),(416,155,37,'19/08/2014 07:51','19/08/2014 08:37',NULL),(417,155,100,'19/08/2014 08:37','22/08/2014 04:36',NULL),(418,157,100,'19/08/2014 08:37','19/08/2014 09:21',NULL),(1146,294,118,'02/04/2015 09:58','02/04/2015 10:02','6'),(421,160,24,'21/08/2014 08:51','21/08/2014 11:36',NULL),(1145,294,100,'02/04/2015 09:41','02/04/2015 09:58','5'),(423,160,37,'21/08/2014 11:36','21/08/2014 13:58',NULL),(425,160,100,'21/08/2014 13:58','22/08/2014 04:36',NULL),(426,161,35,'21/08/2014 14:59','23/08/2014 19:07',NULL),(428,163,147,'22/08/2014 10:49','25/08/2014 14:07',NULL),(1144,294,37,'02/04/2015 09:35','02/04/2015 09:41','4'),(431,160,40,'22/08/2014 04:36','22/08/2014 16:09',NULL),(432,155,99,'22/08/2014 04:36','22/08/2014 09:01',NULL),(433,155,40,'22/08/2014 04:36','02/09/2014 10:26',NULL),(434,164,125,'22/08/2014 08:56','22/08/2014 11:02',NULL),(435,164,37,'22/08/2014 11:02','22/08/2014 11:05',NULL),(436,164,100,'22/08/2014 11:05','22/08/2014 11:21',NULL),(437,164,40,'22/08/2014 11:21','26/08/2014 16:28',NULL),(438,165,37,'25/08/2014 09:05','25/08/2014 13:46',NULL),(441,161,75,'23/08/2014 19:07','25/08/2014 07:40',NULL),(442,161,37,'25/08/2014 07:40','25/08/2014 13:46',NULL),(443,154,37,'25/08/2014 10:58','27/08/2014 10:00',NULL),(444,165,100,'25/08/2014 13:46','25/08/2014 18:15',NULL),(445,154,100,'25/08/2014 13:46','27/08/2014 23:40',NULL),(446,161,100,'25/08/2014 13:46','25/08/2014 18:15',NULL),(447,156,75,'25/08/2014 14:06','26/08/2014 08:05',NULL),(448,163,75,'25/08/2014 14:07','25/08/2014 14:22',NULL),(449,163,37,'25/08/2014 14:22','25/08/2014 14:38',NULL),(450,168,82,'25/08/2014 14:38','25/08/2014 16:05',NULL),(451,163,100,'25/08/2014 14:38','25/08/2014 18:17',NULL),(454,168,75,'25/08/2014 16:05','26/08/2014 08:05',NULL),(455,171,147,'25/08/2014 16:07','25/08/2014 20:19',NULL),(457,173,24,'25/08/2014 16:40','25/08/2014 16:41',NULL),(458,173,37,'25/08/2014 16:41','25/08/2014 16:44',NULL),(459,173,100,'25/08/2014 16:44','25/08/2014 18:16',NULL),(460,161,40,'25/08/2014 18:15','26/08/2014 16:20',NULL),(461,165,99,'25/08/2014 18:15','26/08/2014 15:13',NULL),(462,165,40,'25/08/2014 18:15','26/08/2014 16:30',NULL),(463,173,99,'25/08/2014 18:16','26/08/2014 15:11',NULL),(464,173,40,'25/08/2014 18:16','26/08/2014 16:22',NULL),(465,163,40,'25/08/2014 18:17','26/08/2014 16:27',NULL),(466,154,118,'25/08/2014 18:18','28/08/2014 08:38',NULL),(467,154,40,'25/08/2014 18:18','20/10/2014 15:34',NULL),(1140,286,133,'01/04/2015 16:05','01/04/2015 18:33','7'),(469,171,75,'25/08/2014 20:19','26/08/2014 08:06',NULL),(471,156,37,'26/08/2014 08:05','26/08/2014 08:36',NULL),(472,168,37,'26/08/2014 08:05','26/08/2014 08:36',NULL),(473,171,37,'26/08/2014 08:06','26/08/2014 08:36',NULL),(474,171,100,'26/08/2014 08:36','26/08/2014 10:05',NULL),(475,168,100,'26/08/2014 08:36','26/08/2014 10:07',NULL),(476,156,100,'26/08/2014 08:36','26/08/2014 10:07',NULL),(477,175,82,'26/08/2014 09:30','26/08/2014 11:34',NULL),(478,171,99,'26/08/2014 10:05','26/08/2014 15:12',NULL),(479,171,40,'26/08/2014 10:05','26/08/2014 16:24',NULL),(480,156,40,'26/08/2014 10:07','05/11/2014 15:29',NULL),(481,168,99,'26/08/2014 10:07','26/08/2014 15:12',NULL),(482,168,40,'26/08/2014 10:07','26/08/2014 16:24',NULL),(483,175,75,'26/08/2014 11:34','26/08/2014 13:30',NULL),(484,175,37,'26/08/2014 13:30','27/08/2014 08:27',NULL),(485,176,35,'26/08/2014 21:57','27/08/2014 11:00',NULL),(486,177,118,'27/08/2014 00:28','03/09/2014 14:10',NULL),(487,175,100,'27/08/2014 08:27','27/08/2014 08:36',NULL),(488,175,99,'27/08/2014 08:36','29/08/2014 10:59',NULL),(489,175,40,'27/08/2014 08:36','02/09/2014 10:25',NULL),(1139,283,43,'01/04/2015 16:04',NULL,'7'),(492,154,37,'27/08/2014 09:59','27/08/2014 10:00',NULL),(493,154,100,'27/08/2014 10:00','27/08/2014 23:40',NULL),(494,176,75,'27/08/2014 11:00','27/08/2014 13:12',NULL),(495,178,35,'27/08/2014 11:13','27/08/2014 11:21',NULL),(496,178,75,'27/08/2014 11:21','27/08/2014 13:11',NULL),(605,194,37,'11/09/2014 13:16','11/09/2014 13:32',NULL),(498,178,118,'27/08/2014 13:11','03/09/2014 14:10',NULL),(500,181,82,'27/08/2014 13:34','28/08/2014 09:27',NULL),(503,154,118,'27/08/2014 23:40','28/08/2014 08:38',NULL),(504,154,40,'27/08/2014 23:40','20/10/2014 15:34',NULL),(604,194,75,'11/09/2014 11:28','11/09/2014 13:16',NULL),(589,192,75,'09/09/2014 07:17','09/09/2014 07:41',NULL),(507,182,41,'28/08/2014 11:42','29/08/2014 21:26',NULL),(603,194,82,'11/09/2014 09:53','11/09/2014 11:28',NULL),(588,193,34,'08/09/2014 21:14','08/09/2014 21:15',NULL),(587,192,147,'08/09/2014 16:16','09/09/2014 07:17',NULL),(512,183,189,'29/08/2014 14:29','29/08/2014 14:29',NULL),(513,183,75,'29/08/2014 14:29','29/08/2014 14:54',NULL),(514,183,40,'09/09/2014 09:14','05/09/2014 08:37',NULL),(1033,237,100,'25/01/2015 19:22','28/01/2015 14:29','8'),(586,191,100,'05/09/2014 11:39','09/09/2014 08:59',NULL),(585,191,37,'05/09/2014 11:10','05/09/2014 11:39',NULL),(583,187,100,'05/09/2014 10:18','09/09/2014 08:58',NULL),(522,185,100,'29/08/2014 15:06','29/08/2014 15:07',NULL),(523,185,99,'29/08/2014 15:07','01/09/2014 10:00',NULL),(524,185,40,'29/08/2014 15:07','02/09/2014 10:27',NULL),(529,182,100,'01/09/2014 13:42','01/09/2014 13:53',NULL),(526,182,75,'29/08/2014 21:26','01/09/2014 07:55',NULL),(527,182,37,'01/09/2014 07:55','01/09/2014 13:42',NULL),(601,192,40,'09/09/2014 08:59','10/09/2014 16:02',NULL),(1032,242,40,'22/01/2015 01:27','03/02/2015 13:34','8'),(597,189,40,'09/09/2014 08:58','10/09/2014 16:00',NULL),(533,182,40,'01/09/2014 13:53','02/09/2014 15:47',NULL),(1031,242,100,'22/01/2015 01:27','28/01/2015 14:30','8'),(595,187,40,'09/09/2014 08:58','10/09/2014 16:01',NULL),(582,183,100,'05/09/2014 10:17','09/09/2014 08:58',NULL),(538,183,37,'01/09/2014 14:13','05/09/2014 10:17',NULL),(539,183,100,'01/09/2014 14:33','09/09/2014 08:58',NULL),(540,186,37,'02/09/2014 16:53','03/09/2014 13:37',NULL),(541,187,92,'03/09/2014 09:17','03/09/2014 09:20',NULL),(542,187,17,'09/09/2014 09:12','05/09/2014 08:39',NULL),(543,177,37,'03/09/2014 10:54','03/09/2014 13:37',NULL),(544,178,37,'03/09/2014 10:55','03/09/2014 13:37',NULL),(545,186,100,'03/09/2014 13:37','03/09/2014 14:04',NULL),(546,178,100,'03/09/2014 13:37','03/09/2014 14:01',NULL),(547,177,100,'03/09/2014 13:37','03/09/2014 14:00',NULL),(548,177,118,'03/09/2014 14:00','03/09/2014 14:10',NULL),(549,177,40,'03/09/2014 14:00','08/12/2014 08:37',NULL),(550,178,118,'03/09/2014 14:01','03/09/2014 14:10',NULL),(551,178,40,'03/09/2014 14:01','08/12/2014 08:38',NULL),(594,187,17,'09/09/2014 09:12',NULL,NULL),(581,191,142,'05/09/2014 09:55','05/09/2014 11:10',NULL),(579,187,37,'05/09/2014 08:39','05/09/2014 10:18',NULL),(556,183,40,'09/09/2014 09:14','05/09/2014 08:37',NULL),(557,183,40,'03/09/2014 14:03','18/09/2014 09:36',NULL),(558,186,40,'17/09/2014 14:28','30/10/2014 15:05',NULL),(600,191,40,'09/09/2014 08:59','03/10/2014 15:29',NULL),(596,189,99,'09/09/2014 08:58','09/09/2014 11:01',NULL),(593,183,40,'09/09/2014 08:58','18/09/2014 09:36',NULL),(561,183,37,'03/09/2014 15:14','05/09/2014 10:17',NULL),(562,183,100,'03/09/2014 15:24','09/09/2014 08:58',NULL),(578,183,37,'05/09/2014 08:37','05/09/2014 10:17',NULL),(565,188,147,'03/09/2014 18:32','03/09/2014 23:49',NULL),(566,188,75,'03/09/2014 23:49','04/09/2014 07:50',NULL),(567,188,37,'04/09/2014 07:50','04/09/2014 07:58',NULL),(568,188,100,'04/09/2014 07:58','04/09/2014 08:41',NULL),(569,188,40,'17/09/2014 14:28','30/10/2014 15:05',NULL),(591,192,100,'09/09/2014 08:51','09/09/2014 08:59',NULL),(590,192,37,'09/09/2014 07:41','09/09/2014 08:51',NULL),(577,189,100,'04/09/2014 15:06','09/09/2014 08:58',NULL),(576,189,37,'04/09/2014 15:03','04/09/2014 15:06',NULL),(592,183,40,'09/09/2014 09:14','18/09/2014 09:36',NULL),(574,183,40,'09/09/2014 09:14','05/09/2014 08:37',NULL),(575,183,40,'04/09/2014 08:42','18/09/2014 09:36',NULL),(606,194,100,'11/09/2014 13:32','12/09/2014 10:57',NULL),(607,195,80,'11/09/2014 21:01','11/09/2014 21:23',NULL),(608,196,34,'11/09/2014 21:07','12/09/2014 08:59',NULL),(609,195,142,'11/09/2014 21:23','12/09/2014 10:35',NULL),(610,197,34,'12/09/2014 09:03','12/09/2014 09:04',NULL),(611,197,118,'12/09/2014 09:04','16/09/2014 15:59',NULL),(612,195,37,'12/09/2014 10:35','12/09/2014 10:48',NULL),(613,195,100,'12/09/2014 10:48','12/09/2014 10:59',NULL),(614,194,40,'12/09/2014 10:57','18/09/2014 09:33',NULL),(615,195,40,'12/09/2014 10:59','30/09/2014 09:26',NULL),(619,200,75,'13/09/2014 09:50','15/09/2014 07:41',NULL),(618,200,82,'12/09/2014 18:55','13/09/2014 09:50',NULL),(620,200,118,'15/09/2014 07:41','15/09/2014 10:39',NULL),(621,200,37,'15/09/2014 08:10','15/09/2014 08:11',NULL),(622,200,100,'15/09/2014 08:11','15/09/2014 09:57',NULL),(623,200,118,'15/09/2014 09:57','15/09/2014 10:39',NULL),(624,200,40,'15/09/2014 09:57','14/10/2014 09:07',NULL),(625,201,82,'15/09/2014 10:57','15/09/2014 22:41',NULL),(626,202,80,'15/09/2014 18:39','15/09/2014 19:07',NULL),(627,202,142,'15/09/2014 19:07','16/09/2014 10:38',NULL),(628,203,0,'15/09/2014 21:44',NULL,NULL),(629,201,75,'15/09/2014 22:41','16/09/2014 07:28',NULL),(630,201,37,'16/09/2014 07:28','16/09/2014 08:44',NULL),(631,201,100,'16/09/2014 08:44','16/09/2014 15:51',NULL),(632,202,37,'16/09/2014 10:38','16/09/2014 10:47',NULL),(633,202,100,'16/09/2014 10:47','16/09/2014 15:52',NULL),(634,197,37,'16/09/2014 13:49','16/09/2014 14:17',NULL),(635,197,100,'16/09/2014 14:17','16/09/2014 15:51',NULL),(636,197,118,'16/09/2014 15:51','16/09/2014 15:59',NULL),(637,197,99,'16/09/2014 15:51','17/09/2014 13:46',NULL),(638,197,40,'16/09/2014 15:51','14/10/2014 15:09',NULL),(639,201,40,'16/09/2014 15:51','08/10/2014 08:51',NULL),(640,202,40,'16/09/2014 15:52','30/09/2014 09:25',NULL),(641,204,66,'16/09/2014 22:41','17/09/2014 18:58',NULL),(642,204,142,'17/09/2014 18:58','18/09/2014 18:05',NULL),(643,205,82,'18/09/2014 10:58','18/09/2014 20:44',NULL),(644,206,100,'24/09/2014 10:58','19/09/2014 09:04',NULL),(645,204,37,'18/09/2014 18:05','19/09/2014 08:34',NULL),(646,207,82,'18/09/2014 20:33','18/09/2014 20:44',NULL),(647,205,75,'18/09/2014 20:44','19/09/2014 07:36',NULL),(648,207,75,'18/09/2014 20:44','19/09/2014 07:36',NULL),(651,207,37,'19/09/2014 07:36','19/09/2014 08:34',NULL),(652,205,37,'19/09/2014 07:36','19/09/2014 08:34',NULL),(653,204,100,'19/09/2014 08:34','19/09/2014 09:03',NULL),(654,205,100,'19/09/2014 08:34','19/09/2014 09:04',NULL),(655,207,100,'19/09/2014 08:34','19/09/2014 09:07',NULL),(656,204,40,'19/09/2014 09:03','24/09/2014 14:07',NULL),(657,205,40,'19/09/2014 09:04','08/10/2014 08:50',NULL),(658,206,118,'19/09/2014 09:04','22/09/2014 08:54',NULL),(659,207,40,'19/09/2014 09:07','08/10/2014 08:50',NULL),(660,208,41,'19/09/2014 10:30','19/09/2014 17:45',NULL),(661,175,100,'19/09/2014 13:12','20/10/2014 08:41',NULL),(662,175,40,'19/09/2014 13:12','22/09/2014 08:35',NULL),(663,170,100,'19/09/2014 13:14','29/09/2014 10:40',NULL),(664,170,40,'19/09/2014 13:14','22/09/2014 08:33',NULL),(668,206,37,'22/09/2014 08:54','23/09/2014 11:20',NULL),(669,206,100,'24/09/2014 10:58','29/09/2014 10:43',NULL),(670,194,100,'24/09/2014 09:50','20/10/2014 08:40',NULL),(671,194,40,'24/09/2014 09:50','24/09/2014 10:48',NULL),(672,204,64,'24/09/2014 14:07','23/10/2014 10:44',NULL),(673,209,75,'25/09/2014 09:11','25/09/2014 09:24',NULL),(674,209,37,'25/09/2014 09:33','26/09/2014 16:02',NULL),(675,210,37,'26/09/2014 16:00','26/09/2014 16:02',NULL),(676,210,100,'26/09/2014 16:02','29/09/2014 10:43',NULL),(677,209,100,'26/09/2014 16:02','29/09/2014 10:43',NULL),(678,211,82,'29/09/2014 08:55','29/09/2014 11:00',NULL),(679,210,99,'29/09/2014 10:43','30/09/2014 09:27',NULL),(680,210,40,'29/09/2014 10:43','30/09/2014 09:26',NULL),(681,209,40,'29/09/2014 10:43','03/10/2014 15:30',NULL),(682,206,118,'29/09/2014 10:43','29/09/2014 11:12',NULL),(683,206,40,'29/09/2014 10:43','29/09/2014 11:08',NULL),(684,185,100,'29/09/2014 10:45','29/09/2014 10:47',NULL),(685,185,40,'29/09/2014 10:45','14/10/2014 16:12',NULL),(686,212,37,'29/09/2014 10:46','29/09/2014 14:43',NULL),(687,211,75,'29/09/2014 11:00','08/10/2014 08:42',NULL),(688,206,37,'29/09/2014 11:12','29/09/2014 14:44',NULL),(689,212,100,'29/09/2014 14:43','30/09/2014 10:26',NULL),(690,206,100,'29/09/2014 14:44','30/09/2014 10:29',NULL),(691,208,37,'30/09/2014 08:36','30/09/2014 09:35',NULL),(692,202,86,'30/09/2014 09:25','22/10/2014 09:27',NULL),(693,195,84,'30/09/2014 09:26','23/10/2014 17:07',NULL),(694,210,40,'30/09/2014 09:41','01/10/2014 16:23',NULL),(695,208,100,'30/09/2014 09:35','30/09/2014 10:29',NULL),(696,212,118,'30/09/2014 10:26','13/10/2014 08:25',NULL),(697,208,118,'30/09/2014 10:29','30/09/2014 10:30',NULL),(698,208,40,'30/09/2014 10:29','18/11/2014 08:27',NULL),(699,206,118,'30/09/2014 10:29','30/09/2014 10:30',NULL),(700,206,40,'30/09/2014 10:29','03/10/2014 15:30',NULL),(712,209,126,'03/10/2014 15:30','15/10/2014 08:34',NULL),(703,182,100,'01/10/2014 13:39','20/10/2014 08:40',NULL),(704,182,40,'01/10/2014 13:39','08/10/2014 09:56',NULL),(705,214,41,'01/10/2014 13:45','01/10/2014 16:39',NULL),(713,206,37,'03/10/2014 15:30','21/10/2014 15:22',NULL),(714,216,75,'05/10/2014 21:12','08/10/2014 08:43',NULL),(715,217,80,'06/10/2014 13:42','06/10/2014 18:08',NULL),(716,217,142,'06/10/2014 18:08','11/10/2014 11:09',NULL),(717,211,118,'08/10/2014 08:42','08/10/2014 10:27',NULL),(718,214,37,'08/10/2014 08:42','08/10/2014 08:50',NULL),(719,216,37,'08/10/2014 08:43','08/10/2014 08:50',NULL),(720,205,134,'08/10/2014 08:50','22/10/2014 16:06',NULL),(721,214,100,'08/10/2014 08:50','09/10/2014 15:42',NULL),(722,216,100,'08/10/2014 08:50','09/10/2014 15:41',NULL),(723,207,40,'14/10/2014 10:19','14/10/2014 10:26',NULL),(724,201,154,'08/10/2014 08:51',NULL,NULL),(725,211,37,'08/10/2014 10:27','13/10/2014 14:49',NULL),(726,216,40,'09/10/2014 15:41','14/10/2014 09:08',NULL),(727,215,40,'09/10/2014 15:41','16/10/2014 15:24',NULL),(728,214,40,'09/10/2014 15:42','16/10/2014 13:44',NULL),(729,218,41,'09/10/2014 23:43','10/10/2014 09:43',NULL),(730,218,75,'10/10/2014 09:43','13/10/2014 10:31',NULL),(731,217,37,'11/10/2014 11:09','13/10/2014 14:30',NULL),(732,212,37,'13/10/2014 08:25','13/10/2014 14:30',NULL),(733,219,82,'13/10/2014 10:22','13/10/2014 13:02',NULL),(734,218,118,'13/10/2014 10:31','15/10/2014 09:35',NULL),(735,219,75,'13/10/2014 13:02','14/10/2014 13:17',NULL),(736,217,100,'13/10/2014 14:30','13/10/2014 14:35',NULL),(737,212,100,'13/10/2014 14:30','13/10/2014 14:35',NULL),(738,217,40,'13/10/2014 14:35','05/11/2014 15:31',NULL),(739,212,40,'13/10/2014 14:35','14/10/2014 15:07',NULL),(740,211,100,'13/10/2014 14:49','13/10/2014 14:53',NULL),(741,211,118,'13/10/2014 14:53','13/10/2014 15:06',NULL),(742,211,40,'13/10/2014 14:53','14/10/2014 15:08',NULL),(743,108,100,'13/10/2014 15:02','20/10/2014 08:41',NULL),(744,108,40,'13/10/2014 15:02','14/10/2014 10:29',NULL),(745,220,189,'13/10/2014 15:27','15/10/2014 06:54',NULL),(746,200,123,'14/10/2014 09:07','23/10/2014 18:35',NULL),(747,216,61,'14/10/2014 09:08',NULL,NULL),(748,221,189,'14/10/2014 10:10','15/10/2014 06:53',NULL),(749,207,155,'14/10/2014 10:26','17/10/2014 16:01',NULL),(750,219,37,'14/10/2014 13:17','14/10/2014 13:32',NULL),(751,219,100,'14/10/2014 13:32','14/10/2014 13:53',NULL),(752,219,40,'14/10/2014 13:53','25/11/2014 09:12',NULL),(753,212,100,'14/10/2014 15:07','15/10/2014 13:52',NULL),(754,211,126,'14/10/2014 15:08','15/10/2014 08:51',NULL),(755,197,34,'14/10/2014 15:09','21/10/2014 10:31',NULL),(756,155,100,'14/10/2014 15:47','20/10/2014 08:41',NULL),(757,155,40,'14/10/2014 15:47','14/10/2014 16:12',NULL),(758,129,100,'14/10/2014 15:50','15/10/2014 13:53',NULL),(759,129,40,'14/10/2014 15:50','16/10/2014 15:25',NULL),(760,221,75,'15/10/2014 06:53','15/10/2014 13:21',NULL),(761,220,75,'15/10/2014 06:54','15/10/2014 13:21',NULL),(762,209,100,'15/10/2014 08:34','15/10/2014 13:52',NULL),(763,209,40,'15/10/2014 08:34','15/10/2014 14:00',NULL),(764,211,100,'15/10/2014 08:51','15/10/2014 13:52',NULL),(765,211,40,'15/10/2014 08:51','15/10/2014 14:01',NULL),(766,218,37,'15/10/2014 09:35','15/10/2014 10:01',NULL),(767,218,100,'15/10/2014 10:01','15/10/2014 13:53',NULL),(768,201,100,'15/10/2014 11:20','15/10/2014 13:52',NULL),(769,201,40,'15/10/2014 11:20','16/10/2014 13:43',NULL),(770,220,37,'15/10/2014 13:21','15/10/2014 13:58',NULL),(771,221,37,'15/10/2014 13:21','15/10/2014 13:59',NULL),(772,212,40,'15/10/2014 13:52','15/10/2014 13:56',NULL),(773,218,118,'15/10/2014 13:53','15/10/2014 14:15',NULL),(774,218,40,'15/10/2014 13:53','18/11/2014 08:27',NULL),(775,212,100,'15/10/2014 13:56','20/10/2014 08:40',NULL),(776,220,100,'15/10/2014 13:58','20/10/2014 08:40',NULL),(777,221,100,'15/10/2014 13:59','20/10/2014 08:38',NULL),(778,222,82,'15/10/2014 15:36','15/10/2014 16:22',NULL),(779,222,75,'15/10/2014 16:22','16/10/2014 15:08',NULL),(780,214,55,'16/10/2014 13:44','23/10/2014 13:54',NULL),(781,215,142,'16/10/2014 15:24','23/10/2014 09:50',NULL),(798,154,103,'20/10/2014 15:34','28/10/2014 09:12',NULL),(783,222,100,'16/10/2014 15:40','20/10/2014 08:38',NULL),(784,222,40,'16/10/2014 15:40','16/10/2014 15:44',NULL),(785,181,100,'16/10/2014 15:55','20/10/2014 08:40',NULL),(786,181,40,'16/10/2014 15:55','20/10/2014 08:23',NULL),(787,207,100,'17/10/2014 16:01','20/10/2014 08:40',NULL),(788,207,40,'17/10/2014 16:01','20/10/2014 08:24',NULL),(797,225,100,'20/10/2014 13:51','30/10/2014 09:15',NULL),(790,221,99,'20/10/2014 08:38','20/10/2014 09:51',NULL),(791,221,40,'20/10/2014 08:38','20/10/2014 15:35',NULL),(792,220,40,'20/10/2014 08:40','05/11/2014 15:30',NULL),(793,212,40,'20/10/2014 08:40','21/10/2014 08:19',NULL),(796,225,37,'20/10/2014 13:39','20/10/2014 13:51',NULL),(799,221,105,'20/10/2014 15:35','25/10/2014 18:02',NULL),(800,212,100,'21/10/2014 08:19','23/02/2015 09:26',NULL),(801,197,100,'21/10/2014 10:31','30/10/2014 09:17',NULL),(802,197,40,'21/10/2014 10:31','21/10/2014 16:00',NULL),(803,206,100,'21/10/2014 15:22','30/10/2014 09:15',NULL),(804,206,40,'21/10/2014 15:22','21/10/2014 16:00',NULL),(805,202,100,'22/10/2014 09:27','30/10/2014 09:16',NULL),(806,202,40,'22/10/2014 09:27','23/10/2014 13:40',NULL),(807,205,100,'22/10/2014 16:06','30/10/2014 09:16',NULL),(808,205,40,'22/10/2014 16:06','23/10/2014 13:22',NULL),(809,226,189,'23/10/2014 09:33','23/10/2014 12:56',NULL),(822,214,40,'23/10/2014 13:54','24/10/2014 10:33',NULL),(821,214,100,'23/10/2014 13:54','30/10/2014 09:14',NULL),(816,215,100,'23/10/2014 09:50','30/10/2014 09:14',NULL),(817,215,40,'23/10/2014 09:50','23/10/2014 13:23',NULL),(818,204,100,'23/10/2014 10:44','30/10/2014 09:16',NULL),(819,204,40,'23/10/2014 10:44','23/10/2014 13:21',NULL),(820,226,75,'23/10/2014 12:56','27/10/2014 15:45',NULL),(823,195,100,'23/10/2014 17:07','30/10/2014 09:17',NULL),(824,195,40,'23/10/2014 17:07','24/10/2014 10:35',NULL),(825,200,100,'23/10/2014 18:35','30/10/2014 09:17',NULL),(826,200,40,'23/10/2014 18:35','24/10/2014 10:35',NULL),(827,221,100,'25/10/2014 18:02','30/10/2014 09:14',NULL),(828,221,40,'25/10/2014 18:02','29/10/2014 08:22',NULL),(829,191,100,'27/10/2014 10:44','30/10/2014 09:19',NULL),(830,191,40,'27/10/2014 10:44','29/10/2014 08:21',NULL),(831,226,118,'27/10/2014 15:45','28/10/2014 09:30',NULL),(832,154,100,'28/10/2014 09:12','30/10/2014 09:19',NULL),(833,154,40,'28/10/2014 09:12','29/10/2014 08:17',NULL),(834,226,37,'28/10/2014 09:30','28/10/2014 13:35',NULL),(835,226,100,'28/10/2014 13:35','30/10/2014 09:15',NULL),(836,225,40,'30/10/2014 09:15','05/11/2014 15:41',NULL),(837,226,118,'30/10/2014 09:15','30/10/2014 09:17',NULL),(838,226,40,'30/10/2014 09:15','10/11/2014 15:07',NULL),(839,188,106,'30/10/2014 15:05','12/11/2014 08:54',NULL),(840,186,153,'30/10/2014 15:05','12/11/2014 18:22',NULL),(841,237,75,'31/10/2014 08:12','04/11/2014 13:09',NULL),(842,183,100,'31/10/2014 09:12','03/11/2014 19:54',NULL),(843,183,40,'31/10/2014 09:12','05/11/2014 14:25',NULL),(844,150,100,'31/10/2014 09:12','03/11/2014 19:54',NULL),(845,150,40,'31/10/2014 09:12','05/11/2014 14:13',NULL),(846,239,37,'03/11/2014 11:02','03/11/2014 16:10',NULL),(848,239,100,'03/11/2014 16:10','03/11/2014 19:54',NULL),(865,239,112,'05/11/2014 15:30','05/11/2014 16:12',NULL),(864,156,146,'05/11/2014 15:29','01/12/2014 10:59',NULL),(851,239,99,'03/11/2014 19:54','04/11/2014 08:59',NULL),(852,239,40,'03/11/2014 19:54','05/11/2014 15:30',NULL),(862,244,37,'05/11/2014 14:46','05/11/2014 15:32',NULL),(855,237,118,'04/11/2014 13:09','10/11/2014 09:54',NULL),(856,157,100,'05/11/2014 00:34','05/11/2014 10:17',NULL),(857,157,40,'05/11/2014 00:34','05/11/2014 14:24',NULL),(858,242,37,'05/11/2014 00:40','05/11/2014 09:08',NULL),(859,242,100,'05/11/2014 09:08','05/11/2014 10:17',NULL),(860,242,40,'05/11/2014 10:17','13/11/2014 08:14',NULL),(863,245,189,'05/11/2014 14:47','05/11/2014 15:37',NULL),(861,243,82,'05/11/2014 14:15','05/11/2014 16:45',NULL),(866,220,105,'05/11/2014 15:30',NULL,NULL),(867,217,86,'05/11/2014 15:31',NULL,NULL),(868,244,100,'05/11/2014 15:32','05/11/2014 15:50',NULL),(869,245,75,'05/11/2014 15:37','06/11/2014 14:02',NULL),(870,225,116,'05/11/2014 15:41',NULL,NULL),(871,244,40,'05/11/2014 15:50','05/11/2014 16:05',NULL),(872,244,158,'05/11/2014 16:05','05/11/2014 16:09',NULL),(873,244,100,'05/11/2014 16:09','06/11/2014 14:11',NULL),(874,244,40,'05/11/2014 16:09','06/11/2014 15:11',NULL),(875,239,100,'05/11/2014 16:12','06/11/2014 14:11',NULL),(876,239,40,'05/11/2014 16:12','06/11/2014 15:07',NULL),(877,243,75,'05/11/2014 16:45','06/11/2014 14:02',NULL),(878,243,37,'06/11/2014 14:02','06/11/2014 14:09',NULL),(879,245,37,'06/11/2014 14:02','06/11/2014 14:09',NULL),(880,243,100,'06/11/2014 14:09','06/11/2014 14:11',NULL),(881,245,100,'06/11/2014 14:09','06/11/2014 14:10',NULL),(882,245,40,'06/11/2014 14:10','14/11/2014 08:56',NULL),(883,243,40,'06/11/2014 14:11','10/11/2014 13:05',NULL),(884,237,37,'10/11/2014 09:54','12/11/2014 09:26',NULL),(885,243,126,'10/11/2014 13:05','10/11/2014 14:08',NULL),(886,243,100,'10/11/2014 14:08','25/11/2014 14:05',NULL),(887,243,40,'10/11/2014 14:08','10/11/2014 15:03',NULL),(895,188,100,'12/11/2014 08:54','25/11/2014 14:05',NULL),(894,226,73,'10/11/2014 15:07',NULL,NULL),(896,188,40,'12/11/2014 08:54','24/11/2014 09:11',NULL),(1030,177,40,'22/01/2015 01:18','03/02/2015 13:28','8'),(898,237,118,'12/11/2014 09:26','12/11/2014 09:28',NULL),(1029,177,100,'22/01/2015 01:18','28/01/2015 14:29','8'),(1028,272,142,'20/01/2015 12:57',NULL,'2'),(902,237,77,'12/11/2014 09:28','25/01/2015 19:22',NULL),(944,250,37,'02/12/2014 08:53','02/12/2014 09:03','4'),(1027,272,193,'20/01/2015 12:41','20/01/2015 12:57','1'),(941,156,40,'01/12/2014 10:59','04/12/2014 13:40','8'),(908,186,100,'12/11/2014 18:22','25/11/2014 14:05',NULL),(909,186,40,'12/11/2014 18:22','24/11/2014 09:11',NULL),(910,242,81,'13/11/2014 08:14','22/01/2015 01:27',NULL),(911,248,193,'13/11/2014 15:04','25/11/2014 08:34','1'),(912,245,105,'14/11/2014 08:56',NULL,NULL),(1577,386,79,'25/08/2015 08:08','31/08/2015 11:31','1'),(918,217,100,'17/11/2014 16:21','25/11/2014 14:05','8'),(919,217,40,'17/11/2014 16:21','24/11/2014 09:11','8'),(920,208,156,'18/11/2014 08:27','02/03/2015 15:09','7'),(921,218,52,'18/11/2014 08:27','15/12/2014 09:46','7'),(940,156,100,'01/12/2014 10:59','05/12/2014 11:27','8'),(1025,270,142,'14/01/2015 11:54',NULL,'2'),(943,219,40,'01/12/2014 16:18','04/12/2014 13:40','8'),(925,250,189,'24/11/2014 14:59','24/11/2014 16:18','1'),(926,250,75,'24/11/2014 16:18','26/11/2014 08:27','2'),(927,248,142,'25/11/2014 08:34',NULL,'2'),(928,219,76,'25/11/2014 09:12','01/12/2014 16:18','7'),(1024,270,193,'14/01/2015 11:51','14/01/2015 11:54','1'),(1023,257,40,'12/01/2015 22:19','03/02/2015 13:35','8'),(932,100,100,'25/11/2014 15:39','28/11/2014 13:41','8'),(933,100,40,'25/11/2014 15:39','26/11/2014 09:34','8'),(1022,257,100,'12/01/2015 22:19','28/01/2015 14:30','8'),(935,253,142,'25/11/2014 16:04','09/12/2014 22:00',NULL),(942,219,100,'01/12/2014 16:18','05/12/2014 11:27','8'),(938,250,118,'26/11/2014 08:27','02/12/2014 08:53','3'),(1021,178,40,'09/01/2015 18:08','03/02/2015 13:34','8'),(1020,178,100,'09/01/2015 18:08','28/01/2015 14:29','8'),(945,250,100,'02/12/2014 09:03','05/12/2014 11:28','5'),(946,254,41,'03/12/2014 11:03','03/12/2014 11:04','1'),(947,254,75,'03/12/2014 11:04','08/12/2014 10:41','2'),(948,255,82,'04/12/2014 11:14','05/12/2014 09:51','1'),(949,189,100,'04/12/2014 14:14','05/12/2014 11:27','8'),(950,189,40,'04/12/2014 14:14','05/12/2014 08:47','8'),(951,256,37,'04/12/2014 14:24','04/12/2014 15:50','1'),(952,256,100,'04/12/2014 15:50','08/12/2014 23:17','5'),(953,257,82,'05/12/2014 08:40','05/12/2014 09:52','1'),(954,255,75,'05/12/2014 09:51','08/12/2014 10:41','2'),(955,257,75,'05/12/2014 09:52','08/12/2014 10:41','2'),(956,250,118,'05/12/2014 11:28','05/12/2014 14:00','6'),(957,250,40,'05/12/2014 11:28','06/03/2015 15:22','6'),(958,258,37,'05/12/2014 11:30','05/12/2014 13:40','4'),(959,258,99,'05/12/2014 13:40','05/12/2014 18:11','6'),(960,258,40,'05/12/2014 13:40','10/12/2014 13:54','6'),(961,259,41,'05/12/2014 14:10','05/12/2014 19:02','1'),(962,259,75,'05/12/2014 19:02','08/12/2014 10:42','2'),(963,260,41,'05/12/2014 21:58','05/12/2014 22:04','1'),(964,260,75,'05/12/2014 22:04','08/12/2014 10:42','2'),(965,177,81,'08/12/2014 08:37','22/01/2015 01:18','7'),(966,178,152,'08/12/2014 08:38',NULL,'7'),(967,254,118,'08/12/2014 10:41','20/05/2015 15:18','3'),(968,255,37,'08/12/2014 10:41','08/12/2014 16:39','4'),(969,257,37,'08/12/2014 10:41','08/12/2014 16:40','4'),(970,259,118,'08/12/2014 10:42','20/05/2015 15:18','3'),(971,260,37,'08/12/2014 10:42','08/12/2014 16:41','4'),(972,171,100,'08/12/2014 15:52','08/12/2014 23:17','8'),(973,171,40,'08/12/2014 15:52','08/12/2014 16:12','8'),(974,261,147,'08/12/2014 16:01','08/12/2014 16:19','1'),(975,261,75,'08/12/2014 16:19','09/12/2014 09:29','2'),(976,255,100,'08/12/2014 16:39','08/12/2014 23:17','5'),(977,257,100,'08/12/2014 16:40','08/12/2014 23:17','5'),(978,260,100,'08/12/2014 16:41','08/12/2014 23:18','5'),(979,262,193,'08/12/2014 20:57','08/12/2014 20:58','1'),(980,262,142,'08/12/2014 20:58','09/12/2014 22:00','2'),(981,255,99,'08/12/2014 23:17','09/12/2014 10:47','6'),(982,255,40,'08/12/2014 23:17','10/12/2014 13:50','6'),(983,256,40,'08/12/2014 23:17','10/12/2014 13:54','6'),(984,257,99,'08/12/2014 23:17','09/12/2014 10:47','6'),(985,257,40,'08/12/2014 23:18','10/12/2014 13:53','6'),(986,260,99,'08/12/2014 23:18','09/12/2014 10:47','6'),(987,260,40,'08/12/2014 23:18','10/12/2014 13:53','6'),(988,264,193,'08/12/2014 23:30','09/12/2014 10:01','1'),(989,261,37,'09/12/2014 09:29','09/12/2014 09:30','4'),(990,261,100,'09/12/2014 09:30','09/12/2014 09:40','5'),(991,261,99,'09/12/2014 09:40','09/12/2014 10:48','6'),(992,261,40,'09/12/2014 09:40','10/12/2014 13:49','6'),(993,264,142,'09/12/2014 10:01','09/12/2014 22:00','2'),(994,265,193,'09/12/2014 21:23','09/12/2014 21:25','1'),(996,265,142,'09/12/2014 21:25','09/12/2014 22:00','2'),(997,265,37,'09/12/2014 22:00','17/12/2014 10:21','4'),(998,264,37,'09/12/2014 22:00','10/12/2014 15:20','4'),(999,261,143,'10/12/2014 13:49',NULL,'7'),(1000,255,126,'10/12/2014 13:50','16/12/2014 11:08','7'),(1001,257,133,'10/12/2014 13:53','12/01/2015 22:19','7'),(1002,260,55,'10/12/2014 13:53','04/03/2015 14:10','7'),(1003,258,100,'10/12/2014 13:54','23/02/2015 09:27','7'),(1004,256,99,'10/12/2014 13:54','15/12/2014 15:07','7'),(1005,267,75,'12/12/2014 21:55','17/12/2014 13:39','2'),(1006,218,100,'15/12/2014 09:46','17/12/2014 09:38','8'),(1007,218,40,'15/12/2014 09:46','17/12/2014 16:11','8'),(1008,256,100,'15/12/2014 15:07','17/12/2014 09:38','8'),(1009,256,40,'15/12/2014 15:07','17/12/2014 16:12','8'),(1010,255,100,'16/12/2014 11:08','17/12/2014 09:38','8'),(1011,255,40,'16/12/2014 11:08','17/12/2014 16:11','8'),(1012,269,100,'17/12/2014 09:40','17/12/2014 09:38','5'),(1013,269,118,'17/12/2014 09:38','17/12/2014 14:03','3'),(1014,267,37,'17/12/2014 13:39','19/12/2014 10:11','4'),(1016,267,100,'19/12/2014 10:11','19/12/2014 14:27','5'),(1017,267,40,'19/12/2014 14:27','09/03/2015 15:52','6'),(1018,269,118,'07/01/2015 11:13','26/02/2015 10:33','6'),(1019,269,40,'07/01/2015 11:13','09/03/2015 16:03','6'),(1034,237,40,'25/01/2015 19:22','03/02/2015 13:34','8'),(1058,279,118,'26/02/2015 10:31','09/03/2015 16:19','6'),(1035,273,37,'28/01/2015 14:34','28/01/2015 16:26','4'),(1036,274,37,'28/01/2015 14:37','28/01/2015 16:27','4'),(1037,273,99,'28/01/2015 16:26','02/02/2015 16:22','6'),(1038,273,40,'28/01/2015 16:26','23/02/2015 09:28','6'),(1039,274,99,'28/01/2015 16:27','02/02/2015 16:21','6'),(1040,274,40,'28/01/2015 16:27','23/02/2015 09:00','6'),(1162,301,37,'08/04/2015 14:29','08/04/2015 14:35','1'),(1161,300,37,'08/04/2015 14:15','08/04/2015 14:35','1'),(1163,301,100,'08/04/2015 14:35','08/04/2015 14:38','5'),(1159,296,100,'08/04/2015 08:47','08/04/2015 14:37','8'),(1160,296,40,'08/04/2015 08:47','09/04/2015 10:13','8'),(1049,212,40,'23/02/2015 09:26','24/02/2015 08:55','8'),(1050,258,40,'23/02/2015 09:27','24/02/2015 08:55','8'),(1051,273,100,'23/02/2015 09:28','23/02/2015 15:00','7'),(1052,274,40,'23/02/2015 09:29','26/02/2015 08:21','8'),(1053,278,37,'23/02/2015 09:37','23/02/2015 13:10','4'),(1054,278,40,'23/02/2015 13:10','09/03/2015 16:06','6'),(1055,279,100,'24/02/2015 14:34','26/02/2015 10:31','5'),(1056,273,40,'25/02/2015 10:07','26/02/2015 08:21','8'),(1057,274,100,'23/02/2015 09:00','23/02/2015 09:29','7'),(1065,281,40,'03/03/2015 14:51','09/03/2015 16:04','6'),(1061,281,37,'02/03/2015 08:16','03/03/2015 14:51','4'),(1063,208,100,'02/03/2015 15:09','03/03/2015 10:06','8'),(1064,208,40,'02/03/2015 15:09','05/03/2015 08:52','8'),(1066,260,100,'04/03/2015 14:10','11/03/2015 10:17','8'),(1067,260,40,'04/03/2015 14:10','06/03/2015 09:21','8'),(1068,282,41,'04/03/2015 14:13','04/03/2015 17:50','1'),(1069,282,75,'04/03/2015 17:50','11/03/2015 08:27','2'),(1070,250,103,'06/03/2015 15:22',NULL,'7'),(1071,267,35,'09/03/2015 15:52','10/03/2015 09:28','7'),(1072,269,37,'09/03/2015 16:03','09/03/2015 16:22','7'),(1073,281,100,'09/03/2015 16:04','29/04/2015 09:38','7'),(1074,278,100,'09/03/2015 16:06','21/03/2015 17:22','7'),(1075,279,40,'26/06/2015 13:24','26/06/2015 13:31','4'),(1076,269,100,'09/03/2015 16:22','11/03/2015 10:18','8'),(1077,269,40,'09/03/2015 16:22','10/03/2015 08:40','8'),(1078,267,100,'10/03/2015 09:28','11/03/2015 10:18','8'),(1079,267,40,'10/03/2015 09:28','11/03/2015 08:09','8'),(1080,283,41,'11/03/2015 07:49','11/03/2015 10:00','1'),(1081,282,37,'11/03/2015 08:27','11/03/2015 09:04','4'),(1082,284,41,'11/03/2015 09:02','11/03/2015 09:59','1'),(1083,282,100,'11/03/2015 09:04','11/03/2015 10:18','5'),(1084,284,75,'11/03/2015 09:59','11/03/2015 15:30','2'),(1085,283,75,'11/03/2015 10:00','11/03/2015 15:28','2'),(1086,282,40,'11/03/2015 10:18','16/03/2015 15:22','6'),(1087,285,37,'11/03/2015 10:22','11/03/2015 11:03','4'),(1088,285,99,'11/03/2015 11:03','11/03/2015 11:25','6'),(1089,285,40,'11/03/2015 11:03','16/03/2015 15:23','6'),(1090,283,118,'11/03/2015 15:28','11/03/2015 15:57','3'),(1091,284,120,'09/06/2015 13:30','19/10/2015 08:11','3'),(1092,283,37,'11/03/2015 15:57','12/03/2015 08:22','4'),(1093,283,100,'12/03/2015 08:22','21/03/2015 14:29','5'),(1094,282,55,'16/03/2015 15:22','17/03/2015 08:41','7'),(1095,285,100,'16/03/2015 15:23','21/03/2015 17:23','7'),(1096,282,100,'17/03/2015 08:41','21/03/2015 14:29','8'),(1097,282,40,'17/03/2015 08:41','23/03/2015 08:36','8'),(1098,286,82,'17/03/2015 14:07','18/03/2015 03:03','1'),(1099,286,75,'18/03/2015 03:03','24/03/2015 15:46','2'),(1100,287,147,'19/03/2015 08:37','20/03/2015 10:13','1'),(1101,288,147,'19/03/2015 08:42','20/03/2015 10:13','1'),(1102,287,75,'20/03/2015 10:13','24/03/2015 15:46','2'),(1103,288,75,'20/03/2015 10:13','24/03/2015 15:47','2'),(1104,283,118,'21/03/2015 14:29','23/03/2015 08:14','6'),(1105,283,40,'21/03/2015 14:29','01/04/2015 16:04','6'),(1106,289,37,'21/03/2015 17:19','23/03/2015 08:15','4'),(1107,278,40,'21/03/2015 17:22','23/03/2015 08:36','8'),(1108,285,40,'21/03/2015 17:23','23/03/2015 08:37','8'),(1109,289,99,'23/03/2015 08:15','23/03/2015 09:19','6'),(1110,289,40,'23/03/2015 08:15','25/03/2015 14:40','6'),(1111,286,37,'24/03/2015 15:46','25/03/2015 08:19','4'),(1112,287,37,'24/03/2015 15:46','25/03/2015 08:20','4'),(1113,288,37,'24/03/2015 15:47','25/03/2015 08:20','4'),(1114,286,100,'25/03/2015 08:19','31/03/2015 16:28','5'),(1115,287,100,'25/03/2015 08:20','31/03/2015 16:29','5'),(1116,288,100,'25/03/2015 08:20','31/03/2015 16:29','5'),(1117,289,100,'25/03/2015 14:40','29/04/2015 09:39','7'),(1118,290,92,'30/03/2015 10:46','01/04/2015 08:51','1'),(1119,291,41,'30/03/2015 19:30','30/03/2015 20:52','1'),(1120,291,75,'30/03/2015 20:52','31/03/2015 11:09','2'),(1123,293,100,'31/03/2015 11:02','31/03/2015 16:29','5'),(1122,293,37,'31/03/2015 09:09','31/03/2015 11:02','4'),(1124,291,118,'31/03/2015 11:09','15/04/2015 09:26','3'),(1125,286,99,'31/03/2015 16:28','31/03/2015 16:42','6'),(1126,286,40,'31/03/2015 16:28','01/04/2015 16:05','6'),(1127,287,40,'31/03/2015 16:29','30/04/2015 13:30','6'),(1128,288,40,'31/03/2015 16:29','30/04/2015 13:30','6'),(1129,293,40,'31/03/2015 16:29','14/04/2015 13:16','6'),(1130,290,37,'01/04/2015 08:51','01/04/2015 09:11','4'),(1131,294,118,'01/04/2015 09:02','02/04/2015 09:35','3'),(1132,290,100,'01/04/2015 09:11','01/04/2015 09:25','5'),(1133,290,99,'01/04/2015 09:25','01/04/2015 14:51','6'),(1134,290,40,'01/04/2015 09:25','01/04/2015 16:05','6'),(1141,290,151,'01/04/2015 16:05','10/04/2015 08:48','7'),(1142,286,100,'01/04/2015 18:33','02/04/2015 09:58','8'),(1143,286,40,'01/04/2015 18:33','06/04/2015 09:39','8'),(1147,294,40,'02/04/2015 09:58','06/04/2015 09:45','6'),(1148,296,100,'02/04/2015 15:17','06/04/2015 08:27','5'),(1149,296,99,'06/04/2015 08:27','06/04/2015 15:35','6'),(1150,296,40,'06/04/2015 08:27','07/04/2015 08:40','6'),(1151,294,92,'06/04/2015 09:45','09/04/2015 11:06','7'),(1152,297,82,'06/04/2015 16:00','06/04/2015 16:07','1'),(1153,297,75,'06/04/2015 16:07','08/04/2015 14:47','2'),(1154,296,37,'07/04/2015 08:40','08/04/2015 08:47','7'),(1155,298,41,'07/04/2015 20:53','07/04/2015 22:53','1'),(1156,299,41,'07/04/2015 20:57','07/04/2015 22:53','1'),(1157,298,75,'07/04/2015 22:53','08/04/2015 14:48','2'),(1158,299,75,'07/04/2015 22:53','08/04/2015 14:49','2'),(1164,300,100,'08/04/2015 14:35','08/04/2015 14:38','5'),(1165,300,40,'08/04/2015 14:38','09/04/2015 10:12','6'),(1166,301,99,'08/04/2015 14:38','09/04/2015 14:28','6'),(1167,301,40,'08/04/2015 14:38','09/04/2015 10:13','6'),(1168,297,118,'08/04/2015 14:47','23/04/2015 08:47','3'),(1169,298,118,'08/04/2015 14:48','11/05/2015 10:20','3'),(1170,302,41,'08/04/2015 15:27','08/04/2015 16:18','1'),(1171,302,75,'08/04/2015 16:18','09/04/2015 08:07','2'),(1174,302,118,'09/04/2015 08:07','11/05/2015 10:20','3'),(1237,288,106,'30/04/2015 13:30','12/05/2015 21:21','7'),(1236,287,153,'30/04/2015 13:30','20/05/2015 08:25','7'),(1178,300,99,'09/04/2015 10:12','10/04/2015 10:57','7'),(1179,294,100,'09/04/2015 11:06','14/04/2015 10:51','8'),(1180,294,40,'09/04/2015 11:06','13/04/2015 13:12','8'),(1181,301,101,'09/04/2015 14:28',NULL,NULL),(1182,290,100,'10/04/2015 08:48','14/04/2015 10:50','8'),(1183,290,40,'10/04/2015 08:48','10/04/2015 10:14','8'),(1184,304,37,'10/04/2015 08:50','10/04/2015 08:51','4'),(1185,304,100,'10/04/2015 08:51','14/04/2015 10:53','5'),(1186,305,92,'10/04/2015 08:52','10/04/2015 09:59','1'),(1187,305,37,'10/04/2015 09:59','10/04/2015 10:02','4'),(1188,305,100,'10/04/2015 10:02','14/04/2015 10:53','5'),(1189,300,100,'10/04/2015 10:57','14/04/2015 10:51','8'),(1190,300,40,'10/04/2015 10:57','13/04/2015 13:09','8'),(1192,307,41,'13/04/2015 22:51','13/04/2015 23:16','1'),(1193,307,75,'13/04/2015 23:16','15/04/2015 08:29','2'),(1194,304,99,'14/04/2015 10:53','15/04/2015 08:49','6'),(1195,304,40,'14/04/2015 10:53','16/04/2015 09:44','6'),(1196,305,99,'14/04/2015 10:53','15/04/2015 08:49','6'),(1197,305,40,'14/04/2015 10:53','16/04/2015 09:44','6'),(1198,293,116,'14/04/2015 13:16','14/04/2015 19:30','7'),(1247,298,37,'11/05/2015 10:20','11/05/2015 13:15','4'),(1200,293,100,'14/04/2015 19:30','15/04/2015 08:19','8'),(1201,293,40,'14/04/2015 19:30','15/04/2015 08:41','8'),(1202,309,37,'14/04/2015 21:58','15/04/2015 08:03','4'),(1203,309,100,'15/04/2015 08:03','15/04/2015 08:20','5'),(1204,309,99,'15/04/2015 08:20','15/04/2015 08:50','6'),(1205,309,40,'15/04/2015 08:20','15/04/2015 10:08','6'),(1206,307,37,'15/04/2015 08:29','15/04/2015 08:45','4'),(1207,307,100,'15/04/2015 08:45','15/04/2015 09:26','5'),(1208,307,40,'15/04/2015 09:26','15/04/2015 13:23','6'),(1209,291,37,'15/04/2015 09:26','15/04/2015 09:45','4'),(1210,309,142,'15/04/2015 10:08','27/04/2015 09:27','7'),(1211,307,45,'15/04/2015 13:23',NULL,'7'),(1212,310,37,'15/04/2015 23:31','16/04/2015 08:09','4'),(1213,310,100,'16/04/2015 08:09','23/04/2015 13:42','5'),(1214,305,151,'16/04/2015 09:44','24/07/2015 08:56','7'),(1215,304,75,'16/04/2015 09:44','27/04/2015 09:14','7'),(1216,311,82,'20/04/2015 09:03','21/04/2015 13:46','1'),(1217,311,75,'21/04/2015 13:46','27/04/2015 08:56','2'),(1218,297,37,'23/04/2015 08:47','23/04/2015 08:52','4'),(1219,297,100,'23/04/2015 08:52','23/04/2015 13:41','5'),(1220,297,118,'23/04/2015 13:41','23/04/2015 13:45','6'),(1221,297,40,'23/04/2015 13:41','30/04/2015 13:35','6'),(1222,310,40,'23/04/2015 13:42','14/05/2015 08:36','6'),(1246,315,142,'11/05/2015 09:28','13/05/2015 20:30','2'),(1225,311,37,'27/04/2015 08:56','27/04/2015 09:06','4'),(1226,311,100,'27/04/2015 09:06','27/04/2015 14:06','5'),(1227,304,100,'27/04/2015 09:14','27/04/2015 14:04','8'),(1228,304,40,'27/04/2015 09:14','27/04/2015 09:21','8'),(1229,309,100,'27/04/2015 09:27','27/04/2015 14:05','8'),(1230,309,40,'27/04/2015 09:27','27/04/2015 09:37','8'),(1245,315,66,'11/05/2015 09:26','11/05/2015 09:28','1'),(1233,311,40,'27/04/2015 14:06','29/06/2015 08:55','6'),(1244,314,82,'07/05/2015 10:33','15/05/2015 14:03','1'),(1234,281,40,'29/04/2015 09:38','29/04/2015 13:48','8'),(1235,289,40,'29/04/2015 09:39','29/04/2015 13:46','8'),(1238,297,133,'30/04/2015 13:35','15/05/2015 09:59','7'),(1239,312,41,'04/05/2015 11:20','04/05/2015 11:21','1'),(1240,312,75,'04/05/2015 11:21','18/05/2015 07:33','2'),(1241,313,37,'04/05/2015 15:43','04/05/2015 15:49','4'),(1242,313,99,'04/05/2015 15:49','05/05/2015 10:31','6'),(1243,313,40,'04/05/2015 15:49','15/05/2015 10:26','6'),(1248,302,37,'11/05/2015 10:20','11/05/2015 13:15','4'),(1249,298,100,'11/05/2015 13:15','11/05/2015 13:36','5'),(1250,302,100,'11/05/2015 13:15','11/05/2015 13:37','5'),(1251,298,118,'11/05/2015 13:36','11/05/2015 13:39','6'),(1252,298,40,'11/05/2015 13:36','29/06/2015 08:54','6'),(1253,302,118,'11/05/2015 13:37','11/05/2015 13:39','6'),(1254,302,40,'11/05/2015 13:37','29/06/2015 08:54','6'),(1255,316,41,'11/05/2015 14:10','11/05/2015 14:12','1'),(1256,316,75,'11/05/2015 14:12','18/05/2015 07:34','2'),(1257,288,100,'12/05/2015 21:21','14/05/2015 08:25','8'),(1258,288,40,'12/05/2015 21:21','14/05/2015 08:04','8'),(1259,315,37,'13/05/2015 20:30','14/05/2015 08:08','4'),(1260,315,100,'14/05/2015 08:08','14/05/2015 08:25','5'),(1261,315,40,'14/05/2015 08:25','29/06/2015 08:56','6'),(1262,310,81,'14/05/2015 08:36','06/06/2015 00:03','7'),(1264,319,193,'15/05/2015 08:40','15/05/2015 15:30','1'),(1265,320,37,'15/05/2015 08:43','15/05/2015 09:22','4'),(1266,320,40,'15/05/2015 09:22','15/05/2015 10:26','6'),(1267,297,100,'15/05/2015 09:59','18/05/2015 13:45','8'),(1268,297,40,'15/05/2015 09:59','15/05/2015 10:31','8'),(1269,320,100,'15/05/2015 10:26','29/05/2015 10:03','7'),(1270,313,100,'15/05/2015 10:26','29/05/2015 10:01','7'),(1271,321,82,'15/05/2015 10:57','15/05/2015 14:02','1'),(1272,322,41,'15/05/2015 11:05','15/05/2015 21:04','1'),(1273,323,41,'15/05/2015 11:11','15/05/2015 21:04','1'),(1274,321,75,'15/05/2015 14:02','18/05/2015 07:34','2'),(1275,314,75,'15/05/2015 14:03','18/05/2015 07:33','2'),(1276,319,142,'15/05/2015 15:30',NULL,'2'),(1277,322,75,'15/05/2015 21:04','18/05/2015 07:34','2'),(1278,323,75,'15/05/2015 21:04','18/05/2015 07:35','2'),(1279,312,37,'18/05/2015 07:33','18/05/2015 09:38','4'),(1280,314,40,'06/07/2015 13:43','23/06/2015 13:57','3'),(1281,316,37,'18/05/2015 07:34','18/05/2015 09:38','4'),(1282,321,37,'18/05/2015 07:34','18/05/2015 09:38','4'),(1283,322,37,'18/05/2015 07:34','18/05/2015 09:38','4'),(1368,346,75,'11/06/2015 13:32','24/06/2015 13:22',NULL),(1367,327,75,'11/06/2015 13:17','24/06/2015 13:20','2'),(1286,312,100,'18/05/2015 09:38','18/05/2015 13:46','5'),(1287,316,100,'18/05/2015 09:38','18/05/2015 13:47','5'),(1288,321,100,'18/05/2015 09:38','18/05/2015 13:48','5'),(1289,322,100,'18/05/2015 09:38','18/05/2015 13:48','5'),(1366,345,75,'10/06/2015 15:00','24/06/2015 13:21','2'),(1291,312,99,'18/05/2015 13:46','19/05/2015 10:45','6'),(1292,312,40,'18/05/2015 13:46','29/06/2015 08:56','6'),(1293,316,99,'18/05/2015 13:47','19/05/2015 10:45','6'),(1294,316,40,'18/05/2015 13:47','29/06/2015 08:57','6'),(1295,321,40,'18/05/2015 13:48','29/06/2015 08:57','6'),(1296,322,40,'18/05/2015 13:48','29/06/2015 08:52','6'),(1297,325,37,'19/05/2015 13:56','19/05/2015 16:00','4'),(1298,325,100,'19/05/2015 16:00','20/05/2015 10:15','5'),(1299,287,100,'20/05/2015 08:25','20/05/2015 10:14','8'),(1300,287,40,'20/05/2015 08:25','20/05/2015 08:39','8'),(1301,325,99,'20/05/2015 10:15','21/05/2015 08:32','6'),(1302,325,40,'20/05/2015 10:15','29/06/2015 08:58','6'),(1303,254,37,'20/05/2015 15:18','20/05/2015 15:22','4'),(1304,259,37,'20/05/2015 15:18','20/05/2015 15:23','4'),(1305,254,100,'20/05/2015 15:22','29/05/2015 09:58','5'),(1306,259,100,'20/05/2015 15:23','29/05/2015 09:59','5'),(1310,328,82,'25/05/2015 10:27','29/05/2015 13:14','1'),(1309,327,35,'24/05/2015 20:53','11/06/2015 13:17','1'),(1311,329,82,'25/05/2015 10:40','29/05/2015 13:15','1'),(1312,330,66,'25/05/2015 14:49','25/05/2015 19:01','1'),(1313,330,142,'25/05/2015 19:01','27/05/2015 09:47','2'),(1314,331,147,'26/05/2015 11:18','27/05/2015 09:33','1'),(1315,332,37,'26/05/2015 14:27','26/05/2015 14:30','1'),(1316,332,100,'26/05/2015 14:30','29/05/2015 09:59','5'),(1317,333,75,'26/05/2015 21:32','01/06/2015 08:30',NULL),(1318,331,75,'27/05/2015 09:33','01/06/2015 08:28','2'),(1319,330,37,'27/05/2015 09:47','27/05/2015 10:17','4'),(1322,336,37,'27/05/2015 10:12','27/05/2015 10:26','4'),(1323,330,100,'27/05/2015 10:17','29/05/2015 09:59','5'),(1326,337,147,'27/05/2015 16:21','28/05/2015 09:48','1'),(1325,336,100,'27/05/2015 10:26','29/05/2015 10:00','5'),(1327,337,75,'28/05/2015 09:48','01/06/2015 08:33','2'),(1328,254,40,'24/07/2015 10:12','28/07/2015 09:07','6'),(1329,254,40,'29/05/2015 09:58','28/07/2015 09:07','6'),(1330,259,40,'24/07/2015 10:14','28/07/2015 09:09','6'),(1331,259,40,'29/05/2015 09:59','28/07/2015 09:09','6'),(1332,330,99,'29/05/2015 09:59','29/05/2015 14:27','6'),(1333,330,40,'29/05/2015 09:59','29/06/2015 08:58','6'),(1334,332,40,'29/05/2015 09:59','29/06/2015 13:40','6'),(1335,336,40,'29/05/2015 10:00','17/06/2015 10:12','6'),(1336,313,40,'29/05/2015 10:01','29/05/2015 14:16','8'),(1337,320,40,'29/05/2015 10:03','29/05/2015 14:36','8'),(1338,338,37,'29/05/2015 10:05','29/05/2015 10:06','4'),(1339,338,40,'29/05/2015 10:06','29/06/2015 08:58','6'),(1340,339,41,'29/05/2015 10:32','29/05/2015 10:57','1'),(1341,340,41,'29/05/2015 10:36','29/05/2015 10:56','1'),(1342,340,75,'29/05/2015 10:56','29/05/2015 14:17','2'),(1343,339,75,'29/05/2015 10:57','29/05/2015 14:16','2'),(1344,328,75,'29/05/2015 13:14','01/06/2015 08:25','2'),(1345,329,75,'29/05/2015 13:15','01/06/2015 08:26','2'),(1346,339,37,'29/05/2015 14:16','29/05/2015 14:54','4'),(1347,340,37,'29/05/2015 14:17','29/05/2015 14:54','4'),(1348,339,100,'29/05/2015 14:54','29/05/2015 15:53','5'),(1349,340,100,'29/05/2015 14:54','29/05/2015 15:53','5'),(1350,339,99,'29/05/2015 15:53','29/05/2015 16:03','6'),(1351,339,40,'29/05/2015 15:53','29/06/2015 08:59','6'),(1352,340,99,'29/05/2015 15:53','29/05/2015 16:03','6'),(1353,340,40,'29/05/2015 15:53','29/06/2015 08:59','6'),(1354,341,93,'31/05/2015 20:35','01/06/2015 12:50','1'),(1355,341,142,'01/06/2015 12:50','01/06/2015 14:38','2'),(1356,341,120,'01/06/2015 14:38','23/06/2015 13:56','3'),(1357,342,147,'02/06/2015 14:48','03/06/2015 16:49','1'),(1358,342,75,'03/06/2015 16:49','08/06/2015 07:43','2'),(1359,310,100,'06/06/2015 00:03','08/06/2015 09:45','8'),(1360,310,40,'06/06/2015 00:03','09/06/2015 13:19','8'),(1361,342,37,'08/06/2015 07:43','08/06/2015 07:59','4'),(1362,342,40,'06/10/2015 07:33','08/06/2015 09:45','5'),(1363,342,40,'08/06/2015 09:45','29/06/2015 08:52','6'),(1365,345,41,'10/06/2015 13:52','10/06/2015 15:00','1'),(1369,347,41,'11/06/2015 17:38','11/06/2015 19:21','1'),(1370,347,75,'11/06/2015 19:21','24/06/2015 13:23','2'),(1371,336,116,'17/06/2015 10:12','17/06/2015 10:52','7'),(1372,336,100,'17/06/2015 10:52','23/06/2015 15:30','8'),(1373,336,40,'17/06/2015 10:52','23/06/2015 13:06','8'),(1374,341,141,'23/06/2015 13:56','23/06/2015 21:18','7'),(1375,314,37,'23/06/2015 13:57','23/06/2015 14:32','4'),(1376,314,100,'23/06/2015 14:32','23/06/2015 15:30','5'),(1377,314,40,'06/07/2015 13:43','24/06/2015 08:48','6'),(1378,341,100,'23/06/2015 21:18','26/06/2015 09:15','8'),(1379,341,40,'23/06/2015 21:18','24/06/2015 07:37','8'),(1380,314,37,'24/06/2015 08:48','26/06/2015 07:50','4'),(1381,327,37,'24/06/2015 13:20','26/06/2015 07:50','4'),(1382,345,40,'08/07/2015 15:32','30/06/2015 16:00','3'),(1450,350,116,'14/07/2015 14:29','14/07/2015 19:23','7'),(1384,314,100,'26/06/2015 07:50','26/06/2015 09:12','5'),(1385,327,100,'26/06/2015 07:50','26/06/2015 09:13','5'),(1386,314,40,'06/07/2015 13:43','06/07/2015 13:48','6'),(1387,314,40,'26/06/2015 09:12','29/06/2015 14:23','6'),(1388,327,40,'26/06/2015 09:13','04/08/2015 14:39','6'),(1389,279,37,'26/06/2015 13:31','26/06/2015 13:36','7'),(1390,279,100,'26/06/2015 13:36','07/07/2015 10:24','8'),(1391,279,40,'26/06/2015 13:36','26/06/2015 13:42','8'),(1392,322,156,'29/06/2015 08:52','29/06/2015 09:15','7'),(1393,342,164,'29/06/2015 08:52','02/10/2015 15:30','7'),(1394,298,53,'29/06/2015 08:54','08/07/2015 09:51','7'),(1395,302,71,'29/06/2015 08:54',NULL,'7'),(1396,311,128,'29/06/2015 08:55','30/06/2015 10:30','7'),(1397,315,64,'29/06/2015 08:56','09/07/2015 20:47','7'),(1398,312,53,'29/06/2015 08:56','08/07/2015 09:58','7'),(1399,316,71,'29/06/2015 08:57',NULL,'7'),(1400,321,133,'29/06/2015 08:57','29/06/2015 09:04','7'),(1401,325,142,'29/06/2015 08:58','22/08/2016 14:01','7'),(1402,330,165,'29/06/2015 08:58','11/08/2015 14:03','7'),(1403,338,100,'29/06/2015 08:58','17/08/2015 13:07','7'),(1404,340,166,'29/06/2015 08:59','30/06/2015 09:48','7'),(1405,339,166,'29/06/2015 08:59','30/06/2015 09:43','7'),(1406,321,100,'29/06/2015 09:04','07/07/2015 10:25','8'),(1407,321,40,'29/06/2015 09:04','29/06/2015 13:40','8'),(1408,322,100,'29/06/2015 09:15','07/07/2015 10:25','8'),(1409,322,40,'29/06/2015 09:15','29/06/2015 13:40','8'),(1410,332,99,'29/06/2015 13:40','23/07/2015 09:49','7'),(1411,349,147,'29/06/2015 15:51','29/06/2015 22:19','1'),(1412,349,75,'29/06/2015 22:19','30/06/2015 09:59','2'),(1413,339,100,'30/06/2015 09:43','07/07/2015 10:25','8'),(1414,339,40,'30/06/2015 09:43','30/06/2015 09:54','8'),(1415,340,100,'30/06/2015 09:48','07/07/2015 10:25','8'),(1416,340,40,'30/06/2015 09:48','30/06/2015 09:54','8'),(1417,311,100,'30/06/2015 10:30','07/07/2015 10:24','8'),(1418,311,40,'30/06/2015 10:30','30/06/2015 15:45','8'),(1419,350,37,'30/06/2015 12:30','30/06/2015 13:11','4'),(1420,351,37,'30/06/2015 12:34','30/06/2015 13:11','4'),(1421,350,100,'30/06/2015 13:11','07/07/2015 10:26','5'),(1422,351,100,'30/06/2015 13:11','07/07/2015 10:26','5'),(1423,352,147,'30/06/2015 13:15','06/07/2015 08:31','1'),(1424,345,37,'30/06/2015 16:00','01/07/2015 10:22','4'),(1425,345,100,'01/07/2015 10:22','07/07/2015 10:26','5'),(1426,353,37,'03/07/2015 18:13','06/07/2015 10:51','4'),(1427,352,75,'06/07/2015 08:31','06/07/2015 08:45','2'),(1428,352,40,'21/07/2015 08:12','15/07/2015 14:10','3'),(1429,353,100,'06/07/2015 10:51','07/07/2015 10:27','5'),(1430,314,123,'06/07/2015 13:48','06/07/2015 14:00','7'),(1431,314,100,'06/07/2015 14:00','07/07/2015 10:24','8'),(1432,314,40,'06/07/2015 14:00','06/07/2015 14:41','8'),(1433,345,40,'08/07/2015 15:32','08/07/2015 15:34','6'),(1434,345,40,'07/07/2015 10:26','08/07/2015 15:34','6'),(1435,350,40,'07/07/2015 10:26','14/07/2015 14:29','6'),(1436,351,40,'07/07/2015 10:26','14/07/2015 14:29','6'),(1437,353,40,'07/07/2015 10:27','07/08/2015 14:58','6'),(1438,298,100,'08/07/2015 09:51','13/07/2015 08:13','8'),(1439,298,40,'08/07/2015 09:51','08/07/2015 10:19','8'),(1440,312,100,'08/07/2015 09:58','13/07/2015 08:13','8'),(1441,312,40,'08/07/2015 09:58','08/07/2015 10:19','8'),(1442,315,100,'09/07/2015 20:47','13/07/2015 08:13','8'),(1443,315,40,'09/07/2015 20:47','10/07/2015 10:24','8'),(1444,354,66,'13/07/2015 15:01','13/07/2015 19:49','1'),(1445,302,100,'13/07/2015 15:28','16/07/2015 13:58','8'),(1446,302,40,'13/07/2015 15:28','14/07/2015 12:51','8'),(1447,316,100,'13/07/2015 17:07','16/07/2015 13:58','8'),(1448,316,40,'13/07/2015 17:07','14/07/2015 12:51','8'),(1449,354,142,'13/07/2015 19:49','20/07/2015 09:41','2'),(1451,351,116,'14/07/2015 14:29','14/07/2015 19:25','7'),(1452,350,100,'14/07/2015 19:23','16/07/2015 13:58','8'),(1453,350,40,'14/07/2015 19:23','15/07/2015 14:00','8'),(1454,351,100,'14/07/2015 19:25','16/07/2015 13:58','8'),(1455,351,40,'14/07/2015 19:25','15/07/2015 14:00','8'),(1456,352,37,'15/07/2015 14:10','15/07/2015 14:33','4'),(1457,352,100,'15/07/2015 14:33','16/07/2015 13:59','5'),(1459,352,40,'21/07/2015 08:12','17/07/2015 10:25','6'),(1460,352,37,'17/07/2015 10:25','17/07/2015 10:30','4'),(1461,352,100,'17/07/2015 10:30','17/07/2015 14:44','5'),(1462,352,40,'21/07/2015 08:12','10/09/2015 15:15','6'),(1463,354,37,'20/07/2015 09:41','20/07/2015 14:21','4'),(1464,354,100,'20/07/2015 14:21','21/07/2015 07:24','5'),(1465,354,40,'21/07/2015 07:24','07/08/2015 14:59','6'),(1466,356,82,'21/07/2015 10:06','21/07/2015 20:38','1'),(1467,357,82,'21/07/2015 19:11','21/07/2015 20:39','1'),(1468,356,75,'21/07/2015 20:38','22/07/2015 07:57','2'),(1469,357,75,'21/07/2015 20:39','22/07/2015 07:58','2'),(1470,356,37,'22/07/2015 07:57','22/07/2015 08:26','4'),(1471,357,37,'22/07/2015 07:58','22/07/2015 08:26','4'),(1472,356,100,'22/07/2015 08:26','22/07/2015 10:35','5'),(1473,357,100,'22/07/2015 08:26','22/07/2015 10:57','5'),(1474,356,99,'22/07/2015 10:35','22/07/2015 14:06','6'),(1475,356,40,'22/07/2015 10:35','28/07/2015 09:16','6'),(1476,357,99,'22/07/2015 10:57','22/07/2015 14:07','6'),(1477,357,40,'22/07/2015 10:57','28/07/2015 09:12','6'),(1478,358,168,'22/07/2015 14:40','22/07/2015 14:46','1'),(1479,358,75,'22/07/2015 14:46','23/07/2015 13:12','2'),(1480,332,100,'23/07/2015 09:49','23/07/2015 13:47','8'),(1481,332,40,'23/07/2015 09:49','23/07/2015 13:07','8'),(1482,358,37,'23/07/2015 13:12','23/07/2015 13:22','4'),(1483,358,100,'23/07/2015 13:22','23/07/2015 13:47','5'),(1484,358,40,'23/07/2015 13:47','28/07/2015 09:14','6'),(1485,359,82,'23/07/2015 14:06','23/07/2015 15:26','1'),(1486,359,75,'23/07/2015 15:26','24/07/2015 08:23','2'),(1487,359,37,'24/07/2015 08:23','24/07/2015 10:28','4'),(1488,360,37,'24/07/2015 08:25','24/07/2015 10:30','4'),(1489,361,92,'24/07/2015 08:41','24/07/2015 10:00','1'),(1490,305,100,'24/07/2015 08:56','24/07/2015 14:57','8'),(1491,305,40,'24/07/2015 08:56','24/07/2015 13:10','8'),(1492,361,37,'24/07/2015 10:00','24/07/2015 10:28','4'),(1493,361,100,'24/07/2015 10:28','24/07/2015 14:58','5'),(1494,359,100,'24/07/2015 10:28','24/07/2015 14:57','5'),(1495,360,100,'24/07/2015 10:30','24/07/2015 14:57','5'),(1496,359,99,'24/07/2015 14:57','27/07/2015 10:19','6'),(1497,359,40,'24/07/2015 14:57','29/07/2015 07:43','6'),(1498,360,99,'24/07/2015 14:57','27/07/2015 10:27','6'),(1499,360,40,'24/07/2015 14:57','29/07/2015 07:44','6'),(1500,361,99,'24/07/2015 14:58','27/07/2015 10:28','6'),(1501,361,40,'24/07/2015 14:58','29/07/2015 07:45','6'),(1502,362,82,'27/07/2015 14:04','27/07/2015 15:45','1'),(1503,362,75,'27/07/2015 15:45','28/07/2015 15:56','2'),(1504,357,126,'28/07/2015 09:12','04/08/2015 09:13','7'),(1505,358,171,'28/07/2015 09:14','03/08/2015 14:14','7'),(1506,356,76,'28/07/2015 09:16','14/08/2015 15:11','7'),(1507,362,37,'28/07/2015 15:56','29/07/2015 07:58','4'),(1508,363,80,'28/07/2015 18:01','29/07/2015 09:14','1'),(1575,374,57,'18/08/2015 14:19',NULL,'7'),(1511,366,37,'28/07/2015 19:27','29/07/2015 07:59','4'),(1512,359,145,'29/07/2015 07:43','29/07/2015 07:55','7'),(1513,360,75,'29/07/2015 07:44','10/08/2015 08:01','7'),(1514,361,151,'29/07/2015 07:45','04/07/2016 14:10','7'),(1515,359,100,'29/07/2015 07:55','29/07/2015 08:17','8'),(1516,359,40,'29/07/2015 07:55','29/07/2015 10:19','8'),(1517,362,100,'29/07/2015 07:58','29/07/2015 08:17','5'),(1518,366,100,'29/07/2015 07:59','29/07/2015 08:17','5'),(1519,362,99,'29/07/2015 08:17','23/11/2015 12:49','6'),(1520,362,40,'29/07/2015 08:17','31/07/2015 07:39','6'),(1521,366,99,'29/07/2015 08:17','23/11/2015 12:49','6'),(1522,366,40,'29/07/2015 08:17','31/07/2015 07:39','6'),(1523,363,142,'29/07/2015 09:14','10/08/2015 12:44','2'),(1524,358,100,'03/08/2015 14:14','10/08/2015 08:25','8'),(1525,358,40,'03/08/2015 14:14','04/08/2015 13:02','8'),(1526,357,100,'04/08/2015 09:13','10/08/2015 08:25','8'),(1527,357,40,'04/08/2015 09:13','04/08/2015 13:02','8'),(1528,327,54,'04/08/2015 14:39','04/08/2015 18:51','7'),(1529,327,100,'04/08/2015 18:51','10/08/2015 08:25','8'),(1530,327,40,'04/08/2015 18:51','06/08/2015 09:06','8'),(1531,353,92,'07/08/2015 14:58','07/08/2015 15:45','7'),(1532,354,170,'07/08/2015 14:59',NULL,'7'),(1533,367,37,'07/08/2015 15:09','07/08/2015 15:40','1'),(1534,367,100,'07/08/2015 15:40','10/08/2015 08:26','5'),(1535,353,100,'07/08/2015 15:45','10/08/2015 08:25','8'),(1536,353,40,'07/08/2015 15:45','10/08/2015 07:41','8'),(1537,368,93,'09/08/2015 19:47','09/08/2015 22:00','1'),(1538,369,93,'09/08/2015 19:56','09/08/2015 21:59','1'),(1539,369,142,'09/08/2015 21:59','10/08/2015 12:45','2'),(1540,360,100,'10/08/2015 08:01','10/08/2015 08:25','8'),(1541,360,40,'10/08/2015 08:01','10/08/2015 10:21','8'),(1542,367,165,'10/08/2015 08:26','10/08/2015 13:51','6'),(1543,367,40,'10/08/2015 08:26','11/08/2015 15:08','6'),(1544,363,37,'10/08/2015 12:44','14/08/2015 07:44','4'),(1545,369,37,'10/08/2015 12:45','11/08/2015 15:17','4'),(1546,330,100,'11/08/2015 14:03','12/08/2015 14:44','8'),(1547,330,40,'11/08/2015 14:03','12/08/2015 07:51','8'),(1548,367,101,'11/08/2015 15:08',NULL,'7'),(1549,369,100,'11/08/2015 15:17','12/08/2015 14:44','5'),(1550,371,193,'11/08/2015 20:38','11/08/2015 20:40','1'),(1551,371,142,'11/08/2015 20:40','14/08/2015 08:33','2'),(1553,373,82,'11/08/2015 22:06','12/08/2015 23:51','1'),(1554,369,40,'12/08/2015 14:44','14/08/2015 07:24','6'),(1555,373,75,'12/08/2015 23:51','14/08/2015 07:27','2'),(1556,374,168,'13/08/2015 12:45','13/08/2015 16:03','1'),(1557,374,75,'13/08/2015 16:03','14/08/2015 07:27','2'),(1558,369,173,'14/08/2015 07:24',NULL,'7'),(1559,373,120,'14/08/2015 07:27','25/08/2015 08:50','3'),(1560,374,37,'14/08/2015 07:27','14/08/2015 07:44','4'),(1561,363,100,'14/08/2015 07:44','14/08/2015 08:01','5'),(1562,374,100,'14/08/2015 07:44','14/08/2015 08:02','5'),(1563,363,40,'14/08/2015 08:01','21/09/2015 13:49','6'),(1564,374,40,'14/08/2015 08:02','18/08/2015 14:19','6'),(1565,371,120,'14/08/2015 08:33','08/10/2015 14:07','3'),(1566,369,100,'14/08/2015 09:59','17/08/2015 13:04','8'),(1567,369,40,'14/08/2015 09:59','14/08/2015 13:55','8'),(1568,356,100,'14/08/2015 15:11','17/08/2015 13:04','8'),(1569,356,40,'14/08/2015 15:11','17/08/2015 07:47','8'),(1570,338,40,'17/08/2015 13:07','17/08/2015 13:22','8'),(1571,375,41,'17/08/2015 13:09','17/08/2015 16:55','1'),(1572,376,37,'17/08/2015 13:18','17/08/2015 14:44','4'),(1573,376,40,'17/08/2015 14:44','18/08/2015 14:19','6'),(1574,375,75,'17/08/2015 16:55','06/10/2015 12:58','2'),(1576,376,100,'18/08/2015 14:19','25/08/2015 09:00','7'),(1578,373,37,'25/08/2015 08:50','25/08/2015 09:24','4'),(1579,376,40,'25/08/2015 09:00','25/08/2015 13:29','8'),(1580,387,37,'25/08/2015 09:02','25/08/2015 09:24','4'),(1581,373,100,'25/08/2015 09:24','25/08/2015 09:31','5'),(1582,387,40,'25/08/2015 09:24','25/08/2015 14:30','6'),(1583,373,120,'25/08/2015 09:31','25/08/2015 09:36','6'),(1584,373,40,'25/08/2015 09:31','25/08/2015 14:30','6'),(1585,373,126,'25/08/2015 14:30','25/08/2015 19:13','7'),(1586,387,100,'25/08/2015 14:30','01/09/2015 14:10','7'),(1587,373,100,'25/08/2015 19:13','31/08/2015 08:13','8'),(1588,373,40,'25/08/2015 19:13','01/09/2015 07:39','8'),(1589,388,147,'27/08/2015 11:02','27/08/2015 20:29','1'),(1590,388,75,'27/08/2015 20:29','31/08/2015 09:08','2'),(1591,388,120,'31/08/2015 09:08','08/10/2015 14:09','3'),(1592,386,142,'31/08/2015 11:31','01/09/2015 14:57','2'),(1593,389,41,'31/08/2015 17:24','01/09/2015 07:21','1'),(1594,389,75,'01/09/2015 07:21','21/09/2015 08:40','2'),(1595,387,40,'01/09/2015 14:10','02/09/2015 07:24','8'),(1596,386,37,'01/09/2015 14:57','01/09/2015 15:26','4'),(1597,386,100,'01/09/2015 15:26','01/09/2015 15:37','5'),(1598,386,40,'01/09/2015 15:37','24/09/2015 13:23','6'),(1599,390,81,'01/09/2015 20:02',NULL,'0'),(1600,391,41,'03/09/2015 22:24','03/09/2015 22:25','1'),(1601,391,75,'03/09/2015 22:25','21/09/2015 08:48','2'),(1602,393,37,'09/09/2015 13:42','09/09/2015 13:47','4'),(1603,393,100,'09/09/2015 13:47','15/09/2015 12:54','5'),(1604,395,82,'10/09/2015 14:23','10/09/2015 20:35','1'),(1605,352,167,'10/09/2015 15:15','10/09/2015 23:45','7'),(1606,395,75,'10/09/2015 20:35','21/09/2015 08:42','2'),(1607,352,100,'10/09/2015 23:45','15/09/2015 12:54','8'),(1608,352,40,'10/09/2015 23:45','11/09/2015 12:46','8'),(1609,396,37,'15/09/2015 07:31','15/09/2015 12:45','0'),(1610,396,37,'15/09/2015 12:45','15/09/2015 12:46','1'),(1611,396,100,'15/09/2015 12:46','15/09/2015 12:54','5'),(1612,393,165,'15/09/2015 12:54','15/09/2015 13:28','6'),(1613,393,40,'15/09/2015 12:54','16/09/2015 14:56','6'),(1614,396,40,'15/09/2015 12:54','18/09/2015 12:42','6'),(1615,397,41,'15/09/2015 17:06','15/09/2015 17:26','1'),(1616,397,75,'15/09/2015 17:26','21/09/2015 08:43','2'),(1617,393,142,'16/09/2015 14:56','22/08/2016 14:02','7'),(1618,398,37,'16/09/2015 15:40','16/09/2015 15:42','4'),(1619,398,100,'16/09/2015 15:42','21/09/2015 12:41','5'),(1620,399,189,'16/09/2015 15:46',NULL,'1'),(1621,396,81,'18/09/2015 12:42','02/10/2015 22:10','7'),(1622,389,40,'20/11/2015 13:47','14/10/2015 14:08','3'),(1623,395,37,'21/09/2015 08:42','21/09/2015 09:00','4'),(1624,397,37,'21/09/2015 08:43','21/09/2015 09:00','4'),(1625,395,100,'21/09/2015 09:00','21/09/2015 12:41','5'),(1626,397,100,'21/09/2015 09:00','21/09/2015 12:41','5'),(1627,395,40,'21/09/2015 12:41','08/10/2015 14:07','6'),(1628,397,40,'21/09/2015 12:41','02/10/2015 14:20','6'),(1629,398,40,'21/09/2015 12:41','25/09/2015 14:29','6'),(1630,363,86,'21/09/2015 13:49',NULL,'7'),(1631,400,41,'24/09/2015 09:51','24/09/2015 10:29','1'),(1632,400,75,'24/09/2015 10:29','25/09/2015 14:43','2'),(1633,386,90,'24/09/2015 13:23','28/09/2015 09:05','7'),(1634,401,82,'24/09/2015 14:30','25/09/2015 07:05','1'),(1635,401,75,'25/09/2015 07:05','25/09/2015 14:44','2'),(1636,398,116,'25/09/2015 14:29','25/09/2015 15:41','7'),(1637,400,37,'25/09/2015 14:43','25/09/2015 14:46','4'),(1638,400,100,'25/09/2015 14:46','06/10/2015 15:37','5'),(1639,398,100,'25/09/2015 15:41','06/10/2015 15:35','8'),(1640,398,40,'25/09/2015 15:41','28/09/2015 07:51','8'),(1641,386,100,'28/09/2015 09:05','06/10/2015 15:35','8'),(1642,386,40,'28/09/2015 09:05','30/09/2015 08:00','8'),(1643,402,82,'29/09/2015 13:05','30/09/2015 14:14','1'),(1644,403,147,'30/09/2015 08:39','30/09/2015 09:36','1'),(1645,403,75,'30/09/2015 09:36','05/10/2015 14:51','2'),(1646,404,82,'30/09/2015 13:59','30/09/2015 14:15','1'),(1647,405,82,'30/09/2015 14:10','30/09/2015 14:15','1'),(1648,402,75,'30/09/2015 14:14','05/10/2015 14:50','2'),(1649,404,75,'30/09/2015 14:15','05/10/2015 14:52','2'),(1650,405,75,'30/09/2015 14:15','05/10/2015 14:52','2'),(1651,397,55,'02/10/2015 14:20','05/10/2015 14:36','7'),(1652,342,40,'06/10/2015 07:33','06/10/2015 07:34','8'),(1653,342,40,'02/10/2015 15:30','06/10/2015 07:26','8'),(1654,407,147,'02/10/2015 15:37','04/10/2015 07:48','1'),(1655,396,100,'02/10/2015 22:10','06/10/2015 15:35','8'),(1656,396,40,'02/10/2015 22:10','06/10/2015 07:26','8'),(1657,407,75,'04/10/2015 07:48','05/10/2015 14:52','2'),(1658,408,41,'05/10/2015 07:51','05/10/2015 09:26','1'),(1659,408,75,'05/10/2015 09:26','05/10/2015 14:53','2'),(1660,397,100,'05/10/2015 14:36','06/10/2015 15:35','8'),(1661,397,40,'05/10/2015 14:36','06/10/2015 07:26','8'),(1662,402,37,'05/10/2015 14:50','05/10/2015 14:53','4'),(1663,403,40,'17/11/2015 08:00','15/10/2015 15:27','3'),(1664,404,37,'05/10/2015 14:52','05/10/2015 14:53','4'),(1665,405,37,'05/10/2015 14:52','05/10/2015 14:53','4'),(1666,407,120,'05/10/2015 14:52','13/10/2015 13:36','3'),(1667,408,40,'16/11/2015 08:41','14/10/2015 14:07','3'),(1668,402,100,'05/10/2015 14:53','06/10/2015 15:37','5'),(1669,404,100,'05/10/2015 14:53','06/10/2015 15:38','5'),(1670,405,100,'05/10/2015 14:53','06/10/2015 15:38','5'),(1671,409,80,'06/10/2015 08:57','08/10/2015 08:04','1'),(1672,375,37,'06/10/2015 12:58','06/10/2015 14:59','4'),(1673,375,100,'06/10/2015 14:59','06/10/2015 15:35','5'),(1674,375,40,'06/10/2015 15:35','08/10/2015 14:07','6'),(1675,400,40,'06/10/2015 15:37','08/10/2015 14:08','6'),(1676,402,40,'06/10/2015 15:37','08/10/2015 14:08','6'),(1677,404,40,'06/10/2015 15:38','08/10/2015 14:09','6'),(1678,405,165,'06/10/2015 15:38','16/11/2015 08:37','6'),(1679,405,40,'06/10/2015 15:38','08/10/2015 14:09','6'),(1680,409,75,'10/11/2015 15:17','11/11/2015 07:27','2'),(1681,371,37,'08/10/2015 14:07','08/10/2015 15:05','4'),(1682,375,53,'08/10/2015 14:07','09/10/2015 01:34','7'),(1683,395,155,'08/10/2015 14:07','13/10/2015 19:56','7'),(1684,400,53,'08/10/2015 14:08','09/10/2015 01:38','7'),(1685,402,177,'08/10/2015 14:08','17/10/2015 17:39','7'),(1686,404,76,'08/10/2015 14:09','09/10/2015 08:01','7'),(1687,388,37,'08/10/2015 14:09','08/10/2015 15:05','4'),(1688,371,100,'08/10/2015 15:05','20/10/2015 09:33','5'),(1689,388,100,'08/10/2015 15:05','08/10/2015 15:12','5'),(1690,388,120,'08/10/2015 15:12','08/10/2015 15:24','6'),(1691,388,40,'08/10/2015 15:12','19/11/2015 08:45','6'),(1692,375,100,'09/10/2015 01:34','14/10/2015 19:57','8'),(1693,375,40,'09/10/2015 01:34','09/10/2015 07:25','8'),(1694,400,100,'09/10/2015 01:38','14/10/2015 19:56','8'),(1695,400,40,'09/10/2015 01:38','09/10/2015 07:26','8'),(1696,404,100,'09/10/2015 08:01','14/10/2015 19:54','8'),(1697,404,40,'09/10/2015 08:01','09/10/2015 13:17','8'),(1698,410,37,'09/10/2015 13:55','09/10/2015 15:00','4'),(1699,411,37,'09/10/2015 13:59','09/10/2015 15:00','4'),(1700,410,100,'09/10/2015 15:00','14/10/2015 19:51','5'),(1701,411,100,'09/10/2015 15:00','14/10/2015 19:51','5'),(1702,407,37,'13/10/2015 13:36','14/10/2015 07:24','4'),(1703,395,100,'13/10/2015 19:56','14/10/2015 19:57','8'),(1704,395,40,'13/10/2015 19:56','14/10/2015 12:43','8'),(1705,407,100,'14/10/2015 07:24','14/10/2015 19:53','5'),(1706,408,37,'14/10/2015 14:07','14/10/2015 15:30','4'),(1707,389,37,'14/10/2015 14:08','14/10/2015 15:30','4'),(1708,389,100,'14/10/2015 15:30','20/10/2015 09:35','5'),(1709,408,100,'14/10/2015 15:30','20/10/2015 09:39','5'),(1710,411,40,'14/10/2015 19:51','28/10/2015 14:32','6'),(1711,410,40,'14/10/2015 19:51','28/10/2015 14:32','6'),(1712,407,120,'14/10/2015 19:53','15/10/2015 13:47','6'),(1713,407,40,'14/10/2015 19:53','16/10/2015 14:13','6'),(1714,403,37,'15/10/2015 15:27','15/10/2015 15:41','4'),(1715,403,100,'15/10/2015 15:41','20/10/2015 09:38','5'),(1716,412,82,'16/10/2015 13:19','17/10/2015 07:16','1'),(1717,407,164,'16/10/2015 14:13',NULL,'7'),(1718,413,82,'16/10/2015 14:23','17/10/2015 07:16','1'),(1719,412,75,'17/10/2015 07:16','19/10/2015 09:54','2'),(1720,413,75,'17/10/2015 07:16','19/10/2015 09:54','2'),(1721,402,100,'17/10/2015 17:39','20/10/2015 09:36','8'),(1722,402,40,'17/10/2015 17:39','19/10/2015 09:30','8'),(1723,284,37,'19/10/2015 08:11','19/10/2015 10:13','4'),(1724,412,37,'19/10/2015 09:54','19/10/2015 10:13','4'),(1725,413,120,'19/10/2015 09:54','20/10/2015 08:33','3'),(1726,284,100,'19/10/2015 10:13','20/10/2015 09:33','5'),(1727,412,100,'19/10/2015 10:13','20/10/2015 09:36','5'),(1728,414,75,'19/10/2015 13:58','21/10/2015 13:33',NULL),(1729,415,147,'19/10/2015 14:49','20/10/2015 12:59','1'),(1730,413,37,'20/10/2015 08:33','21/10/2015 07:49','4'),(1731,284,120,'20/10/2015 09:33',NULL,'6'),(1732,284,40,'20/10/2015 09:33','26/10/2015 14:08','6'),(1733,389,40,'20/11/2015 13:47','20/11/2015 13:49','6'),(1734,389,40,'20/10/2015 09:35','11/11/2015 07:20','6'),(1735,412,40,'20/10/2015 09:36','22/10/2015 08:04','6'),(1736,403,40,'17/11/2015 08:00','17/11/2015 08:01','6'),(1737,403,40,'20/10/2015 09:38','22/10/2015 08:03','6'),(1738,408,40,'16/11/2015 08:41','16/11/2015 08:56','6'),(1739,408,40,'20/10/2015 09:39','11/11/2015 07:20','6'),(1740,415,75,'20/10/2015 12:59','21/10/2015 13:34','2'),(1741,413,100,'21/10/2015 07:49','21/10/2015 08:25','5'),(1742,413,179,'21/10/2015 08:25','22/10/2015 08:15','6'),(1743,416,37,'21/10/2015 08:31','21/10/2015 13:40','4'),(1744,416,40,'21/10/2015 13:40','23/10/2015 13:17','6'),(1745,417,147,'21/10/2015 23:43','22/10/2015 21:59','1'),(1746,412,126,'22/10/2015 08:04','10/11/2015 09:36','7'),(1747,413,37,'22/10/2015 08:15','23/10/2015 12:48','4'),(1748,417,75,'22/10/2015 21:59','30/10/2015 07:46','2'),(1749,413,100,'23/10/2015 12:48','28/10/2015 13:17','5'),(1750,416,100,'23/10/2015 13:17','11/12/2015 13:18','7'),(1751,418,168,'26/10/2015 10:17','26/10/2015 10:19','1'),(1752,418,75,'26/10/2015 10:19','30/10/2015 07:46','2'),(1753,419,168,'27/10/2015 12:06','27/10/2015 12:28','1'),(1754,419,75,'27/10/2015 12:28','30/10/2015 07:47','2'),(1755,413,179,'28/10/2015 13:17','28/10/2015 13:23','6'),(1756,413,40,'28/10/2015 13:17','28/10/2015 13:26','6'),(1757,413,127,'28/10/2015 13:26','11/11/2015 15:25','7'),(1758,420,82,'28/10/2015 13:34','30/10/2015 07:54','1'),(1759,410,116,'28/10/2015 14:32','02/11/2015 12:46','7'),(1760,411,116,'28/10/2015 14:32','02/11/2015 12:49','7'),(1761,417,37,'30/10/2015 07:46','30/10/2015 08:13','4'),(1762,418,179,'30/10/2015 07:46','30/10/2015 07:53','3'),(1763,419,37,'30/10/2015 07:47','30/10/2015 08:14','4'),(1764,418,37,'30/10/2015 07:53','30/10/2015 08:13','4'),(1765,420,75,'30/10/2015 07:54','30/10/2015 08:23','2'),(1766,417,100,'30/10/2015 08:13','30/10/2015 09:02','5'),(1767,418,100,'30/10/2015 08:13','30/10/2015 09:03','5'),(1768,419,100,'30/10/2015 08:14','30/10/2015 09:04','5'),(1769,420,37,'30/10/2015 08:23','30/10/2015 08:29','4'),(1770,420,100,'30/10/2015 08:29','30/10/2015 09:02','5'),(1771,420,40,'30/10/2015 09:02','04/11/2015 15:33','6'),(1772,417,40,'30/10/2015 09:02','25/11/2015 08:00','6'),(1773,418,179,'30/10/2015 09:03','30/10/2015 09:09','6'),(1774,418,40,'30/10/2015 09:03','04/11/2015 15:33','6'),(1775,419,40,'30/10/2015 09:04','04/11/2015 15:33','6'),(1776,421,147,'02/11/2015 08:57','02/11/2015 09:09','1'),(1777,421,75,'02/11/2015 09:09','10/11/2015 13:42','2'),(1778,410,100,'02/11/2015 12:46','06/11/2015 14:11','8'),(1779,410,40,'02/11/2015 12:46','04/11/2015 09:36','8'),(1780,411,100,'02/11/2015 12:49','06/11/2015 14:11','8'),(1781,411,40,'02/11/2015 12:49','04/11/2015 09:36','8'),(1782,420,177,'04/11/2015 15:33','10/11/2015 18:28','7'),(1783,419,181,'04/11/2015 15:33','10/11/2015 19:07','7'),(1784,418,180,'04/11/2015 15:33','10/11/2015 07:05','7'),(1785,422,82,'04/11/2015 20:07','05/11/2015 23:14','1'),(1787,424,193,'05/11/2015 14:23',NULL,'1'),(1788,422,75,'05/11/2015 23:14','10/11/2015 12:31','2'),(1789,425,100,'09/11/2015 07:36','12/11/2015 17:21','0'),(1790,418,100,'10/11/2015 07:05','12/11/2015 17:22','8'),(1791,418,40,'10/11/2015 07:05','11/11/2015 07:10','8'),(1792,412,100,'10/11/2015 09:36','12/11/2015 17:22','8'),(1793,412,40,'10/11/2015 09:36','11/11/2015 07:11','8'),(1794,426,82,'10/11/2015 09:47','10/11/2015 23:35','1'),(1795,427,82,'10/11/2015 10:33','10/11/2015 23:36','1'),(1796,422,37,'10/11/2015 12:31','12/11/2015 09:13','4'),(1797,421,179,'10/11/2015 13:42','16/11/2015 07:15','3'),(1798,420,100,'10/11/2015 18:28','12/11/2015 17:21','8'),(1799,420,40,'10/11/2015 18:28','11/11/2015 07:10','8'),(1800,419,100,'10/11/2015 19:07','12/11/2015 17:21','8'),(1801,419,40,'10/11/2015 19:07','11/11/2015 07:10','8'),(1802,426,75,'10/11/2015 23:35','11/11/2015 07:29','2'),(1803,427,75,'10/11/2015 23:36','11/11/2015 07:30','2'),(1804,409,37,'11/11/2015 07:27','11/11/2015 08:38','4'),(1805,409,100,'11/11/2015 08:38','12/11/2015 17:23','5'),(1806,413,100,'11/11/2015 15:25','12/11/2015 17:22','8'),(1807,413,40,'11/11/2015 15:25','12/11/2015 08:07','8'),(1808,422,100,'12/11/2015 09:13','12/11/2015 17:21','5'),(1809,428,82,'12/11/2015 10:48','12/11/2015 16:20','1'),(1810,429,82,'12/11/2015 12:43','12/11/2015 16:20','1'),(1811,430,82,'12/11/2015 12:51','12/11/2015 16:21','1'),(1812,428,75,'12/11/2015 16:20','13/11/2015 12:48','2'),(1813,429,75,'12/11/2015 16:20','13/11/2015 12:48','2'),(1814,430,75,'12/11/2015 16:21','13/11/2015 12:48','2'),(1815,425,37,'12/11/2015 17:21','13/11/2015 13:09','1'),(1816,422,40,'12/11/2015 17:21','19/11/2015 08:15','6'),(1817,409,40,'12/11/2015 17:23','17/11/2015 08:48','6'),(1818,429,37,'13/11/2015 12:48','13/11/2015 13:10','4'),(1819,428,37,'13/11/2015 12:48','13/11/2015 13:10','4'),(1820,430,179,'13/11/2015 12:48','16/11/2015 07:13','3'),(1821,425,100,'13/11/2015 13:09','13/11/2015 13:13','5'),(1822,428,100,'13/11/2015 13:10','13/11/2015 13:14','5'),(1823,429,100,'13/11/2015 13:10','13/11/2015 13:14','5'),(1824,425,40,'13/11/2015 13:13','04/12/2015 09:23','6'),(1825,428,165,'13/11/2015 13:14','16/11/2015 08:36','6'),(1826,428,40,'13/11/2015 13:14','17/11/2015 08:49','6'),(1827,429,40,'13/11/2015 13:14','17/11/2015 08:49','6'),(1828,430,37,'16/11/2015 07:13','16/11/2015 08:11','4'),(1829,421,37,'16/11/2015 07:15','16/11/2015 08:11','4'),(1830,421,100,'16/11/2015 08:11','16/11/2015 13:00','5'),(1831,430,100,'16/11/2015 08:11','16/11/2015 12:59','5'),(1832,431,82,'16/11/2015 08:34','16/11/2015 09:09','1'),(1833,405,126,'16/11/2015 08:37',NULL,NULL),(1834,408,48,'16/11/2015 08:56','20/11/2015 23:53','7'),(1835,431,75,'16/11/2015 09:09','18/11/2015 08:27','2'),(1836,432,82,'16/11/2015 09:20','16/11/2015 14:44','1'),(1837,430,179,'16/11/2015 12:59','16/11/2015 13:17','6'),(1838,430,40,'16/11/2015 12:59','17/11/2015 15:27','6'),(1839,421,179,'16/11/2015 13:00','16/11/2015 13:17','6'),(1840,421,40,'16/11/2015 13:00','19/11/2015 08:12','6'),(1841,432,75,'16/11/2015 14:44','18/11/2015 08:28','2'),(1842,403,178,'17/11/2015 08:01','17/11/2015 08:04','7'),(1843,403,100,'17/11/2015 08:04','23/11/2015 09:46','8'),(1844,403,40,'17/11/2015 08:04','17/11/2015 08:40','8'),(1845,409,56,'17/11/2015 08:48',NULL,'7'),(1846,428,177,'17/11/2015 08:49','31/01/2016 15:10','7'),(1847,429,126,'17/11/2015 08:49','23/11/2015 22:30','7'),(1848,430,127,'17/11/2015 15:27','25/11/2015 12:44','7'),(1849,433,37,'18/11/2015 06:59','18/11/2015 08:10','4'),(1850,433,100,'18/11/2015 08:10','23/11/2015 15:01','5'),(1851,434,82,'18/11/2015 12:14','19/11/2015 14:37','1'),(1852,435,82,'18/11/2015 18:44','19/11/2015 14:37','1'),(1853,421,176,'19/11/2015 08:12',NULL,'7'),(1854,422,76,'19/11/2015 08:15','26/11/2015 15:43','7'),(1855,388,176,'19/11/2015 08:45','20/11/2015 08:52','7'),(1856,434,75,'19/11/2015 14:37','20/11/2015 09:38','2'),(1857,435,75,'19/11/2015 14:37','20/11/2015 09:38','2'),(1858,388,100,'20/11/2015 08:52','23/11/2015 09:46','8'),(1859,388,40,'20/11/2015 08:52','20/11/2015 09:21','8'),(1860,434,37,'20/11/2015 09:38','20/11/2015 13:06','4'),(1861,435,37,'20/11/2015 09:38','20/11/2015 13:06','4'),(1862,434,100,'20/11/2015 13:06','23/11/2015 09:46','5'),(1863,435,100,'20/11/2015 13:06','23/11/2015 09:45','5'),(1864,389,55,'20/11/2015 13:49','21/11/2015 13:26','7'),(1865,408,100,'20/11/2015 23:53','23/11/2015 09:46','8'),(1866,408,40,'20/11/2015 23:53','23/11/2015 09:11','8'),(1867,436,41,'21/11/2015 00:16','21/11/2015 08:44','1'),(1868,436,75,'21/11/2015 08:44','23/11/2015 13:27','2'),(1869,389,100,'21/11/2015 13:26','23/11/2015 09:46','8'),(1870,389,40,'21/11/2015 13:26','23/11/2015 09:10','8'),(1871,435,40,'23/11/2015 09:45','25/11/2015 08:00','6'),(1872,434,99,'23/11/2015 09:46','23/11/2015 12:50','6'),(1873,434,40,'23/11/2015 09:46','25/11/2015 08:00','6'),(1874,362,126,'23/11/2015 12:49',NULL,NULL),(1875,366,142,'23/11/2015 12:49',NULL,'2'),(1876,433,40,'23/11/2015 15:01','30/11/2015 09:50','6'),(1877,437,41,'23/11/2015 16:08','23/11/2015 17:18','1'),(1878,437,75,'23/11/2015 17:18','26/11/2015 06:56','2'),(1879,429,100,'23/11/2015 22:30','27/11/2015 08:24','8'),(1880,429,40,'23/11/2015 22:30','25/11/2015 08:00','8'),(1881,438,82,'24/11/2015 10:06','24/11/2015 16:20','1'),(1882,438,75,'24/11/2015 16:20','26/11/2015 06:56','2'),(1883,434,182,'25/11/2015 08:00','03/05/2016 13:19','7'),(1884,417,167,'25/11/2015 08:00','02/12/2015 10:16','7'),(1885,435,133,'25/11/2015 08:00','25/11/2015 08:17','7'),(1886,435,100,'25/11/2015 08:17','27/11/2015 08:24','8'),(1887,435,40,'25/11/2015 08:17','25/11/2015 08:25','8'),(1888,430,100,'25/11/2015 12:44','27/11/2015 08:24','8'),(1889,430,40,'25/11/2015 12:44','27/11/2015 12:35','8'),(1890,437,179,'26/11/2015 06:56','27/11/2015 07:21','3'),(1891,438,37,'26/11/2015 06:56','27/11/2015 07:25','4'),(1892,422,100,'26/11/2015 15:43','27/11/2015 08:24','8'),(1893,422,40,'26/11/2015 15:43','27/11/2015 12:34','8'),(1894,437,37,'27/11/2015 07:21','27/11/2015 07:25','4'),(1895,437,100,'27/11/2015 07:25','27/11/2015 08:25','5'),(1896,438,100,'27/11/2015 07:25','27/11/2015 08:24','5'),(1897,438,99,'27/11/2015 08:24','27/11/2015 09:54','6'),(1898,438,40,'27/11/2015 08:24','30/11/2015 14:42','6'),(1899,437,179,'27/11/2015 08:25','27/11/2015 08:32','6'),(1900,437,40,'27/11/2015 08:25','30/11/2015 14:43','6'),(1901,433,116,'30/11/2015 09:50',NULL,'7'),(1902,438,123,'30/11/2015 14:42','02/12/2015 08:32','7'),(1903,437,48,'30/11/2015 14:43','06/12/2015 19:54','7'),(1904,438,100,'02/12/2015 08:32','07/12/2015 12:40','8'),(1905,438,40,'02/12/2015 08:32','04/12/2015 08:04','8'),(1906,417,100,'02/12/2015 10:16','07/12/2015 12:40','8'),(1907,417,40,'02/12/2015 10:16','04/12/2015 09:17','8'),(1908,439,179,'03/12/2015 14:10','07/12/2015 13:32','3'),(1909,440,179,'04/12/2015 08:57','07/12/2015 13:30','1'),(1910,425,81,'04/12/2015 09:23','05/12/2015 10:26','7'),(1911,441,37,'04/12/2015 13:57','04/12/2015 14:52','1'),(1912,442,37,'04/12/2015 14:01','04/12/2015 15:04','1'),(1914,441,100,'04/12/2015 14:52','07/12/2015 12:41','5'),(1915,442,100,'04/12/2015 15:04','07/12/2015 12:41','5'),(1917,425,100,'05/12/2015 10:26','07/12/2015 12:40','8'),(1918,425,40,'05/12/2015 10:26','07/12/2015 07:26','8'),(1919,437,100,'06/12/2015 19:54','07/12/2015 12:40','8'),(1920,437,40,'06/12/2015 19:54','07/12/2015 07:26','8'),(1921,441,40,'07/12/2015 12:41','08/12/2015 14:44','6'),(1922,442,40,'07/12/2015 12:41','08/12/2015 14:45','6'),(1923,440,37,'07/12/2015 13:30','07/12/2015 14:49','4'),(1924,439,40,'10/12/2015 10:02','11/12/2015 14:04','4'),(1925,440,100,'07/12/2015 14:49','10/12/2015 09:52','5'),(1926,441,99,'08/12/2015 14:44','09/12/2015 08:17','7'),(1927,442,99,'08/12/2015 14:45','09/12/2015 08:18','7'),(1928,441,100,'09/12/2015 08:17','10/12/2015 09:52','8'),(1929,441,40,'09/12/2015 08:17','09/12/2015 09:06','8'),(1930,442,100,'09/12/2015 08:18','10/12/2015 09:52','8'),(1931,442,40,'09/12/2015 08:18','09/12/2015 09:06','8'),(1932,440,179,'10/12/2015 09:52','10/12/2015 09:54','6'),(1933,440,40,'10/12/2015 09:52','11/01/2016 12:48','6'),(1934,416,40,'11/12/2015 13:18','11/12/2015 13:35','8'),(1935,444,37,'11/12/2015 13:32','11/12/2015 13:55','4'),(1936,444,40,'11/12/2015 13:55','21/12/2015 09:57','6'),(1937,439,37,'11/12/2015 14:04','16/12/2015 09:54','7'),(1938,439,100,'16/12/2015 09:54','22/12/2015 07:59','8'),(1939,439,40,'16/12/2015 09:54','18/12/2015 13:26','8'),(1940,445,82,'16/12/2015 14:31','05/01/2016 16:28','1'),(1941,444,100,'21/12/2015 09:57','02/03/2016 15:18','7'),(1942,445,75,'05/01/2016 16:28','18/01/2016 08:17','2'),(1943,446,40,'22/02/2016 13:32','02/03/2016 12:53',NULL),(1944,440,109,'11/01/2016 12:48',NULL,'7'),(1945,445,37,'18/01/2016 08:17','18/01/2016 09:54','4'),(1946,445,100,'18/01/2016 09:54','11/02/2016 12:52','5'),(1947,428,100,'31/01/2016 15:10','02/02/2016 09:51','8'),(1948,428,40,'31/01/2016 15:10','16/02/2016 12:32','8'),(1949,447,82,'01/02/2016 15:47','01/02/2016 18:46','1'),(1950,447,75,'01/02/2016 18:46','02/02/2016 08:33','2'),(1951,447,37,'02/02/2016 08:33','11/02/2016 07:22','4'),(1952,447,100,'11/02/2016 07:22','11/02/2016 12:52','5'),(1953,445,40,'11/02/2016 12:52','02/03/2016 12:52','6'),(1954,447,40,'11/02/2016 12:52','02/03/2016 12:54','6'),(1955,448,80,'15/02/2016 14:26','16/02/2016 13:17','1'),(1956,449,80,'15/02/2016 14:30','16/02/2016 13:17','1'),(1957,450,80,'16/02/2016 09:47','16/02/2016 13:18','1'),(1958,451,80,'16/02/2016 10:07','16/02/2016 13:18','1'),(1959,452,80,'16/02/2016 10:09','16/02/2016 13:18','1'),(1960,448,142,'16/02/2016 13:17','18/02/2016 14:35','2'),(1961,449,142,'16/02/2016 13:17','18/02/2016 14:36','2'),(1962,450,142,'16/02/2016 13:18','18/02/2016 14:37','2'),(1963,451,142,'16/02/2016 13:18','18/02/2016 14:36','2'),(1964,452,142,'16/02/2016 13:18','18/02/2016 14:36','2'),(1966,454,82,'17/02/2016 16:14','17/02/2016 17:16','1'),(1986,456,75,'19/02/2016 15:50','23/02/2016 08:13','2'),(1968,454,75,'17/02/2016 17:16','18/02/2016 08:27','2'),(1985,456,82,'19/02/2016 10:01','19/02/2016 15:50','1'),(1969,448,40,'28/03/2016 09:23','18/02/2016 14:50','3'),(1970,449,37,'18/02/2016 14:36','18/02/2016 15:06','4'),(1971,452,37,'18/02/2016 14:36','18/02/2016 15:06','4'),(1972,451,37,'18/02/2016 14:36','18/02/2016 15:06','4'),(1973,450,40,'05/04/2016 09:21','18/02/2016 14:50','3'),(1974,448,37,'18/02/2016 14:50','18/02/2016 15:05','4'),(1975,450,37,'18/02/2016 14:50','18/02/2016 15:06','4'),(1976,448,40,'05/04/2016 09:21','22/02/2016 12:40','5'),(1977,449,100,'18/02/2016 15:06','22/02/2016 12:40','5'),(1978,450,100,'18/02/2016 15:06','22/02/2016 12:41','5'),(1979,451,100,'18/02/2016 15:06','22/02/2016 12:41','5'),(1980,452,100,'18/02/2016 15:06','22/02/2016 12:41','5'),(1981,455,82,'18/02/2016 15:11','18/02/2016 18:51','1'),(1982,455,75,'18/02/2016 18:51','19/02/2016 08:05','2'),(1983,455,37,'19/02/2016 08:05','19/02/2016 08:24','4'),(1984,455,100,'19/02/2016 08:24','22/02/2016 12:41','5'),(1987,448,40,'28/03/2016 09:23','22/02/2016 13:05','6'),(1988,449,40,'22/02/2016 12:40','02/03/2016 12:54','6'),(1989,450,40,'05/04/2016 09:21','22/02/2016 13:06','6'),(1990,451,40,'22/02/2016 12:41','02/03/2016 12:55','6'),(1991,452,40,'22/02/2016 12:41','02/03/2016 12:55','6'),(1992,455,40,'22/02/2016 12:41','02/03/2016 12:55','6'),(1993,457,37,'22/02/2016 12:43','23/02/2016 06:23','4'),(1994,448,37,'22/02/2016 13:05','23/02/2016 06:22','4'),(1995,450,37,'22/02/2016 13:06','23/02/2016 06:22','4'),(1996,448,40,'05/04/2016 09:21','23/02/2016 08:01','5'),(1997,450,100,'23/02/2016 06:22','23/02/2016 08:01','5'),(1998,457,40,'23/02/2016 06:23','02/03/2016 12:56','6'),(1999,458,100,'23/02/2016 07:17','23/02/2016 08:01','5'),(2000,448,40,'28/03/2016 09:23','28/03/2016 09:24','6'),(2001,448,40,'23/02/2016 08:01','02/03/2016 12:54','6'),(2002,450,40,'05/04/2016 09:21','05/04/2016 09:22','6'),(2003,450,40,'23/02/2016 08:01','05/04/2016 09:12','6'),(2004,458,99,'23/02/2016 08:01','23/02/2016 09:14','6'),(2005,458,40,'23/02/2016 08:01','02/03/2016 12:56','6'),(2006,456,37,'23/02/2016 08:13','23/02/2016 09:41','4'),(2007,456,100,'23/02/2016 09:41','23/02/2016 13:17','5'),(2008,456,40,'23/02/2016 13:17','02/03/2016 12:56','6'),(2009,459,193,'12/05/2016 07:55','01/06/2016 08:08','1'),(2011,461,193,'02/05/2016 13:45','01/06/2016 08:08','1'),(2012,463,93,'29/02/2016 19:09','29/02/2016 19:15','1'),(2013,463,142,'29/02/2016 19:15','01/03/2016 14:23','2'),(2014,463,192,'02/03/2016 08:14','04/03/2016 09:47','3'),(2015,445,155,'02/03/2016 12:52','06/12/2016 14:36','7'),(2016,446,82,'02/03/2016 12:53','11/03/2016 19:08','7'),(2017,447,177,'02/03/2016 12:54','03/03/2016 13:41','7'),(2018,449,184,'02/03/2016 12:54','02/03/2016 14:01','7'),(2019,451,186,'02/03/2016 12:55','06/03/2016 17:51','7'),(2020,452,186,'02/03/2016 12:55','06/03/2016 18:07','7'),(2021,455,187,'02/03/2016 12:55','17/08/2016 15:09','7'),(2022,456,134,'02/03/2016 12:56','12/04/2016 10:47','7'),(2023,457,100,'02/03/2016 12:56','02/03/2016 15:15','7'),(2024,458,37,'02/03/2016 12:56','04/03/2016 13:04','7'),(2025,449,100,'02/03/2016 14:01','02/03/2016 15:05','8'),(2026,449,40,'02/03/2016 14:01','03/03/2016 07:28','8'),(2027,457,40,'02/03/2016 15:15','03/03/2016 07:28','8'),(2028,444,40,'02/03/2016 15:18','03/03/2016 07:28','8'),(2029,447,100,'03/03/2016 13:41','04/03/2016 14:22','8'),(2030,447,40,'03/03/2016 13:41','04/03/2016 07:21','8'),(2031,463,37,'04/03/2016 09:47','04/03/2016 12:52','4'),(2032,463,100,'04/03/2016 12:52','17/03/2016 13:12','5'),(2033,464,192,'04/03/2016 13:02','09/03/2016 07:15','3'),(2034,458,100,'04/03/2016 13:04','04/03/2016 14:22','8'),(2035,458,40,'04/03/2016 13:04','04/03/2016 13:05','8'),(2036,465,168,'04/03/2016 13:15','07/03/2016 15:09','1'),(2037,451,100,'06/03/2016 17:51','17/03/2016 13:00','8'),(2038,451,40,'06/03/2016 17:51','07/03/2016 13:15','8'),(2039,452,100,'06/03/2016 18:07','17/03/2016 13:00','8'),(2040,452,40,'06/03/2016 18:07','07/03/2016 13:15','8'),(2041,465,75,'07/03/2016 15:09','09/03/2016 06:57','2'),(2042,465,37,'09/03/2016 06:57','09/03/2016 07:40','4'),(2043,464,40,'17/03/2016 13:57','17/03/2016 14:10','4'),(2044,465,100,'09/03/2016 07:40','17/03/2016 13:02','5'),(2045,466,192,'09/03/2016 08:44','24/03/2016 07:37','3'),(2046,467,82,'11/03/2016 14:07','11/03/2016 17:49','1'),(2047,469,37,'11/03/2016 14:31','11/03/2016 14:52','1'),(2048,470,192,'15/03/2016 10:07','17/03/2016 14:33','1'),(2049,469,100,'11/03/2016 14:52','17/03/2016 13:02','5'),(2050,467,75,'11/03/2016 17:49','16/03/2016 07:05','2'),(2051,446,100,'11/03/2016 19:08','17/03/2016 12:59','8'),(2052,446,40,'11/03/2016 19:08','14/03/2016 09:23','8'),(2053,471,47,'14/03/2016 09:26','14/03/2016 09:37','1'),(2054,471,75,'14/03/2016 09:37','16/03/2016 07:06','2'),(2055,472,82,'15/03/2016 13:28','15/03/2016 14:43','1'),(2056,473,82,'15/03/2016 13:33','15/03/2016 14:43','1'),(2057,472,75,'15/03/2016 14:43','16/03/2016 07:07','2'),(2058,473,75,'15/03/2016 14:43','16/03/2016 07:08','2'),(2059,471,37,'16/03/2016 07:06','17/03/2016 12:31','4'),(2060,471,100,'17/03/2016 12:31','18/03/2016 07:54','5'),(2061,465,40,'17/03/2016 13:02','01/06/2016 08:38','6'),(2062,469,40,'17/03/2016 13:02','05/04/2016 09:14','6'),(2063,463,192,'17/03/2016 13:12','18/03/2016 08:37','6'),(2064,463,40,'17/03/2016 13:12','17/03/2016 13:55','6'),(2065,464,37,'17/03/2016 14:10','22/03/2016 09:28','7'),(2066,470,37,'17/03/2016 14:33','17/03/2016 14:41','4'),(2067,470,100,'17/03/2016 14:41','18/03/2016 07:54','5'),(2068,470,192,'18/03/2016 07:54','18/03/2016 08:36','6'),(2069,470,40,'18/03/2016 07:54','22/03/2016 07:48','6'),(2070,463,141,'18/03/2016 08:37','24/03/2016 00:30','7'),(2071,474,37,'21/03/2016 08:19','21/03/2016 09:14','4'),(2072,474,40,'21/03/2016 09:14','05/04/2016 09:16','6'),(2073,470,99,'22/03/2016 07:48','22/03/2016 10:03','7'),(2074,464,100,'22/03/2016 09:28','28/03/2016 12:22','8'),(2075,464,40,'22/03/2016 09:28','22/03/2016 12:56','8'),(2076,470,100,'22/03/2016 10:03','28/03/2016 12:22','8'),(2077,470,40,'22/03/2016 10:03','28/03/2016 08:28','8'),(2078,463,100,'24/03/2016 00:30','28/03/2016 12:22','8'),(2079,463,40,'24/03/2016 00:30','28/03/2016 08:28','8'),(2080,466,37,'24/03/2016 07:37','24/03/2016 08:38','4'),(2081,466,100,'24/03/2016 08:38','28/03/2016 12:22','5'),(2082,475,37,'24/03/2016 09:02','28/03/2016 09:18','1'),(2083,475,100,'28/03/2016 09:18','28/03/2016 12:22','5'),(2084,448,184,'28/03/2016 09:24','29/03/2016 08:37','7'),(2085,466,192,'28/03/2016 12:22','28/03/2016 13:00','6'),(2086,466,40,'28/03/2016 12:22','05/04/2016 09:00','6'),(2087,475,40,'28/03/2016 12:22','05/04/2016 09:00','6'),(2088,448,40,'05/04/2016 09:21','05/04/2016 09:22','8'),(2089,448,40,'29/03/2016 08:37','29/03/2016 08:54','8'),(2090,476,188,'30/03/2016 07:33','30/03/2016 14:59','1'),(2091,476,75,'30/03/2016 14:59','04/04/2016 12:30','2'),(2092,476,37,'04/04/2016 12:30','04/04/2016 13:59','4'),(2093,476,100,'04/04/2016 13:59','11/04/2016 07:54','5'),(2094,466,92,'05/04/2016 09:00','09/08/2016 07:46','7'),(2095,475,99,'05/04/2016 09:00','05/04/2016 13:19','7'),(2096,469,99,'05/04/2016 09:14','05/04/2016 13:17','7'),(2097,474,100,'05/04/2016 09:16','18/04/2016 13:57','7'),(2098,450,185,'05/04/2016 09:22',NULL,'7'),(2099,469,100,'05/04/2016 13:17','11/04/2016 07:54','8'),(2100,469,40,'05/04/2016 13:17','05/04/2016 13:40','8'),(2101,475,100,'05/04/2016 13:19','11/04/2016 07:54','8'),(2102,475,40,'05/04/2016 13:19','05/04/2016 13:40','8'),(2103,477,192,'08/04/2016 13:45','12/04/2016 07:02','3'),(2104,478,168,'11/04/2016 07:34','11/04/2016 12:37','1'),(2105,476,99,'11/04/2016 07:54','11/04/2016 13:25','6'),(2106,476,40,'11/04/2016 07:54','11/04/2016 13:40','6'),(2107,478,75,'11/04/2016 12:37','18/04/2016 08:45','2'),(2108,476,194,'11/04/2016 13:40','13/04/2016 07:57','7'),(2109,477,40,'20/04/2016 12:24','25/04/2016 09:12','4'),(2110,456,100,'12/04/2016 10:47','18/04/2016 13:39','8'),(2111,456,40,'12/04/2016 10:47','13/04/2016 07:59','8'),(2112,476,100,'13/04/2016 07:57','18/04/2016 13:39','8'),(2113,476,40,'13/04/2016 07:57','13/04/2016 12:36','8'),(2114,479,193,'02/05/2016 13:46','01/06/2016 08:08','1'),(2115,480,193,'13/04/2016 15:17',NULL,'1'),(2116,478,37,'18/04/2016 08:45','26/04/2016 07:00','4'),(2117,481,37,'18/04/2016 13:49','25/04/2016 08:13','4'),(2118,482,37,'18/04/2016 13:53','26/04/2016 07:01','4'),(2119,474,40,'18/04/2016 13:57','18/04/2016 15:23','8'),(2120,483,37,'18/04/2016 14:52','25/04/2016 08:13','1'),(2121,483,100,'25/04/2016 08:13','02/05/2016 09:26','5'),(2122,481,40,'25/04/2016 08:13','02/05/2016 10:04','6'),(2123,477,37,'25/04/2016 09:12','04/05/2016 12:14','7'),(2124,478,100,'26/04/2016 07:00','02/05/2016 09:27','5'),(2125,482,40,'26/04/2016 07:01','02/05/2016 10:02','6'),(2128,485,75,'27/04/2016 08:14','27/04/2016 12:57','2'),(2127,485,47,'26/04/2016 22:29','27/04/2016 08:14','1'),(2129,486,82,'28/04/2016 10:03','28/04/2016 21:21','1'),(2130,486,75,'28/04/2016 21:21','03/05/2016 14:25','2'),(2131,487,82,'02/05/2016 08:16','02/05/2016 09:31','1'),(2132,488,37,'02/05/2016 08:30','02/05/2016 08:33','1'),(2133,488,100,'02/05/2016 08:33','09/05/2016 13:42','5'),(2134,489,37,'02/05/2016 08:37','03/05/2016 14:32','1'),(2135,490,100,'04/05/2016 13:48','09/05/2016 13:42','1'),(2136,483,40,'02/05/2016 09:26','02/05/2016 10:01','6'),(2137,478,40,'02/05/2016 09:27','18/05/2016 09:33','6'),(2138,487,75,'02/05/2016 09:31','03/05/2016 14:26','2'),(2297,461,37,'06/06/2016 12:56','07/07/2016 13:20','4'),(2140,483,99,'02/05/2016 10:01','03/05/2016 12:34','7'),(2141,482,100,'02/05/2016 10:02','21/07/2016 08:05','7'),(2142,481,100,'02/05/2016 10:04','21/07/2016 08:04','7'),(2143,492,82,'02/05/2016 12:44','02/05/2016 13:23','1'),(2144,492,75,'02/05/2016 13:23','03/05/2016 14:27','2'),(2296,459,37,'06/06/2016 12:53','07/07/2016 13:20','4'),(2146,493,82,'03/05/2016 07:16','05/05/2016 12:36','1'),(2147,483,100,'03/05/2016 12:34','09/05/2016 13:41','8'),(2148,483,40,'03/05/2016 12:34','04/05/2016 07:50','8'),(2149,494,82,'03/05/2016 13:14','05/05/2016 12:37','1'),(2150,434,100,'03/05/2016 13:19','09/05/2016 13:40','8'),(2151,434,40,'03/05/2016 13:19','04/05/2016 07:49','8'),(2152,486,40,'12/05/2016 09:02','04/05/2016 14:23','3'),(2154,492,40,'12/05/2016 09:01','04/05/2016 14:23','3'),(2155,489,100,'03/05/2016 14:32','09/05/2016 13:42','5'),(2295,465,40,'05/06/2016 22:09','21/06/2016 08:15','8'),(2157,477,100,'04/05/2016 12:14','09/05/2016 13:41','8'),(2158,477,40,'04/05/2016 12:14','04/05/2016 14:19','8'),(2159,495,82,'04/05/2016 12:31','05/05/2016 12:37','1'),(2160,486,37,'04/05/2016 14:23','04/05/2016 14:24','4'),(2161,492,37,'04/05/2016 14:23','04/05/2016 14:24','4'),(2162,486,100,'04/05/2016 14:24','09/05/2016 13:42','5'),(2163,492,100,'04/05/2016 14:24','09/05/2016 13:43','5'),(2164,496,82,'05/05/2016 09:38','05/05/2016 12:38','1'),(2165,497,82,'05/05/2016 10:30','05/05/2016 12:37','1'),(2166,494,75,'05/05/2016 12:37','05/05/2016 13:25','2'),(2167,495,75,'05/05/2016 12:37','05/05/2016 13:26','2'),(2168,494,37,'05/05/2016 13:25','05/05/2016 13:38','4'),(2169,495,37,'05/05/2016 13:26','05/05/2016 13:38','4'),(2170,494,100,'05/05/2016 13:38','09/05/2016 13:44','5'),(2171,495,100,'05/05/2016 13:38','09/05/2016 13:45','5'),(2172,498,82,'06/05/2016 12:53','06/05/2016 13:02','1'),(2173,499,47,'06/05/2016 12:57','09/05/2016 08:10','1'),(2174,500,82,'06/05/2016 13:09','06/05/2016 17:42','1'),(2175,501,37,'06/05/2016 14:00','06/05/2016 14:17','4'),(2176,501,100,'06/05/2016 14:17','09/05/2016 13:45','5'),(2177,500,75,'06/05/2016 17:42','09/05/2016 07:47','2'),(2178,500,37,'09/05/2016 07:47','09/05/2016 12:45','4'),(2179,499,75,'09/05/2016 08:10','09/05/2016 13:23','2'),(2180,502,82,'09/05/2016 08:33','09/05/2016 10:55','1'),(2181,503,82,'09/05/2016 08:36','09/05/2016 10:55','1'),(2182,504,82,'09/05/2016 08:39','09/05/2016 10:56','1'),(2183,502,75,'09/05/2016 10:55','09/05/2016 13:23','2'),(2184,503,75,'09/05/2016 10:55','09/05/2016 13:24','2'),(2185,504,75,'09/05/2016 10:56','09/05/2016 13:26','2'),(2186,500,100,'09/05/2016 12:45','09/05/2016 13:45','5'),(2187,502,37,'09/05/2016 13:23','09/05/2016 13:30','4'),(2188,503,37,'09/05/2016 13:24','09/05/2016 13:30','4'),(2189,502,100,'09/05/2016 13:30','09/05/2016 13:45','5'),(2190,503,100,'09/05/2016 13:30','09/05/2016 13:46','5'),(2191,486,40,'12/05/2016 09:02','13/05/2016 08:53','6'),(2192,486,40,'09/05/2016 13:42','13/05/2016 08:53','6'),(2193,489,40,'09/05/2016 13:42','13/05/2016 08:44','6'),(2294,465,100,'05/06/2016 22:09','17/06/2016 13:49','8'),(2195,492,40,'12/05/2016 09:01','13/05/2016 08:49','6'),(2196,492,40,'09/05/2016 13:43','13/05/2016 08:49','6'),(2197,494,99,'09/05/2016 13:44','09/05/2016 15:30','6'),(2198,494,40,'09/05/2016 13:44','13/05/2016 09:04','6'),(2199,495,99,'09/05/2016 13:45','09/05/2016 15:30','6'),(2200,495,40,'09/05/2016 13:45','13/05/2016 08:57','6'),(2201,500,99,'09/05/2016 13:45','09/05/2016 15:29','6'),(2202,500,40,'09/05/2016 13:45','13/05/2016 09:01','6'),(2203,501,99,'09/05/2016 13:45','09/05/2016 15:29','6'),(2204,501,40,'09/05/2016 13:45','13/05/2016 08:47','6'),(2205,502,40,'09/05/2016 13:45','13/05/2016 08:51','6'),(2206,503,40,'09/05/2016 13:46','13/05/2016 08:59','6'),(2207,505,82,'10/05/2016 08:10','10/05/2016 12:42','1'),(2208,505,75,'10/05/2016 12:42','10/05/2016 13:34','2'),(2209,505,37,'10/05/2016 13:34','11/05/2016 07:19','4'),(2210,506,47,'10/05/2016 18:23','10/05/2016 19:19','1'),(2211,506,75,'10/05/2016 19:19','11/05/2016 07:05','2'),(2212,506,37,'11/05/2016 07:05','11/05/2016 07:19','4'),(2213,505,100,'11/05/2016 07:19','11/05/2016 08:14','5'),(2214,506,100,'11/05/2016 07:19','11/05/2016 08:15','5'),(2215,505,40,'11/05/2016 08:14','18/05/2016 09:23','6'),(2216,506,99,'11/05/2016 08:15','11/05/2016 11:59','6'),(2217,506,40,'11/05/2016 08:15','18/05/2016 09:24','6'),(2218,507,47,'11/05/2016 08:37','11/05/2016 08:45','1'),(2219,507,75,'11/05/2016 08:45','12/05/2016 07:08','2'),(2220,508,82,'11/05/2016 08:49','11/05/2016 21:50','1'),(2221,509,47,'11/05/2016 08:51','11/05/2016 09:05','1'),(2222,510,82,'11/05/2016 08:52','11/05/2016 21:50','1'),(2223,509,75,'11/05/2016 09:05','12/05/2016 07:09','2'),(2224,508,75,'11/05/2016 21:50','12/05/2016 07:08','2'),(2225,510,75,'11/05/2016 21:50','12/05/2016 07:09','2'),(2226,509,192,'12/05/2016 07:09','12/05/2016 14:28','3'),(2227,510,37,'12/05/2016 07:09','12/05/2016 07:19','4'),(2228,510,100,'12/05/2016 07:19','12/05/2016 10:09','5'),(2229,511,37,'12/05/2016 07:36','12/05/2016 08:27','1'),(2230,511,100,'12/05/2016 08:27','12/05/2016 10:09','5'),(2231,510,99,'12/05/2016 10:09','12/05/2016 12:53','6'),(2232,510,40,'12/05/2016 10:09','18/05/2016 09:33','6'),(2233,511,99,'12/05/2016 10:09','12/05/2016 12:52','6'),(2234,511,40,'12/05/2016 10:09','18/05/2016 09:23','6'),(2236,509,37,'12/05/2016 14:28','12/05/2016 14:30','4'),(2237,509,100,'12/05/2016 14:30','12/05/2016 14:41','5'),(2238,509,192,'12/05/2016 14:41','13/05/2016 07:24','6'),(2239,509,40,'12/05/2016 14:41','18/05/2016 09:25','6'),(2240,489,158,'13/05/2016 08:44','07/12/2016 07:38','7'),(2241,501,34,'13/05/2016 08:47','14/05/2016 10:29','7'),(2242,502,133,'13/05/2016 08:51','18/05/2016 10:00','7'),(2243,495,126,'13/05/2016 08:57','19/05/2016 08:19','7'),(2244,503,133,'13/05/2016 08:59','16/05/2016 07:30','7'),(2245,500,145,'13/05/2016 09:01','01/06/2016 15:11','7'),(2246,494,182,'13/05/2016 09:04','19/05/2016 08:34','7'),(2459,554,188,'16/09/2016 14:25','16/09/2016 18:21','1'),(2248,501,100,'14/05/2016 10:29','16/05/2016 13:18','8'),(2249,501,40,'14/05/2016 10:29','18/05/2016 09:26','8'),(2250,503,100,'16/05/2016 07:30','16/05/2016 13:18','8'),(2251,503,40,'16/05/2016 07:30','18/05/2016 09:26','8'),(2458,544,40,'15/09/2016 21:23','16/11/2016 14:42','8'),(2457,544,100,'15/09/2016 21:23','23/11/2016 13:30','8'),(2456,544,92,'13/09/2016 09:16','15/09/2016 21:23','7'),(2255,505,76,'18/05/2016 09:23','18/05/2016 11:54','7'),(2256,511,197,'18/05/2016 09:23',NULL,'7'),(2257,506,71,'18/05/2016 09:24',NULL,'7'),(2258,509,46,'18/05/2016 09:25','19/05/2016 07:36','7'),(2259,478,152,'18/05/2016 09:33','19/05/2016 18:54','7'),(2260,510,177,'18/05/2016 09:33','18/05/2016 19:59','7'),(2261,502,100,'18/05/2016 10:00','30/05/2016 13:53','8'),(2262,502,40,'18/05/2016 10:00','18/05/2016 12:16','8'),(2263,505,100,'18/05/2016 11:54','30/05/2016 13:53','8'),(2264,505,40,'18/05/2016 11:54','18/05/2016 12:16','8'),(2265,510,100,'18/05/2016 19:59','30/05/2016 13:54','8'),(2266,510,40,'18/05/2016 19:59','19/05/2016 13:42','8'),(2267,509,100,'19/05/2016 07:36','30/05/2016 13:54','8'),(2268,509,40,'19/05/2016 07:36','19/05/2016 13:42','8'),(2269,495,100,'19/05/2016 08:19','30/05/2016 13:53','8'),(2270,495,40,'19/05/2016 08:19','19/05/2016 13:42','8'),(2271,494,100,'19/05/2016 08:34','30/05/2016 13:53','8'),(2272,494,40,'19/05/2016 08:34','19/05/2016 13:42','8'),(2273,478,100,'19/05/2016 18:54','30/05/2016 13:53','8'),(2274,478,40,'19/05/2016 18:54','20/05/2016 08:24','8'),(2275,513,46,'11/07/2016 14:50',NULL,NULL),(2276,514,100,'07/06/2016 12:47',NULL,'1'),(2277,515,37,'30/05/2016 13:05','30/05/2016 13:29','1'),(2278,516,188,'30/05/2016 13:26','30/05/2016 20:19','1'),(2279,515,100,'30/05/2016 13:29','30/05/2016 13:54','5'),(2280,515,40,'30/05/2016 13:54','04/07/2016 12:53','6'),(2281,517,82,'30/05/2016 15:16','21/08/2016 16:51','1'),(2282,516,75,'30/05/2016 20:19','31/05/2016 14:50','2'),(2283,518,82,'31/05/2016 10:14','21/08/2016 16:52','1'),(2284,516,37,'31/05/2016 14:50','31/05/2016 14:52','4'),(2285,516,100,'31/05/2016 14:52','17/06/2016 13:49','5'),(2286,459,142,'01/06/2016 08:08','06/06/2016 12:53','2'),(2287,461,142,'01/06/2016 08:08','06/06/2016 12:56','2'),(2288,479,142,'01/06/2016 08:08','06/06/2016 12:57','2'),(2289,465,54,'01/06/2016 08:38','05/06/2016 22:09','7'),(2290,500,100,'01/06/2016 15:11','17/06/2016 13:49','8'),(2291,500,40,'01/06/2016 15:11','21/06/2016 08:16','8'),(2292,519,188,'01/06/2016 19:48','01/06/2016 19:54','1'),(2293,519,75,'01/06/2016 19:54','20/06/2016 07:37','2'),(2298,479,37,'06/06/2016 12:57','25/07/2016 09:02','4'),(2299,520,168,'11/06/2016 20:56','16/06/2016 18:47','1'),(2300,521,47,'13/06/2016 08:24','13/06/2016 09:00','1'),(2301,521,75,'13/06/2016 09:00','20/06/2016 07:39','2'),(2302,522,93,'13/06/2016 11:10','13/06/2016 19:50','1'),(2303,522,142,'13/06/2016 19:50','15/06/2016 10:05','2'),(2323,519,37,'20/06/2016 07:37','07/07/2016 13:20','4'),(2306,524,142,'14/06/2016 18:59','02/09/2016 12:04','2'),(2307,522,37,'15/06/2016 10:05','12/09/2016 14:42','4'),(2312,525,100,'16/06/2016 14:09','17/06/2016 13:49','5'),(2313,520,75,'16/06/2016 18:47','20/06/2016 07:38','2'),(2314,526,37,'17/06/2016 09:38','17/06/2016 09:54','4'),(2315,526,100,'17/06/2016 09:54','17/06/2016 13:48','5'),(2316,527,86,'17/06/2016 10:28','20/06/2016 09:35','1'),(2317,526,192,'17/06/2016 13:48','17/06/2016 14:08','6'),(2318,526,40,'17/06/2016 13:48','22/06/2016 09:39','6'),(2319,525,192,'17/06/2016 13:49','17/06/2016 14:07','6'),(2320,525,40,'17/06/2016 13:49','22/06/2016 09:27','6'),(2321,516,99,'17/06/2016 13:49','17/06/2016 15:58','6'),(2322,516,40,'17/06/2016 13:49','04/07/2016 12:53','6'),(2324,520,192,'20/06/2016 07:38','23/06/2016 13:25','3'),(2325,528,86,'20/06/2016 09:33','20/06/2016 09:35','1'),(2326,528,142,'20/06/2016 09:35','22/06/2016 10:13','2'),(2327,527,142,'20/06/2016 09:35','22/06/2016 10:13','2'),(2328,525,89,'22/06/2016 09:27','23/06/2016 08:47','7'),(2329,526,151,'22/06/2016 09:39','04/07/2016 14:08','7'),(2330,528,37,'22/06/2016 10:13','23/06/2016 13:33','4'),(2331,527,37,'22/06/2016 10:13','22/06/2016 10:17','4'),(2332,527,100,'22/06/2016 10:17','08/07/2016 07:50','5'),(2333,525,100,'23/06/2016 08:47','08/07/2016 07:49','8'),(2334,525,40,'23/06/2016 08:47','23/06/2016 08:48','8'),(2335,520,37,'23/06/2016 13:25','23/06/2016 13:27','4'),(2336,520,100,'23/06/2016 13:27','08/07/2016 07:49','5'),(2337,529,47,'24/06/2016 12:59','24/06/2016 13:27','1'),(2338,529,75,'24/06/2016 13:27','08/07/2016 06:58','2'),(2339,515,99,'04/07/2016 12:53','04/07/2016 15:19','7'),(2340,516,194,'04/07/2016 12:53','05/07/2016 09:36','7'),(2341,526,100,'04/07/2016 14:08','08/07/2016 07:49','8'),(2342,526,40,'04/07/2016 14:08','04/07/2016 14:14','8'),(2343,361,100,'04/07/2016 14:10','08/07/2016 07:47','8'),(2344,361,40,'04/07/2016 14:10','04/07/2016 14:13','8'),(2345,515,100,'04/07/2016 15:19','08/07/2016 07:48','8'),(2346,515,40,'04/07/2016 15:19','06/07/2016 09:41','8'),(2347,530,37,'04/07/2016 15:21','06/07/2016 07:53','1'),(2348,516,100,'05/07/2016 09:36','08/07/2016 07:48','8'),(2349,516,40,'05/07/2016 09:36','06/07/2016 09:41','8'),(2350,530,100,'06/07/2016 07:53','08/07/2016 07:50','5'),(2351,531,47,'06/07/2016 15:08','06/07/2016 15:18','1'),(2352,531,75,'06/07/2016 15:18','08/07/2016 06:58','2'),(2353,459,100,'07/07/2016 13:20','12/07/2016 07:47','5'),(2354,461,100,'07/07/2016 13:20','12/07/2016 07:47','5'),(2355,519,100,'07/07/2016 13:20','08/07/2016 07:48','5'),(2356,532,188,'07/07/2016 19:47','07/07/2016 20:30','1'),(2357,532,75,'07/07/2016 20:30','08/07/2016 06:59','2'),(2358,533,192,'08/07/2016 03:28','12/07/2016 13:32','3'),(2359,529,37,'08/07/2016 06:58','25/07/2016 09:02','4'),(2360,531,37,'08/07/2016 06:58','12/09/2016 14:44','4'),(2361,519,40,'08/07/2016 07:48','18/07/2016 12:32','6'),(2362,520,192,'08/07/2016 07:49','08/07/2016 08:33','6'),(2363,520,40,'08/07/2016 07:49','18/07/2016 12:31','6'),(2364,527,99,'08/07/2016 07:50','21/07/2016 13:41','6'),(2365,527,40,'08/07/2016 07:50','18/07/2016 12:32','6'),(2366,530,40,'08/07/2016 07:50','28/07/2016 15:13','6'),(2371,537,46,'11/07/2016 16:45','21/07/2016 11:00','2'),(2369,536,188,'08/07/2016 18:21','12/07/2016 13:46','1'),(2370,537,47,'09/07/2016 17:20','11/07/2016 16:45','1'),(2372,538,40,'12/07/2016 07:16','28/07/2016 13:37','0'),(2373,461,40,'12/07/2016 07:47','04/08/2016 07:48','6'),(2374,459,40,'12/07/2016 07:47','28/07/2016 15:15','6'),(2375,533,34,'12/07/2016 13:32','11/08/2016 07:34','7'),(2376,536,46,'12/07/2016 13:46','27/07/2016 06:43','2'),(2377,539,37,'13/07/2016 12:35','13/07/2016 13:01','4'),(2378,539,100,'13/07/2016 13:01','20/07/2016 13:54','5'),(2379,520,152,'18/07/2016 12:31','18/07/2016 13:35','7'),(2380,519,167,'18/07/2016 12:32','12/08/2016 13:21','7'),(2381,520,100,'18/07/2016 13:35','20/07/2016 13:54','8'),(2382,520,40,'18/07/2016 13:35','25/07/2016 08:44','8'),(2383,539,99,'20/07/2016 13:54','21/07/2016 13:41','6'),(2384,539,40,'20/07/2016 13:54','19/08/2016 07:30','6'),(2385,481,40,'21/07/2016 08:04','25/07/2016 08:43','8'),(2386,482,40,'21/07/2016 08:05','25/07/2016 08:44','8'),(2387,540,37,'21/07/2016 08:08','25/07/2016 09:01','4'),(2388,541,37,'21/07/2016 08:10','25/07/2016 09:01','4'),(2389,542,37,'21/07/2016 08:11','25/07/2016 09:01','4'),(2390,537,37,'21/07/2016 11:00','12/09/2016 14:44','4'),(2391,527,40,'01/12/2016 15:11','01/12/2016 15:13',NULL),(2392,543,40,'05/08/2016 15:08','19/08/2016 09:42','1'),(2393,540,40,'25/07/2016 09:01','19/08/2016 07:32','6'),(2394,541,40,'25/07/2016 09:01','19/08/2016 07:27','6'),(2395,542,40,'25/07/2016 09:01','19/08/2016 07:28','6'),(2396,529,100,'25/07/2016 09:02','05/08/2016 07:50','5'),(2397,536,199,'16/08/2016 08:39','23/08/2016 09:54','3'),(2398,538,81,'28/07/2016 13:37','16/12/2016 10:13','7'),(2399,530,99,'28/07/2016 15:13','02/08/2016 13:24','7'),(2400,459,190,'28/07/2016 15:15',NULL,'7'),(2401,530,100,'02/08/2016 13:24','05/08/2016 07:50','8'),(2402,530,40,'02/08/2016 13:24','11/08/2016 09:10','8'),(2403,461,191,'04/08/2016 07:48',NULL,'7'),(2404,529,40,'05/08/2016 07:51','14/12/2016 08:19','6'),(2405,466,100,'09/08/2016 07:46','19/08/2016 07:46','8'),(2406,466,40,'09/08/2016 07:46','10/08/2016 08:04','8'),(2407,544,199,'16/08/2016 08:52','16/08/2016 09:12','3'),(2408,545,168,'23/08/2016 07:55','30/08/2016 13:32',NULL),(2409,533,100,'11/08/2016 07:34','19/08/2016 07:46','8'),(2410,533,40,'11/08/2016 07:34','11/08/2016 09:10','8'),(2411,519,100,'12/08/2016 13:21','19/08/2016 07:46','8'),(2412,519,40,'12/08/2016 13:21','15/08/2016 14:03','8'),(2413,546,188,'12/08/2016 13:24','12/08/2016 18:04','1'),(2414,547,188,'12/08/2016 13:29','12/08/2016 18:05','1'),(2415,546,46,'12/08/2016 18:04',NULL,'2'),(2416,547,46,'12/08/2016 18:05',NULL,'2'),(2417,544,37,'16/08/2016 09:12','19/08/2016 07:21','4'),(2418,455,100,'17/08/2016 15:09','19/08/2016 07:47','8'),(2419,455,40,'17/08/2016 15:09','18/08/2016 12:23','8'),(2420,549,37,'18/08/2016 13:11','19/08/2016 07:21','1'),(2421,551,142,'17/08/2016 16:28','02/09/2016 12:04','2'),(2422,549,199,'19/08/2016 07:21','23/08/2016 07:54','3'),(2423,544,100,'19/08/2016 07:21','19/08/2016 07:46','5'),(2424,541,100,'19/08/2016 07:27','05/09/2016 13:21','7'),(2425,542,100,'19/08/2016 07:28','05/09/2016 13:22','7'),(2426,539,142,'19/08/2016 07:30','22/08/2016 14:01','7'),(2427,540,100,'19/08/2016 07:32','05/09/2016 13:20','7'),(2428,544,199,'19/08/2016 07:46','19/08/2016 08:05','6'),(2429,544,40,'19/08/2016 07:46','13/09/2016 09:16','6'),(2430,543,62,'19/08/2016 09:42','30/08/2016 17:51','7'),(2431,517,46,'21/08/2016 16:51','21/09/2016 10:15','2'),(2432,552,199,'21/08/2016 17:50','23/08/2016 07:53','3'),(2433,539,100,'22/08/2016 14:01','23/08/2016 09:21','8'),(2434,539,40,'22/08/2016 14:01','23/08/2016 07:36','8'),(2435,325,100,'22/08/2016 14:01','23/08/2016 09:21','8'),(2436,325,40,'22/08/2016 14:01','23/08/2016 07:36','8'),(2437,393,100,'22/08/2016 14:02','23/08/2016 09:21','8'),(2438,393,40,'22/08/2016 14:02','23/08/2016 07:36','8'),(2439,552,37,'23/08/2016 07:53','12/09/2016 14:45','4'),(2440,549,37,'23/08/2016 07:54','23/08/2016 08:15','4'),(2441,549,100,'23/08/2016 08:15','23/08/2016 09:21','5'),(2442,549,199,'23/08/2016 09:21','23/08/2016 09:48','6'),(2443,549,40,'23/08/2016 09:21','23/08/2016 12:48','6'),(2444,536,37,'23/08/2016 09:38',NULL,'4'),(2445,536,146,'23/08/2016 09:54',NULL,'7'),(2446,549,187,'23/08/2016 12:48',NULL,'7'),(2447,545,46,'30/08/2016 13:32','17/09/2016 09:02','2'),(2448,543,100,'30/08/2016 17:51','05/09/2016 13:12','8'),(2449,543,40,'30/08/2016 17:51','31/08/2016 14:07','8'),(2450,551,37,'02/09/2016 12:04','23/11/2016 10:00','4'),(2451,524,37,'02/09/2016 12:04','12/04/2017 14:20','4'),(2452,553,37,'05/09/2016 13:19','23/11/2016 10:01','4'),(2453,540,40,'05/09/2016 13:20','05/09/2016 14:14','8'),(2454,541,40,'05/09/2016 13:21','05/09/2016 14:14','8'),(2455,542,40,'05/09/2016 13:22','05/09/2016 14:14','8'),(2460,554,46,'16/09/2016 18:21',NULL,'2'),(2461,545,37,'17/09/2016 09:02','23/11/2016 10:00','4'),(2462,555,86,'19/09/2016 10:36','19/09/2016 12:16','1'),(2463,555,142,'19/09/2016 12:16','21/09/2016 21:16','2'),(2464,556,86,'19/09/2016 12:52','19/09/2016 12:57','1'),(2465,556,142,'19/09/2016 12:57','21/09/2016 21:16','2'),(2466,517,37,'21/09/2016 10:15',NULL,'4'),(2467,555,37,'21/09/2016 21:16','23/11/2016 10:01','4'),(2468,556,37,'21/09/2016 21:16','23/11/2016 10:01','4'),(2469,557,142,'29/09/2016 08:26','13/04/2017 09:16','2'),(2470,558,168,'30/09/2016 22:09',NULL,'1'),(2471,559,168,'30/09/2016 22:16',NULL,'1'),(2472,560,42,'24/10/2016 10:18','13/02/2017 10:22','1'),(2473,551,100,'23/11/2016 10:00','23/11/2016 13:30','5'),(2474,545,100,'23/11/2016 10:00','23/11/2016 13:30','5'),(2475,556,100,'23/11/2016 10:01','23/11/2016 13:30','5'),(2476,555,100,'23/11/2016 10:01','23/11/2016 13:30','5'),(2477,553,40,'23/11/2016 13:48','07/12/2016 12:25','5'),(2478,545,40,'23/11/2016 13:30','14/12/2016 08:33','6'),(2479,551,40,'23/11/2016 13:30','14/12/2016 08:33','6'),(2480,555,40,'23/11/2016 13:30','14/12/2016 08:18','6'),(2481,556,99,'23/11/2016 13:30',NULL,'6'),(2482,556,40,'23/11/2016 13:30','14/12/2016 08:19','6'),(2483,561,37,'23/11/2016 13:33','23/11/2016 13:59','4'),(2484,562,37,'23/11/2016 13:34','23/11/2016 14:00','4'),(2485,561,40,'23/11/2016 14:01','07/12/2016 12:26','5'),(2486,562,40,'23/11/2016 14:02','07/12/2016 12:28','5'),(2487,527,186,'01/12/2016 15:13','08/12/2016 13:08','7'),(2488,445,100,'06/12/2016 14:36','07/12/2016 07:35','8'),(2489,445,40,'06/12/2016 14:36','07/12/2016 12:33','8'),(2490,563,82,'06/12/2016 14:41',NULL,'1'),(2491,564,37,'07/12/2016 07:37','07/12/2016 10:13','4'),(2492,489,100,'07/12/2016 07:38','07/12/2016 13:16','8'),(2493,489,40,'07/12/2016 07:38','07/12/2016 12:30','8'),(2559,560,37,'13/04/2017 09:16','17/04/2017 14:56','4'),(2495,564,40,'07/12/2016 12:33','14/12/2016 08:21','5'),(2497,553,100,'07/12/2016 12:25',NULL,'7'),(2498,561,100,'07/12/2016 12:26',NULL,'7'),(2499,562,100,'07/12/2016 12:28',NULL,'7'),(2500,568,37,'07/12/2016 13:14','07/12/2016 13:33','2'),(2558,575,37,'13/04/2017 09:15','17/04/2017 14:56','4'),(2503,569,37,'07/12/2016 13:20','07/12/2016 13:33','2'),(2504,569,100,'07/12/2016 13:33','07/12/2016 13:43','5'),(2505,569,99,'07/12/2016 13:43',NULL,'6'),(2506,569,40,'07/12/2016 13:43','14/12/2016 08:20','6'),(2507,527,100,'08/12/2016 13:08','31/03/2017 07:13','8'),(2508,527,40,'08/12/2016 13:08','14/12/2016 09:10','8'),(2509,555,184,'14/12/2016 08:18','03/03/2017 14:45','7'),(2510,529,52,'14/12/2016 08:19',NULL,'7'),(2511,564,100,'14/12/2016 08:21',NULL,'7'),(2512,545,171,'14/12/2016 08:33',NULL,'7'),(2513,551,42,'14/12/2016 08:33','13/02/2017 12:18','7'),(2514,538,100,'16/12/2016 10:13','31/03/2017 07:13','8'),(2515,538,40,'16/12/2016 10:13','16/12/2016 12:15','8'),(2516,538,100,'16/12/2016 10:13','31/03/2017 07:13','8'),(2517,538,40,'16/12/2016 10:13','16/12/2016 12:15','8'),(2518,538,100,'16/12/2016 10:13','31/03/2017 07:13','8'),(2519,538,40,'16/12/2016 10:13','16/12/2016 12:15','8'),(2520,538,100,'16/12/2016 10:14','31/03/2017 07:13','8'),(2521,538,40,'16/12/2016 10:14','16/12/2016 12:15','8'),(2522,538,100,'16/12/2016 10:14','31/03/2017 07:13','8'),(2523,538,40,'16/12/2016 10:14','16/12/2016 12:15','8'),(2524,538,100,'16/12/2016 10:14','31/03/2017 07:13','8'),(2525,538,40,'16/12/2016 10:14','16/12/2016 12:15','8'),(2526,538,100,'16/12/2016 10:14','31/03/2017 07:13','8'),(2527,538,40,'16/12/2016 10:14','16/12/2016 12:15','8'),(2528,538,100,'16/12/2016 10:14','31/03/2017 07:13','8'),(2529,538,40,'16/12/2016 10:14','16/12/2016 12:15','8'),(2530,538,100,'16/12/2016 10:14','31/03/2017 07:13','8'),(2531,538,40,'16/12/2016 10:14','16/12/2016 12:15','8'),(2532,538,100,'16/12/2016 10:14','31/03/2017 07:13','8'),(2533,538,40,'16/12/2016 10:14','16/12/2016 12:15','8'),(2534,538,100,'16/12/2016 10:15','31/03/2017 07:13','8'),(2535,538,40,'16/12/2016 10:15','16/12/2016 12:15','8'),(2536,538,100,'16/12/2016 10:15','31/03/2017 07:13','8'),(2537,538,40,'16/12/2016 10:15','16/12/2016 12:15','8'),(2538,538,100,'16/12/2016 10:15','31/03/2017 07:13','8'),(2539,538,40,'16/12/2016 10:15','16/12/2016 12:15','8'),(2540,560,142,'13/02/2017 10:22','13/04/2017 09:16','2'),(2541,551,100,'13/02/2017 12:18','31/03/2017 07:13','8'),(2542,551,40,'13/02/2017 12:18','22/02/2017 07:58','8'),(2543,555,100,'03/03/2017 14:45','31/03/2017 07:13','8'),(2544,555,40,'03/03/2017 14:45','13/04/2017 08:46','8'),(2545,570,37,'31/03/2017 07:16','03/04/2017 10:01','4'),(2546,571,37,'31/03/2017 07:18','03/04/2017 10:01','4'),(2547,570,40,'03/04/2017 13:43','13/04/2017 08:31','5'),(2548,571,40,'03/04/2017 13:44','13/04/2017 08:32','5'),(2549,572,37,'10/04/2017 12:41','12/04/2017 14:21','1'),(2550,573,37,'10/04/2017 12:44','12/04/2017 14:21','1'),(2551,574,37,'10/04/2017 12:47','12/04/2017 14:22','1'),(2552,575,142,'11/04/2017 13:19','13/04/2017 09:15','2'),(2553,572,100,'12/04/2017 14:21',NULL,'5'),(2554,573,100,'12/04/2017 14:21',NULL,'5'),(2555,574,100,'12/04/2017 14:22',NULL,'5'),(2556,570,100,'13/04/2017 08:31',NULL,'7'),(2557,571,100,'13/04/2017 08:32',NULL,'7'),(2560,557,37,'13/04/2017 09:16','17/04/2017 14:56','4'),(2561,557,100,'17/04/2017 14:56',NULL,'5'),(2562,560,100,'17/04/2017 14:56',NULL,'5'),(2563,575,100,'17/04/2017 14:56',NULL,'5'),(2564,576,47,'18/04/2017 21:34',NULL,'1');

--
-- Table structure for table `tempo_resposta`
--

CREATE TABLE `tempo_resposta` (
  `id_tempo` int(11) NOT NULL auto_increment,
  `diretor` int(11) default NULL,
  `financeiro` int(11) default NULL,
  `orcamento` int(11) default NULL,
  `passagens` int(11) default NULL,
  `veiculos` int(11) default NULL,
  `departamentos` int(11) default NULL,
  `areas` int(11) default NULL,
  PRIMARY KEY  (`id_tempo`)
) ENGINE=MyISAM AUTO_INCREMENT=2 DEFAULT CHARSET=latin1;

--
-- Dumping data for table `tempo_resposta`
--

INSERT INTO `tempo_resposta` VALUES (1,3,90,2,2,2,2,2);

--
-- Table structure for table `texto_inicial`
--

CREATE TABLE `texto_inicial` (
  `id_texto` int(11) NOT NULL auto_increment,
  `titulo` varchar(255) default NULL,
  `texto` text,
  PRIMARY KEY  (`id_texto`)
) ENGINE=MyISAM AUTO_INCREMENT=2 DEFAULT CHARSET=latin1;

--
-- Dumping data for table `texto_inicial`
--

INSERT INTO `texto_inicial` VALUES (1,'<u>Bem Vindo</u>','<strong><em>Seja bem vindo ao sistema de solicitação de diária.</em></strong><br/><br/>\r\n\r\nEste sistema tem como objetivo agilizar o processo de Solicitação de Diárias da Unespar - Campus de Campo Mourão.<br/>\r\n<br/>\r\nÀ direita da tela você terá um Manual de ajuda para a utilização do software.<br/>\r\n<br/>\r\n<br/>\r\n<a href=\"http://www.administracao.pr.gov.br/arquivos/File/DETO/DECRETO_DIARIA_S3498.pdf\" target=\"_blank\">Decreto 3498/2004 - Regulamenta a Lei Complementar nº 104/04, que dispõe sobre as Diárias dos servidores civis e militares.</a>\r\n<br/>\r\n<TABLE frame=\"box\" rules=\"groups\" summary=\"TABELA DE VALORES DAS DIÁRIAS\"> \r\n\r\n<CAPTION>TABELA DE VALORES DAS DIÁRIAS</CAPTION> \r\n<br/>\r\n<COLGROUP align=\"center\"> \r\n<COL> \r\n<COL style=\"background-color: #FFFFAA;\"> \r\n<COL style=\"background-color: #BDFCC9;\"> \r\n<THEAD> \r\n<TR> \r\n<br/>\r\n<TH>Distrito Federal\r\n<TH>Capitais\r\n<TH>Demais Municipios\r\n<TFOOT style=\"background-color: #05FFFF;\"> \r\n<TR> \r\n<TBODY> \r\n<TR><TD>R$ 290,00<TD>R$ 230,00<TD>R$ 180,00 \r\n</TABLE> ');

--
-- Table structure for table `tipos`
--

CREATE TABLE `tipos` (
  `Id_tipo` int(11) NOT NULL auto_increment,
  `tipo` varchar(30) default NULL,
  PRIMARY KEY  (`Id_tipo`)
) ENGINE=MyISAM AUTO_INCREMENT=4 DEFAULT CHARSET=latin1;

--
-- Dumping data for table `tipos`
--

INSERT INTO `tipos` VALUES (1,'Efetivo'),(2,'Colaborador'),(3,'Estagiario');

--
-- Table structure for table `valores_diarias`
--

CREATE TABLE `valores_diarias` (
  `id_valor` int(11) NOT NULL auto_increment,
  `capitais` decimal(10,2) default '0.00',
  `distrito_federal` decimal(10,2) default '0.00',
  `demais_municipios` decimal(10,2) default '0.00',
  `america_latina` decimal(10,2) default '0.00',
  `america_norte` decimal(10,2) default '0.00',
  `africa` decimal(10,2) default '0.00',
  `europa_turquia` decimal(10,2) default '0.00',
  `asia_oceania` decimal(10,2) default '0.00',
  PRIMARY KEY  (`id_valor`)
) ENGINE=MyISAM AUTO_INCREMENT=2 DEFAULT CHARSET=latin1;

--
-- Dumping data for table `valores_diarias`
--

INSERT INTO `valores_diarias` VALUES (1,'230.00','290.00','180.00','130.00','210.00','187.00','236.00','257.00');

--
-- Dumping routines for database 'blz'
--
DELIMITER ;;
DELIMITER ;


