-- MySQL dump 10.11
--
-- Host: localhost    Database: enieduc
-- ------------------------------------------------------
-- Server version	5.0.32-Debian_7etch10-log

/*!40101 SET @OLD_CHARACTER_SET_CLIENT=@@CHARACTER_SET_CLIENT */;
/*!40101 SET @OLD_CHARACTER_SET_RESULTS=@@CHARACTER_SET_RESULTS */;
/*!40101 SET @OLD_COLLATION_CONNECTION=@@COLLATION_CONNECTION */;
/*!40101 SET NAMES utf8 */;
/*!40103 SET @OLD_TIME_ZONE=@@TIME_ZONE */;
/*!40103 SET TIME_ZONE='+00:00' */;
/*!40014 SET @OLD_UNIQUE_CHECKS=@@UNIQUE_CHECKS, UNIQUE_CHECKS=0 */;
/*!40014 SET @OLD_FOREIGN_KEY_CHECKS=@@FOREIGN_KEY_CHECKS, FOREIGN_KEY_CHECKS=0 */;
/*!40101 SET @OLD_SQL_MODE=@@SQL_MODE, SQL_MODE='NO_AUTO_VALUE_ON_ZERO' */;
/*!40111 SET @OLD_SQL_NOTES=@@SQL_NOTES, SQL_NOTES=0 */;

--
-- Table structure for table `cad_boleto`
--

DROP TABLE IF EXISTS `cad_boleto`;
CREATE TABLE `cad_boleto` (
  `refTran` bigint(17) NOT NULL auto_increment,
  `idConv` int(6) default NULL,
  `dtVenc` int(8) default NULL,
  `dataPagamento` int(8) default NULL,
  `tpPagamento` int(2) default NULL,
  `nome` varchar(60) default NULL,
  `endereco` varchar(60) default NULL,
  `cidade` varchar(18) default NULL,
  `uf` char(2) default NULL,
  `cep` int(8) default NULL,
  `valor` bigint(15) default NULL,
  `msgLoja` text,
  `situacao` int(2) default NULL,
  PRIMARY KEY  (`refTran`)
) ENGINE=InnoDB DEFAULT CHARSET=latin1;

--
-- Dumping data for table `cad_boleto`
--

LOCK TABLES `cad_boleto` WRITE;
/*!40000 ALTER TABLE `cad_boleto` DISABLE KEYS */;
INSERT INTO `cad_boleto` VALUES (1,1541098,21072008,NULL,2,'teste','asdfa','21321','PR',32132132,2000,'Inscricao para II Enieduc',0),(2,1541098,21072008,NULL,2,'JOAO TESTE','2','2','PR',22222222,1200,'Inscricao para II Enieduc',0),(3,1541098,21072008,NULL,2,'TESTE MARIA','2222','2132','PR',32131321,2000,'Inscricao para II Enieduc',0),(4,1541098,21072008,NULL,2,'TESTE - JONIA','321','321','PR',21321321,1500,'Inscricao para II Enieduc',0),(5,1541098,21072008,NULL,2,'TESTE PEDRO','65465','DAASDF','PR',22222222,1200,'Inscricao para II Enieduc',0),(6,1541098,21072008,NULL,2,'32132','321','21','PR',321,1500,'Inscricao para II Enieduc',0),(7,1541098,21072008,NULL,2,'SDKJ','321321','321','PR',321,1200,'Inscricao para II Enieduc',0),(8,1541098,21072008,NULL,2,'FF','321','1321','PR',32133333,1200,'Inscricao para II Enieduc',0),(9,1541098,21072008,NULL,2,'TESTE','11111111111111','222','PR',2,2000,'Inscricao para II Enieduc',0),(10,1541098,21072008,NULL,2,'FFF','3','3','PR',33333333,2000,'Inscricao para II Enieduc',0),(11,1541098,21072008,NULL,2,'teste','321','321','PR',32132132,1200,'Inscricao para II Enieduc',0),(12,1541098,4082008,NULL,2,'REBECA DE SOUZA FIGUEIRA','AV DR DIDIO BOSCARDIM BELLO','PEABIRU','PR',87250000,1500,'Inscricao para II Enieduc',0);
/*!40000 ALTER TABLE `cad_boleto` ENABLE KEYS */;
UNLOCK TABLES;

--
-- Table structure for table `cad_inscricao`
--

DROP TABLE IF EXISTS `cad_inscricao`;
CREATE TABLE `cad_inscricao` (
  `cd_inscrito` int(11) NOT NULL auto_increment,
  `nm_inscrito` varchar(100) NOT NULL,
  `cpf_inscrito` varchar(14) NOT NULL default '',
  `email_inscrito` varchar(100) default NULL,
  `fone_inscrito` varchar(20) default NULL,
  `end_inscrito` varchar(250) default NULL,
  `end_num_inscrito` varchar(7) default NULL,
  `cidade_inscrito` varchar(100) default NULL,
  `uf_inscrito` varchar(2) default NULL,
  `compl_inscrito` varchar(100) default NULL,
  `cep_inscrito` varchar(10) default NULL,
  `vinculado` int(1) default NULL,
  `tipo_participacao` varchar(3) default NULL,
  `opcao1` varchar(100) default NULL,
  `opcao2` varchar(100) default NULL,
  `st_pago` int(1) default NULL,
  PRIMARY KEY  (`cd_inscrito`,`cpf_inscrito`),
  UNIQUE KEY `cpf_inscrito` (`cpf_inscrito`)
) ENGINE=InnoDB DEFAULT CHARSET=latin1;

--
-- Dumping data for table `cad_inscricao`
--

LOCK TABLES `cad_inscricao` WRITE;
/*!40000 ALTER TABLE `cad_inscricao` DISABLE KEYS */;
INSERT INTO `cad_inscricao` VALUES (1,'teste','883.461.969-20','ff','(32)12','asdfa','1321','21321','PR','321321','32.132-132',0,'ouv','DocenteNãoVinculado','Instituição',0),(2,'JOAO TESTE','022.157.305-44','kkkk','(22)22','2','2','2','PR','2','22.222-222',1,'ouv','DocenteFormacaoContinuada','',0),(3,'TESTE MARIA','062.629.104-68','kkkk','(65)465','2222','2321','2132','PR','231','32.131-321',0,'ouv','DocenteNãoVinculado','Instituição',0),(4,'TESTE - JONIA','293.579.506-72','21','(32)1','321','321','321','PR','','21.321-321',1,'tra','DocenteDiscenteIniciação','',0),(5,'TESTE PEDRO','647.477.356-15','32132','(32)1321','65465','6546546','DAASDF','PR','','22.222-222',1,'ouv','DocenteDiscenteIniciação','',0),(6,'32132','416.610.101-30','231','(21)32','321','3213','21','PR','321','32.1',1,'tra','DocenteDiscenteIniciação','',0),(7,'SDKJ','063.199.123-91','dkjf','(33)1321321321','321321','321','321','PR','321','32.1',1,'ouv','DocenteDiscenteIniciação','',0),(8,'FF','018.848.058-76','321','(32)1','321','32132','1321','PR','3','32.133-333',1,'ouv','DocenteDiscenteIniciação','',0),(9,'TESTE','182.556.633-04','ddd','(33)33333333333333','11111111111111','222','222','PR','2','2',0,'ouv','DocenteNãoVinculado','Instituição',0),(10,'FFF','080.922.574-34','d','(3','3','3','3','PR','3','33.333-333',0,'ouv','DocenteNãoVinculado','Instituição',0),(11,'teste','904.759.418-53','ddd','(32)1','321','321','321','PR','321','32.132-132',1,'ouv','DiscentePos','d',0),(12,'REBECA DE SOUZA FIGUEIRA','051.011.399-04','rebeca_desde1990@hotmail.com','(44)35311990','AV DR DIDIO BOSCARDIM BELLO','349','PEABIRU','PR','','87.250-000',1,'ouv','DiscenteFecilcam','Letras',0);
/*!40000 ALTER TABLE `cad_inscricao` ENABLE KEYS */;
UNLOCK TABLES;

--
-- Table structure for table `cad_minicurso`
--

DROP TABLE IF EXISTS `cad_minicurso`;
CREATE TABLE `cad_minicurso` (
  `cd_minicurso` int(2) unsigned NOT NULL,
  `ds_minicurso` varchar(250) NOT NULL,
  `nm_limite` int(2) NOT NULL,
  PRIMARY KEY  (`cd_minicurso`)
) ENGINE=InnoDB DEFAULT CHARSET=latin1;

--
-- Dumping data for table `cad_minicurso`
--

LOCK TABLES `cad_minicurso` WRITE;
/*!40000 ALTER TABLE `cad_minicurso` DISABLE KEYS */;
INSERT INTO `cad_minicurso` VALUES (1,'Resolvendo problemas nas séries iniciais do ensino fundamental',22),(2,'A música na educação infantil e sua contribuição para a formação integral da criança',3),(3,'A língua de sinais: facilitadora da inclusão do sujeito surdo',13),(4,'A importância do movimento na educação infantil',14),(5,'A importância da pesquisa em educação',8),(6,'A educação do olhar: uma proposta para a prática da arte na escola',14),(7,'Atendimento Educacional Especializado: Orientações pedagógicas para uma prática inclusiva',16),(8,'Contos desenhados',20),(9,'Política educacional: A construção histórica de uma \"Balcão de Negócios\"',22),(10,'Os testes psicológicos no meio educacional: uma auxílio para os docentes ou um mecanismo de ',15),(11,'Geometrias Não-Euclidianas',17),(12,'Introdução à Programação em Matlab',18),(13,'Utilização da Calculadora como auxiliar para as aulas de matemática no Ensino Fundamental',38),(14,'A magia dos números no ensino e aprendizagem da matemática',21),(15,'(Oficina) Introdução à análise da imagem: a transposição do ideológico ao real',17);
/*!40000 ALTER TABLE `cad_minicurso` ENABLE KEYS */;
UNLOCK TABLES;

--
-- Table structure for table `uniao_boleto_inscricao`
--

DROP TABLE IF EXISTS `uniao_boleto_inscricao`;
CREATE TABLE `uniao_boleto_inscricao` (
  `refTran` bigint(17) NOT NULL default '0',
  `cd_inscrito` int(11) NOT NULL default '0',
  PRIMARY KEY  (`refTran`,`cd_inscrito`),
  KEY `cd_inscrito` (`cd_inscrito`),
  CONSTRAINT `uniao_boleto_inscricao_ibfk_1` FOREIGN KEY (`cd_inscrito`) REFERENCES `cad_inscricao` (`cd_inscrito`) ON DELETE NO ACTION ON UPDATE NO ACTION,
  CONSTRAINT `uniao_boleto_inscricao_ibfk_2` FOREIGN KEY (`refTran`) REFERENCES `cad_boleto` (`refTran`) ON DELETE NO ACTION ON UPDATE NO ACTION
) ENGINE=InnoDB DEFAULT CHARSET=latin1;

--
-- Dumping data for table `uniao_boleto_inscricao`
--

LOCK TABLES `uniao_boleto_inscricao` WRITE;
/*!40000 ALTER TABLE `uniao_boleto_inscricao` DISABLE KEYS */;
INSERT INTO `uniao_boleto_inscricao` VALUES (1,1),(2,2),(3,3),(4,4),(5,5),(6,6),(7,7),(8,8),(9,9),(10,10),(11,11),(12,12);
/*!40000 ALTER TABLE `uniao_boleto_inscricao` ENABLE KEYS */;
UNLOCK TABLES;

--
-- Table structure for table `uniao_inscricao_minicurso`
--

DROP TABLE IF EXISTS `uniao_inscricao_minicurso`;
CREATE TABLE `uniao_inscricao_minicurso` (
  `cd_inscrito` int(11) NOT NULL,
  `cd_minicurso` int(2) unsigned NOT NULL,
  PRIMARY KEY  (`cd_inscrito`,`cd_minicurso`),
  KEY `cd_minicurso` (`cd_minicurso`),
  CONSTRAINT `uniao_inscricao_minicurso_ibfk_1` FOREIGN KEY (`cd_inscrito`) REFERENCES `cad_inscricao` (`cd_inscrito`) ON DELETE NO ACTION ON UPDATE NO ACTION,
  CONSTRAINT `uniao_inscricao_minicurso_ibfk_2` FOREIGN KEY (`cd_minicurso`) REFERENCES `cad_minicurso` (`cd_minicurso`) ON DELETE NO ACTION ON UPDATE NO ACTION
) ENGINE=InnoDB DEFAULT CHARSET=latin1;

--
-- Dumping data for table `uniao_inscricao_minicurso`
--

LOCK TABLES `uniao_inscricao_minicurso` WRITE;
/*!40000 ALTER TABLE `uniao_inscricao_minicurso` DISABLE KEYS */;
INSERT INTO `uniao_inscricao_minicurso` VALUES (11,1),(12,8),(11,9);
/*!40000 ALTER TABLE `uniao_inscricao_minicurso` ENABLE KEYS */;
UNLOCK TABLES;

--
-- Dumping routines for database 'enieduc'
--
DELIMITER ;;
DELIMITER ;
/*!40103 SET TIME_ZONE=@OLD_TIME_ZONE */;

/*!40101 SET SQL_MODE=@OLD_SQL_MODE */;
/*!40014 SET FOREIGN_KEY_CHECKS=@OLD_FOREIGN_KEY_CHECKS */;
/*!40014 SET UNIQUE_CHECKS=@OLD_UNIQUE_CHECKS */;
/*!40101 SET CHARACTER_SET_CLIENT=@OLD_CHARACTER_SET_CLIENT */;
/*!40101 SET CHARACTER_SET_RESULTS=@OLD_CHARACTER_SET_RESULTS */;
/*!40101 SET COLLATION_CONNECTION=@OLD_COLLATION_CONNECTION */;
/*!40111 SET SQL_NOTES=@OLD_SQL_NOTES */;

-- Dump completed on 2025-01-21 11:19:14
