--
-- Host: localhost    Database: rhcm
-- ------------------------------------------------------


--
-- Table structure for table `atiAdministracao`
--

CREATE TABLE `atiAdministracao` (
  `admId` int(11) NOT NULL auto_increment,
  `admDescricao` varchar(200) NOT NULL,
  `admCargaHoraria` float NOT NULL,
  `admAuxilio` varchar(6) NOT NULL,
  `pesId` int(11) NOT NULL,
  PRIMARY KEY  (`admId`),
  KEY `fk_atiAdministracao_pessoa1_idx` (`pesId`)
) ENGINE=InnoDB DEFAULT CHARSET=latin1;

--
-- Dumping data for table `atiAdministracao`
--

INSERT INTO `atiAdministracao` VALUES (1,'Centro de Informática',40,'Outros',3),(2,'blablabla',7,'Nenhum',4),(4,'DIRETOR DO CENTRO DE CIÊNCIAS SOCIAIS APLICADAS - Campus de Campo Mourão',32,'DA',20),(11,'DIRETOR DO CENTRO DE CIÊNCIAS HUMANAS E DA EDUCAÇÃO - Campus de Campo Mourão',32,'DA',12),(13,'Licença Integral para capacitação',40,'Nenhum',11),(14,'Coordenação de Colegiado',10,'FA',23),(15,'Colegiado de Curso',0.5,'Nenhum',23),(16,'Conselho de Centro de Área',0,'Nenhum',23),(17,'Conselho de Campus',0,'Nenhum',23),(18,'Colegiado de Curso',0.5,'Nenhum',24),(19,'Colegiado de Ciências Econômicas',0.5,'Nenhum',26),(20,'Coordenação de Curso',16,'FA',27),(23,'Colegiado de Curso',1,'Nenhum',30),(25,'COORDENAÇÃO DO CURSO DE CIÊNCIAS CONTÁBEIS',10,'FA',32),(26,'COLEGIADO DE CIÊNCIAS CONTÁBEIS',0.5,'Nenhum',32),(27,'NÚCLEO DOCENTE ESTRUTURANTE',1,'Nenhum',32),(28,'COMITÊ ASSESSOR LOCAL NUPEM',2,'Nenhum',32),(29,'COMISSÃO SEMINÁRIO SOCIAIS APLICADAS',1,'Nenhum',32),(30,'Diretoria de Pesquisa - Unespar (32h)',32,'Nenhum',36),(31,'Colegiado de Ciências Contábeis',0.5,'Outros',35),(32,'MEMBRO DO CONSELHO UNIVERSITÁRIO',2,'Nenhum',34),(33,'COLEGIADO DE ADMINISTRAÇÃO',0.5,'Nenhum',34),(35,'Comissão de Estudos para Implantação dos Programas de Extensão do Campus de Campo Mourão',1,'Outros',35),(36,'Coordenação de TCC',2,'Outros',35),(39,'Coordenador da Estação Ecológica do Cerrado',4,'Outros',38),(40,'Colegiado de Economia',0.5,'Outros',37),(42,'Coordenador do Laboratório de Estudos Paleoambientais da Fecilcam',4,'FA',38),(43,'Coordenação do Grupo de Trabalho para implantação do mestrado em História',0,'Nenhum',39),(44,'Comitê de Centro de Área: Ciências Humanas',0,'Nenhum',39),(45,'Colegiado de História',0.5,'Nenhum',39),(46,'Colegiado PPGSeD',0.5,'Nenhum',39),(47,'Coordenador do LEHIS - Laboratório de Ensino de História',0,'Nenhum',39),(48,'Comissão Construção do Campus - Port. n. 170/2013-D',0,'Nenhum',39),(49,'Conselho Editorial Revista - NUPEM - Port. N. 162/2009-D',0,'Nenhum',39),(50,'Coordenação de Estágio do Curso de Administração',2,'Nenhum',42),(51,'Colegiado do Curso de Administração',0.5,'Nenhum',42),(52,'Coordenação do Colegiado de Matemática - FA3',10,'FA',44),(55,'Colegiado do Curso de Administração',0.5,'Outros',20),(56,'Conselho do Campus de Campo Mourão',0,'Outros',20),(57,'Conselho de Ensino, Pesquisa e Extensão - CEPE (UNESPAR)',0,'Outros',20),(59,'NDE - portaria N. 183/2013-D',0,'Nenhum',31),(63,'Colegiado do Curso de Administração',0.5,'Nenhum',47),(64,'Colegiado do Curso de Ciencias Contabeis',0.5,'Nenhum',47),(65,'CONSELHO DE CAMPUS (PORTARIA 155/2014)',0,'Nenhum',51),(66,'COLEGIADO DO CURSO DE ENGENHARIA DE PRODUÇÃO AGROINDUSTRIAL',0,'Nenhum',51),(68,'Comitê de Controle Interno',1,'Outros',35),(69,'Colegiado Ciências Econômicas',0.5,'Nenhum',52),(70,'Colegiado de Matemática',0,'Nenhum',49),(71,'Coordenação Esp. Ensino de Matemática',0,'Nenhum',49),(72,'Assistência técnica da Extensão – Portaria 154/2013',18,'FA',49),(73,'Comissão de Acompanhamento do Pibid (CAP)',0,'Nenhum',49),(74,'Conselho de Campus',0,'Nenhum',11),(75,'Licença Integral para capacitação - PORTARIA N.º 006/2015',40,'Nenhum',54),(76,'teste',0.5,'Outros',3),(77,'teste',0,'FA',3),(78,'teste',0,'Nenhum',3),(79,'AUDITOR E CONTROLADOR DA UNESPAR',40,'DA',56),(80,'teste2',1.5,'DA',3),(81,'Colegiado de Ciências Econômicas',0.5,'Nenhum',46),(82,'Colegiado de Administração',0.5,'Nenhum',46),(83,'Colegiado Economia',0.5,'',63),(84,'Colegiado de Turismo',0.5,'',63),(85,'Colegiado  de Engenharia de Produção Agroindustrial',0.5,'',63),(86,'Colegiado do Curso de Ciências Contábeis',0.5,'Nenhum',64),(87,'NDE - Núcleo Docente Estruturante',1,'',64),(88,'Membro do CALIC - Portaria nº 207/2014 - Reitoria Unespar',2,'Nenhum',66),(89,'NDE',1,'',66),(90,'Camite Assessor de Campus (NUPEM) - Portaria nº 207/2014 Reitoria Unespar',1,'',66),(91,'Colegiado de Engenharia de Produção Agroindustrial',0.5,'',66),(92,'NDE (portaria N. 183/2013-D)',1,'Nenhum',58),(93,'Conselho de Centro de Área - Portaria 157/2014',1,'Nenhum',58),(94,'Colegiado do Curso de EPA',0.5,'Nenhum',58),(95,'Coordenação de Estágios e Trabalho de Graduação EPA/5ano',2,'Nenhum',58),(96,'Colegiado de ciências Econômicas',1,'',61),(98,'COLEGIADO DO CURSO DE CIÊNCIAS CONTÁBEIS',0.5,'Outros',69),(99,'Chefe de Divisão de Graduação - FA',12,'FA',70),(100,'Conselho da Biblioteca',1,'Nenhum',70),(103,'Colegiado de História',0.5,'Nenhum',70),(104,'Orientadora de Estágio  remunerado',2,'Nenhum',72),(105,'Colegiado de Curso de Turismo e Meio Ambiente',0.5,'',33),(106,'Conselho de Centro de Ciências Sociais Aplicadas',1,'',33),(107,'Conselho Editorial - Revista NUPEM',0.5,'Nenhum',36),(108,'Conselho Editorial - Revista Educação e Linguagens',0.5,'Nenhum',36),(109,'Colegiado - Pedagogia',0.5,'Nenhum',36),(110,'Colegiado - PPGSeD',0.5,'Nenhum',36),(111,'Licença integral para capacitação | conclusão de doutoramento | fev/2015 a agosto/2015',40,'Nenhum',73),(112,'Colegiado do curso de Ciências Contábeis',0,'Nenhum',73),(113,'Membro do Conselho de Centro de Área - Ciências Sociais Aplicadas',0,'Nenhum',73),(114,'Membro do Núcleo Docente Estruturante - NDE - do curso de Ciências Contábeis',0,'Nenhum',73),(115,'colegiado de contabeis',0.5,'',65),(116,'Colegiado de ADM ',0.5,'Nenhum',74),(117,'Colegiado de Contábeis',0.5,'Nenhum',74),(118,'Colegiado e EPA',0.5,'Nenhum',74),(119,'Colegiado EPA',0.5,'Nenhum',76),(120,'NDE - Portaria n. 183/2013/D',1,'Nenhum',76),(121,'Comissão de Estudos Programas de Extensão - Portaria n. 149/2014-D',1,'Nenhum',76),(122,'Colegiado do Curso de Administração',0.5,'Outros',41),(123,'CHEFE DA DIVISÃO DE EXTENSÃO E CULTURA DO CAMPUS DA UNESPAR DE CAMPO MOURÃO',20,'FA',77),(124,'Diretora da Editora da FECILCAM',6,'FA',78),(125,'Colegiado do curso de Pedagogia  ',0.5,'',78),(126,'Colegiado do Curso de Administração',0.5,'Nenhum',77),(127,'Conselho de Campus da Unespar - Campus de Campo Mourão',0.5,'Nenhum',77),(128,'Comissão Interna de Extensão Universitária da Unespar - Campus de Campo Mourão',0.5,'Nenhum',77),(129,'COMISSÃO DE CONSTRUÇÃO DO CAMPUS',1,'Nenhum',80),(132,'COLEGIADO DE MATEMÁTICA',0,'Nenhum',83),(133,'Colegiado de Curso de Turismo e Meio Ambiente',0.5,'Nenhum',29),(134,'Coordenação de Monografia',2,'Nenhum',29),(136,'Núcleo Docente Estruturante',1,'Nenhum',88),(137,'DIREÇÃO DE CAMPUS',40,'DA',88),(138,'Coordenação de Estágio Disciplinas Estágio Supervisionado I e II',0,'Nenhum',75),(139,'LICENÇA ESPECIAL',12,'Nenhum',91),(140,'Colegiado de Pedagoia',1,'',89),(141,'Seção de Ensino',10,'FA',96),(142,'Afastamento Integral para Doutorado',40,'Nenhum',99),(143,'Núcleo Docente Estruturante (NDE - Portaria N. 183/2013-D)',1,'Outros',41),(144,'Colegiado do Curso de Administração',1,'Outros',100),(145,'Colegiado do curso de Eng. Prod. Agroindustrial',1,'Outros',100),(146,'Coordenação de Avaliação Institucional',32,'FA',102),(147,'Colegiado de Turismo e Meio Ambiente',0.5,'Outros',102),(148,'Colegiado de Administração',0.5,'Outros',102),(149,'Núcleo Docente Estruturante (NDE - Portaria N. 183/2013-D)',0,'Nenhum',95),(150,'Conselho do Campus de Campo Mourão',0,'Nenhum',95),(151,'Conselho do Centro de Ciências Sociais Aplicadas',0,'Nenhum',95),(152,'Coordenador do Curso de Administração (Portaria: 017/2014)',10,'FA',95),(153,'Colegiado do Curso de Administração',0.5,'Nenhum',95),(154,'Colegiado do Curso de Administração',0.5,'Nenhum',94),(155,'Colegiado do Curso de Ciências Contábeis',0.5,'Nenhum',94),(156,'Colegiado do Curso de Turismo e Meio Ambiente',0.5,'Nenhum',94),(157,'Conselho do Centro de Ciências Sociais Aplicadas',0,'Nenhum',20),(158,'COLEGIADO DO CURSO DE ENGENHARIA DE PRODUÇÃO',1,'',81),(159,'COLEGIADO DE CURSO ENGENHARIA DE PRODUÇÃO AGROINDUSTRIAL',0.5,'Nenhum',97),(160,'Colegiado de Ciências Contábeis',0,'Nenhum',11),(161,'COMITÊ ASSESSOR DE CAMPUS - INICIAÇÃO CIENTÍFICA (NUPEM)',0.5,'Nenhum',103),(162,'COLEGIADO DE MATEMÁTICA',0.5,'Nenhum',103),(163,'Editor da Revista Paranaense de Educação Matemática',2,'Nenhum',86),(164,'Membro do Colegiado do Curso de Matemática',0,'Nenhum',86),(165,'Membro do Conselho Universitário da Unespar',0,'Nenhum',86),(166,'Coordenação do Estágio Supervisionado de Matemática',0,'Nenhum',86),(167,'COLEGIADO DO CURSO DE EPA',0.5,'Nenhum',87),(168,'Colegiado de curso',2,'Nenhum',104),(169,'Coordenadora de Iniciação Científica de Câmpus e coordenadora do NUPEM - Portaria 058/2014-D',20,'FA',105),(170,'Colegiado de Matemática',0,'Nenhum',105),(173,'Membro do Conselho de Câmpus	',1,'Nenhum',82),(174,'COLEGIADO DE ECONOMIA',1,'Nenhum',106),(178,'Colegiado de História',0,'',107),(179,'Membro do Nupem',2,'',107),(184,'Colegiado de Pedagogia',0.5,'Nenhum',110),(185,'Comitê Assessor Local de Câmpus - Iniciação Científica – Nupem',1.5,'Nenhum',110),(186,'Editor Revista Educação e Linguagens - UNESPAR/Campo Mourão',4,'Nenhum',110),(187,'Colegiado de Pedagogia',0.5,'Nenhum',96),(188,'Conselho Editorial Revista Educação e Linguagens',0.5,'Nenhum',96),(189,'Colegiado de Matemática',0,'Nenhum',112),(190,'Membro do Conselho do Centro de Ciências Humanas e da Educação (Portaria 156/2014)',1,'Nenhum',112),(191,'Membro da comissão permanente de avaliação institucional da UNESPAR',1,'Nenhum',112),(192,'Comissão de Estudos para Implantação dos Programas de Extensão do Campus de Campo Mourão - Portaria 149/2014-D',0,'Nenhum',49),(195,'Colegiado de Matemática',0.5,'Nenhum',59),(196,'Coordenação da Graduação em História',10,'Nenhum',48),(197,'Comissão de Extensão',0.5,'Nenhum',48),(198,'Coordenação Do Colegiado de Pedagogia',10,'FA',115),(199,'Comissão ENIEDUC',1,'Nenhum',115),(201,'Colegiado de curso',0.5,'Nenhum',116),(202,'Coordenação do Programa de Pós-Graduação Interdisciplinar Sociedade e Desenvolvimento',10,'FA',120),(203,'Pró-Reitoria de Pesquisa e Pós-Graduação da Universidade Estadual do Paraná - PRPPG',20,'DA',120),(204,'Editor da Revista NUPEM',1,'Outros',120),(205,'Conselho de Centro',1,'Outros',121),(207,'Coordenação de Estágio',2,'Nenhum',23),(208,'Colegiado de Curso Turismo e Meio Ambiente',0.5,'Nenhum',24),(209,'Colegiado de Curso Turismo e Meio Ambiente',0.5,'Nenhum',24),(210,'Coordenação do Curso de Letras',4,'FA',124),(211,'Colegiado Curso de Matemática',0,'Nenhum',72),(212,'Comissão do ENIEDUC',2,'Nenhum',72),(214,'Colegiado de Letras',0.5,'Nenhum',125),(215,'Colegiado do Programa Sociedade e Desenvolvimento',0.5,'Nenhum',125),(217,'Colegiado de Pedagogia',0.5,'',126),(218,'Colegiado do Curso de Letras',0,'Outros',127),(219,'Comissão de Extensão',1,'Nenhum',117),(221,'Colegiado de História (reuniões)',0,'',75),(223,'Núcleo Docente Estruturante',0,'Nenhum',115),(224,'Colegiado de Pedagogia',1,'Outros',121),(225,'NDE - Núcleo Docente Estruturante',1,'Nenhum',133),(226,'Colegiado',1,'Nenhum',136),(227,'Nucleo Docente Estruturante - NDE',1,'FA',137),(228,'Programa Institucional de Bolsa de Iniciação à Docência',4,'Outros',137),(229,'Chefe da divisão de Pesquisa e Pós-Graduação- Portaria 038/14',12,'FA',21),(230,'Membro do Conselho do Centro de Ciências Humanas e da Educação',0,'Outros',21),(231,'Membro da Comissão de Estudos para Implementaçao dos Programas de Extensão da UNESPAR/Campo Mourão (Portaria 149/2014-D)',1,'',94),(232,'Colegiado no curso de graduação em Pedagogia',1,'Outros',137),(233,'Comissão ENIEDUC',1,'Nenhum',139),(234,'Colegiado do Curso de Pedagogia',0.5,'Nenhum',139),(235,'Membro do conselho editorial da Revista Paranaense de Educação Matemática – portaria nº 102/2011 D',0.5,'Nenhum',59),(236,'Vice - Diretor do campus de Campo Mourão',30,'DA',111),(237,'Coordenação Geral da Comissão de Avaliação das Redações do Vestibular',0,'Nenhum',118),(238,'Núcleo Docente Estruturante',1,'Nenhum',118),(239,'Colegiado do Curso de Letras',0,'Nenhum',118),(240,'Colegiado de Letras',1,'Nenhum',133),(241,'Conselho Editorial Revista Educação e Linguagens',1,'Nenhum',118),(242,'Colegiado de Matemática',0,'Outros',111),(243,'NÚCLEO DOCENTE ESTRUTURANTE',1,'Nenhum',144),(244,'CONSELHO DE CAMPUS',1,'Nenhum',144),(245,'CONSELHO EDITORIAL DA REVISTA EDUCAÇÃO E LINGUAGENS',1,'Nenhum',144),(246,'CONSELHO CONSULTIVO DA BIBLIOTECA',0.5,'Nenhum',144),(247,'COLEGIADO DE LETRAS',0.5,'Nenhum',144),(248,'Coordenação de Estágio',2,'Nenhum',133),(249,'Conselho de Centro - Representante Colegiado de Letras',1,'Nenhum',133),(250,'Colegiado Letras',0,'FA',124),(251,'Nucleo Docente Estruturante - Letras',0,'',124),(252,'Colegiado Mestrado Sociedade e Desenvolvimento',0,'',124),(253,'Colegiado do Curso de Geografia',0.5,'Outros',146),(254,'Comissão Editorial da Revista Educação e Linguagens',0,'',124),(255,'Coordenador da Estação Climatológica Principal - FECILCAM/INMET',4,'',145),(256,'Colegiado do Curso de Geografia',0.5,'Nenhum',145),(257,'Reuniâo de Colegiado',0.5,'',129),(258,'Laboratório de Geografia Humana - Vice coordenadora',0,'Nenhum',148),(259,'Colegiado de Pedagogia',0,'',138),(260,'NDE - Núcleo Docente Estruturante',0,'Nenhum',149),(261,'Coordenação do Grupo de Trabalho para Implantação do Mestrado em Letras',0,'Nenhum',149),(262,'Conselho de Campus - Colegiado Mestrado Interdisciplinar',1,'Nenhum',149),(263,'Colegiado PPGSeD',0.5,'Nenhum',149),(264,'Colegiado de Letras ',0.5,'Nenhum',149),(265,'Conselho Editorial Revista NUPEM ',1,'Nenhum',149),(266,'Conselho Editorial Revista Educação e Linguagens',1,'Nenhum',149),(269,'Colegiado',0.5,'Nenhum',114),(271,'Coordenação de Estágio Supervisionado',1,'Nenhum',140),(272,'Colegiado de Letras',0.5,'Nenhum',140),(273,'Colegiado de Turismo e Meio Ambiente',0.5,'Nenhum',140),(274,'Colegiado de História',0.5,'Nenhum',119),(275,'Colegiado de História',0.5,'Nenhum',150),(278,'Colegiado de Turismo',0.5,'Nenhum',150),(279,'Comissão ENIEDUC - 2015',1,'Nenhum',150),(280,'Conselho Municipal do Idoso - Representando o Campus de Campo Mourão/UNESPAR',1,'Nenhum',150),(282,'Colegiado',0.5,'',151),(283,'Colegiado Letras',0.5,'Nenhum',154),(284,'Colegiado Pedagogia',0.5,'Nenhum',154),(285,'Colegiado Contabilidade',0.5,'Nenhum',154),(286,'Colegiado EPA',0.5,'Nenhum',154),(287,'Coordenação Institucional e Local do PDE',10,'Outros',125),(289,'Participação em reuniões do Colegiado de Geografia',0.5,'',142),(291,'Participação no conselho editorial da revista Educação e Linguagens',1,'',158),(292,'Coordenação do curso de pós-graduação lato sensu em Estudos Literários',2,'',158),(293,'Colegiado de Letras',0,'',158),(294,'COLEGIADO DE LETRAS',0.5,'Nenhum',159),(296,'COLEGIADO DE ENGENHARIA DE PRODUÇÃO AGROINDUSTRIAL',0.5,'Nenhum',159),(297,'Diretora de Ensino da Pró-Reitoria de Graduação da UNESPAR',32,'DA',162),(298,'Conselho Universitário da UNESPAR - COU',0,'DA',162),(299,'Comissão de Acompanhamento do PIBID da UNESPAR',0,'Nenhum',162),(300,'Núcleo Docente Estruturante - NDE',0,'Nenhum',162),(301,'Membro do Comitê Assessor do NUPEM ',2,'',163),(302,'Membro do Comitê Assessor local do CALIC. ',0,'Nenhum',163),(303,'Membro do comitê de avaliação da revista GEOMAE',0.5,'',163),(304,' Colegiado de Geografia ',0.5,'',163),(305,'Colegiado de História',0.5,'',163),(306,'Editora da Revista GEOMAE',1,'Nenhum',165),(307,'Comite campus NUPEM',2,'Nenhum',164),(308,'Conselho Científico revista GEOMAE',1,'Nenhum',165),(309,'Membro do Conselho Universitário',2,'Nenhum',165),(311,'Coordenação do LAGSER',4,'FA',165),(312,'Membro do Colegiado de Geografia',0.5,'Nenhum',165),(313,'CONSELHO EDITORIAL DA REVISTA NUPEM',1,'FA',166),(314,'PARECERISTA REVISTAS E EVENTOS DA INSTITUIÇÃO',1,'Nenhum',166),(315,'MEMBRO DO COLEGIADO DE LETRAS',0,'DA',166),(316,'Coordenação do Laboratório de Pesquisa Geoambiental',4,'FA',160),(318,'\"Museu de Geologia\"',4,'FA',161),(319,'Conselho dos Recursos Hídricos do Estado do Paraná',1,'Outros',160),(320,'Conselho do Meio Ambiente do Município de Campo Mourão',0,'Outros',160),(321,'Membro do colegiado do Programa de Pós-Graduação Sociedade e Desenvolvimento',0,'Outros',21),(322,'Conselho Científico Revista GEOMAE',1,'Nenhum',57),(323,'Coordenadora do LAGEOH - Laboratório de Geografia Humana',3,'Nenhum',57),(324,'Comissão Científica da Revista Geomae',1,'Nenhum',143),(325,'Colegiado de Geografia',0,'Outros',160),(326,'Núcleo Docente Estruturante',0,'Nenhum',96),(327,'Colegiado de Geografia',1,'Nenhum',57),(328,'Comissão do ENIEDUC',1,'',57),(329,'Colegiado de Geografia',0,'Nenhum',143),(330,'Pacto - Plano Nacional de Fortalecimento do Ensino Médio',0,'Outros',163),(333,'Núcleo Docente Estruturante - NDE',1,'',89),(334,'Colegiado de Pedagogia',0.5,'',89),(335,'Colegiado',0.5,'Nenhum',117),(336,'Coordenação do Curso de Geografia',12,'FA',171),(337,'Coordenação de Estágio Curricular Supervisionado em Geografia',1,'Nenhum',171),(338,'Colegiado de Geografia',0,'',171),(339,'COORDENAÇÃO DE CURSO',10,'FA',51),(340,'CONSELHO DE CENTRO DE ÁREA',0,'Nenhum',51),(341,'Participação em reuniões do Colegiado de Geografia',0.5,'',172),(342,'Licença Integral para Capacitação - Doutorado 02/Fev/2015 - 31/Dez/2015',40,'',31),(343,'Coordenação do Laboratório de Cartografia Geral',3,'',172),(346,'Comitê campus NUPEM',2,'',170),(347,'Colegiado de Letras',0.5,'Nenhum',170),(348,'PRÓ-REITOR DE ENSINO DE GRADUAÇÃO',32,'DA',174),(349,'COLEGIADO DE HISTÓRIA',0.5,'Nenhum',12),(350,'Comissão do Enieduc',1,'Nenhum',127),(351,'Núcleo Docente Estruturante',0,'Nenhum',70),(352,'Mambro do Conselho de Campus',1,'Outros',66),(353,'Membro do Conselho de Centro de Área',1,'',48),(354,'Membro do Colegiado de História',0.5,'',48),(355,'Colegiado Ciências Contábeis',0.5,'Nenhum',52),(356,'Membro do Centro de Área',1,'',48),(357,'Conselho de Campus',1,'',48),(358,'Membro do Conselho Editorial da Revista NUPEM',0,'Outros',21),(359,'Coordenador do Curso de Pós- Graduação: Geografia, Meio Ambiente e Ensino - Turma 2015.',0,'FA',21),(360,'MEMBRO DO COLEGIADO DE TURISMO E MEIO AMBIENTE',0.5,'',34),(361,'COLEGIADO DE HISTÓRIA',0.5,'',34),(362,'COLEGIADO DE CIÊNCIAS ECONÔMICAS',0.5,'',34),(363,'Núcleo Docente Estruturante - Portaria 183/2013-D',0.5,'Nenhum',42),(364,'COlegiado',0.5,'',24),(365,'Colegiado de curso',0.5,'Nenhum',178),(366,'Administrativo',0.5,'Nenhum',178),(369,'Colegiado do curso de Turismo e Meio Ambiente',1,'Nenhum',179),(370,'Colegiado de Curso',1,'Nenhum',180),(371,'Licença integral para capacitação em pós-doutorado.',40,'',98),(372,'NDE - Núcleo Docente Estruturante',1,'Nenhum',180),(373,'Colegiado de Ciências Econômicas',0.5,'Nenhum',53),(374,'Colegiado PPGSeD',0.5,'Nenhum',53);

--
-- Table structure for table `atiEnsino`
--

CREATE TABLE `atiEnsino` (
  `ensId` int(11) NOT NULL auto_increment,
  `ensAtividade` varchar(10) NOT NULL,
  `ensEnsino` varchar(45) NOT NULL,
  `ensDescricao` varchar(200) NOT NULL,
  `ensCargaHoraria` int(11) NOT NULL,
  `enschApoio` int(11) NOT NULL,
  `pesId` int(11) NOT NULL,
  `colId` int(11) NOT NULL,
  PRIMARY KEY  (`ensId`),
  KEY `fk_atiEnsino_pessoa1_idx` (`pesId`),
  KEY `fk_atiEnsino_colegiado1_idx` (`colId`)
) ENGINE=InnoDB DEFAULT CHARSET=latin1;

--
-- Dumping data for table `atiEnsino`
--

INSERT INTO `atiEnsino` VALUES (1,'Orientacao','Pos','blablabla',3,2,3,1),(2,'Orientacao','Pos','Teste extensão 20/10/2014 da fecilcam faculdade estadual de ciencia e letras ',6,0,4,3),(5,'Disciplina','Graduacao','DISCIPLINA PESQUISA EM ADMINISTRAÇÃO - 2. ano Administração - Turma A',2,0,20,1),(9,'Disciplina','Graduacao','Teoria Geral do Turismo - 1 ano',4,4,23,10),(10,'Orientacao','Graduacao','Orientação de Estágios e TCC´s',7,0,23,10),(14,'Disciplina','Graduacao','Apoio didático',12,0,24,10),(15,'Orientacao','Graduacao','Orientação de estágios e TCC',13,0,24,10),(16,'Disciplina','Graduacao','Econometria',4,4,26,3),(17,'Orientacao','Graduacao','Monografia (8)',8,0,26,3),(18,'Disciplina','Pos','Tópicos II: Organização Social do Mercado de Trabalho',3,6,26,12),(19,'Disciplina','Graduacao','Economia Internacional e Comércio Exterior',4,4,27,3),(20,'Disciplina','Pos','Tópicos Especiais',3,6,27,3),(21,'Orientacao','Graduacao','Monografia',7,0,27,3),(22,'','Graduacao','Colegiado de Ciências Econômicas',20,0,27,3),(23,'','Graduacao','membro do Colegiado de Ciências Econômicas',1,0,27,3),(25,'Disciplina','Graduacao','TURISMO E BIODIVERSIDADE - 1 ano',3,0,28,10),(26,'Disciplina','Graduacao','TURISMO E GEOGRAFIA - 3 ano',2,0,28,10),(27,'Orientacao','Graduacao','ORIENTAÇÃO DE ESTÁGIO E TCC',9,0,28,10),(35,'Disciplina','Graduacao','Aspectos Sociológicos do Turismo (1°ano)',2,0,30,10),(36,'Disciplina','Graduacao','Aspectos Sociológicos do Turismo (3°ano)',2,0,30,10),(38,'Disciplina','Graduacao','Orientação de Estágio em Turismo e Meio Ambiente',2,0,30,10),(39,'Orientacao','Graduacao','Orientação de Estágios e TCC\'s',6,0,30,10),(40,'Disciplina','Graduacao','Orientação de Estágio e TCC II',1,0,30,10),(41,'Disciplina','Graduacao','CONTROLADORIA - CONTÁBEIS - 3º A',4,0,32,2),(43,'Disciplina','Graduacao','Apoio didático',7,0,30,10),(48,'Orientacao','Graduacao','Orientações de Trabalho de Conclusão de Curso',2,0,35,2),(51,'Disciplina','Graduacao','Fundamentos Teórico-Metodológicos para o Ensino de História (4o Diurno)',2,0,36,11),(54,'Disciplina','Graduacao','microeconomia',4,4,37,3),(56,'Orientacao','Graduacao','Orientação de monografias',18,0,37,3),(57,'Disciplina','Graduacao','Biogeografia Geral',6,0,38,5),(58,'Disciplina','Graduacao','Mudanças Ambientais Naturais e Antrópicas',6,0,38,5),(59,'Disciplina','Graduacao','Metodologia e Prática de Ensino de História',2,2,39,6),(60,'Disciplina','Pos','Espaço, memória e identidades',2,4,39,6),(61,'Orientacao','Graduacao','Quatro (04) Orientações de Estágio',4,0,39,6),(63,'Orientacao','Graduacao','Trabalho de Conclusão de Curso',3,0,38,5),(67,'','','LICENÇA INTEGRAL PARA PÓS-GRADUAÇÃO - DOUTORAMENTO',40,0,40,3),(68,'Disciplina','Graduacao','Emprendedorismo I : 1o ADM - Turma \"A\"',2,0,41,1),(73,'Disciplina','Graduacao','Análise de investimentos - 2º ano A',4,0,42,1),(74,'Disciplina','Graduacao','Análise de investimentos - 2º ano B',4,0,42,1),(75,'Disciplina','Graduacao','Metodologia para estágio supervisionado - 3º ano',4,0,42,1),(76,'Orientacao','Graduacao','Orientação de Trabalho de Conclusão de Curso',1,0,42,1),(77,'Disciplina','Graduacao','Cálculo Diferencial e Integral I',6,6,44,8),(86,'Disciplina','Graduacao','Macroeconomia',4,0,46,3),(87,'Disciplina','Graduacao','MICROECONOMIA (Administração)',4,0,46,3),(88,'Disciplina','Graduacao','TÓPICOS  ESPECIAIS',2,0,47,1),(89,'Disciplina','Graduacao','ADMINISTRAÇÃO FINANCEIRA E ORÇAMENTARIA (3ºA e 3ºB em única sala) baixo nº de matriculas',4,0,47,1),(90,'Disciplina','Graduacao','FINANÇAS EMPRESARIAIS',2,0,47,2),(91,'Orientacao','Graduacao','ESTAGIO SUPERVISIONADO (4º Ano-distribuição de 06 orientandos) baixo nº de matriculas',11,0,47,1),(92,'Disciplina','Graduacao','DISCIPLINA PESQUISA EM ADMINISTRAÇÃO - 2. ano Administração - Turma B',2,0,20,1),(93,'Disciplina','Graduacao','Diagnóstico Empresarial e Gerenciamento de Projetos',4,0,41,1),(94,'Disciplina','Graduacao','Administração Estratégica',2,0,41,1),(98,'Disciplina','Graduacao','CONTABILIDADE APLICADA 4º ANO A - CIENCIAS CONTABEIS',2,0,50,2),(101,'Disciplina','Graduacao','PESQUISA OPERACIONAL - EPA - 3 ANO',2,0,51,7),(106,'Disciplina','Graduacao','SIMULAÇÃO E CONTROLE DE PROCESSOS AGROINDUSTRIAIS - EPA - 4 ANO',2,0,51,7),(107,'Disciplina','Graduacao','Economia Monetária',4,4,52,3),(108,'Disciplina','Graduacao','Economia Regional e Urbana',4,4,52,3),(109,'Orientacao','Graduacao','Monografias',7,0,52,3),(115,'Orientacao','Graduacao','Orientação de Monografias 2015 -  (Rosane, João, Thais, Diego)',5,0,53,3),(116,'Orientacao','Pos','Orientaçãoo Mestrado - Vera Neves',3,0,53,3),(117,'Disciplina','Graduacao','Estágio Supervisionado I - MATEMÁTICA - 3º',6,6,49,8),(118,'Orientacao','Graduacao','Orientação de TCC Graduação',1,0,49,8),(119,'Orientacao','Pos','Orientação de TCC Pós Graduação',1,0,49,8),(120,'Disciplina','','Análise de Erros (Ensino de Matemática)',0,0,49,8),(124,'Disciplina','Graduacao','ECONOMIA POLÍTICA ',2,2,56,3),(125,'Orientacao','Graduacao','Monografia',9,0,46,3),(127,'Disciplina','Graduacao','Física Geral I - EPA - 1 ANO',3,0,60,7),(128,'Disciplina','Graduacao','Física Geral II - EPA - 2 ANO',4,0,60,7),(129,'Disciplina','Graduacao','Fundamentos de Física - MATEMÁTICA - 3 ANO',4,0,60,7),(130,'Disciplina','Graduacao','Física Experimental II - EPA - 2 ANO',2,0,60,7),(131,'Disciplina','Graduacao','GESTÃO DO AGRONEGÓCIO',2,0,62,1),(133,'Disciplina','Graduacao','RH EM TURISMO',2,0,62,10),(134,'Disciplina','Graduacao','INTRODUÇÃO A ADMINISTRAÇÃO',4,0,62,3),(136,'Orientacao','Graduacao','ESTÁGIO SUPERVISIONADO',12,0,62,1),(137,'Disciplina','Graduacao','Economia Brasileira e Contemporânea',4,4,63,3),(138,'Disciplina','Graduacao','Economia Agricola e do Agronegócio',2,2,63,3),(139,'Disciplina','Graduacao','Aspectos Economicos do Turismo',2,2,63,10),(140,'Disciplina','Graduacao','Economia Agrícola',2,2,63,7),(142,'Disciplina','Graduacao','INTRODUCAO A CONTABILIDADE E ANALISE DE BALANÇO - 1º ANO B - ADMINISTRACAO',4,0,50,2),(143,'Disciplina','Graduacao','CONTABILIDADE DE CUSTOS E GERENCIAL 2º ANO A - ADMINISTRACAO',2,0,50,2),(144,'Disciplina','Graduacao','CONTABILIDADE DE CUSTOS E GERENCIAL 2º ANO B - ADMINISTRACAO',2,0,50,2),(145,'Disciplina','Graduacao','APOIO DIDATICO',6,0,50,2),(146,'Orientacao','Graduacao','ORIENTACAO',4,0,50,2),(147,'Orientacao','','Monografia',13,0,63,3),(148,'Disciplina','Graduacao','Contabilidade Societária - Contábeis 2A',2,0,64,2),(149,'Disciplina','Graduacao','Contabilidade Societária - Contábeis 2B',2,0,64,2),(150,'Disciplina','Graduacao','Análise das Demonstrações Contábeis - Contábeis - 3A',2,0,64,2),(151,'Disciplina','Graduacao','Análise das Demonstrações Contábeis - Contábeis - 3B',2,0,64,2),(152,'Disciplina','Graduacao','Ética e Legislação Profissional - Contábeis - 4 única',2,0,64,2),(153,'Orientacao','','Orientação de TCC',7,0,64,2),(154,'Disciplina','Graduacao','CONTROLADORIA - CONTÁBEIS - 3º B',4,0,32,2),(155,'Disciplina','Graduacao','APOIO DIDÁTICO',8,0,32,2),(156,'Orientacao','Graduacao','ORIENTAÇÃO',1,0,32,2),(157,'Orientacao','Graduacao','Orientação de alunos em TCC',12,0,65,2),(158,'Disciplina','Graduacao','Economia da Engenharia - EPA - 4º ano',3,0,66,7),(159,'Disciplina','Graduacao','Economia Industrial - EPA - 4º ano',2,0,66,7),(160,'Disciplina','Graduacao','Economia de Mercado - EPA - 3º  ano',2,0,66,7),(161,'Disciplina','Graduacao','Custos Agroindustriais - EPA - 3º ano',2,0,66,7),(162,'Disciplina','Graduacao','FÍSICA EXPERIMENTAL I -TURMA B- EPA/1ano',2,0,58,7),(163,'Orientacao','Graduacao','Orientção de TG e estágio - EPA - 5º  ano',1,0,66,7),(164,'Disciplina','Graduacao','Desenvolvimento Sócioeconômico ',2,0,61,3),(165,'Disciplina','Graduacao','Elaboração e Análise de Projetos',2,0,61,3),(166,'Disciplina','Graduacao','Estrutura e Organização de Mercado',2,0,61,3),(167,'Orientacao','Graduacao','Monografias',15,0,61,3),(168,'Disciplina','Graduacao','Apoio Didático',0,4,20,1),(169,'Disciplina','Graduacao','Mercado Futuro e Opções Agropecuárias – (optativa) Turma A - EPA - 3º Ano',1,0,68,7),(170,'Disciplina','Graduacao','Mercado Futuro e Opções Agropecuárias – (optativa) Turma B - EPA - 3º Ano',1,0,68,7),(172,'Orientacao','Graduacao','Orientações',8,0,68,7),(173,'Orientacao','Graduacao','ORIENTAÇÃO DE TCC',6,0,69,2),(174,'Disciplina','Graduacao','ESTÁGIO SUPERVISIONADO - turma 3.A',6,0,69,2),(175,'Disciplina','Graduacao','CONTABILIDADE INTERNACIONAL - turma 3.A',2,0,69,2),(176,'Disciplina','Graduacao','Teoria da História II',4,4,70,6),(177,'Disciplina','Graduacao','História da Arte (Eletiva)',2,2,70,6),(178,'Disciplina','Graduacao','Contabilidade Avançada - CONTÁBEIS - 4º - única',4,0,71,2),(179,'Disciplina','Graduacao','Contabilidade e Planejamento Tributário - CONTÁBEIS - 4º - única',4,0,71,2),(180,'Disciplina','Graduacao','Introdução à Contabilidade - ECONOMIA - 1º - B',2,0,71,2),(181,'Orientacao','Graduacao','ORIENTAÇÕES DE TCC',4,0,71,2),(182,'Disciplina','Graduacao','APOIO DIDÁTICO',6,0,71,2),(183,'Disciplina','Graduacao','Planejamento e Políticas de Turismo',3,0,33,10),(184,'Disciplina','Graduacao','Apoio Didático',3,0,33,10),(185,'Disciplina','Graduacao','Cálculo Diferencial e Integral II ',6,6,72,8),(186,'Orientacao','Graduacao','Orientação de Trabalho de Conclusão de Curso ',1,0,72,8),(187,'Disciplina','Graduacao','Cálculo Diferencial Integral e Séries II',3,3,72,7),(188,'Orientacao','Pos','Orientação do Trabalho de Conclusão de Pós Graduação Lato Sensu',1,0,72,8),(190,'Disciplina','Graduacao','Apoio Didático',12,0,62,1),(192,'Orientacao','Graduacao','Orientação de Estágio Supervisionado Obrigatório',1,0,33,10),(193,'Orientacao','Graduacao','Orientação de TCC - Monografia',1,0,33,10),(194,'Disciplina','Graduacao','DIREITO COMERCIAL E LEGISLAÇÃO SOCIETÁRIA - CONTÁBEIS 1º A',2,0,55,2),(195,'Disciplina','Graduacao','DIREITO TRABALHISTA E PREVIDENCIÁRIO - CONTÁBEIS 2º A',2,0,55,2),(197,'Disciplina','Graduacao','LEGISLAÇÃO APLICADA AO TURISMO - 4º A - ÚNICA',2,0,55,2),(198,'Disciplina','Graduacao','APOIO DIDATICO',8,0,55,2),(199,'Disciplina','Graduacao','ESTÁGIO SUPERVISIONADO - turma 3.B',6,0,69,2),(200,'Disciplina','Graduacao','CONTABILIDADE INTERNACIONAL - turma 3.B',2,0,69,2),(201,'Disciplina','Graduacao','APOIO DIDÁTICO',16,0,69,2),(202,'Orientacao','Pos','Orientação de Mestrado: Turma 2014 - Ivania Skura',3,0,36,12),(203,'Disciplina','Pos','Sociedade e Desenvolvimento: abordagens interdisciplinares',2,0,36,12),(204,'Disciplina','','APOIO DIDÁTICO',4,0,51,7),(205,'','Graduacao','Apoio Didático',11,0,66,7),(206,'Disciplina','Graduacao','Apoio Didático',12,0,35,2),(207,'Disciplina','Graduacao','contabilidade de custos - contabeis - 2º A',4,0,65,2),(208,'Disciplina','Graduacao','contabilidade de custos - contabeis - 2º B',4,0,65,2),(209,'Disciplina','Graduacao','teoria da contabilidade - contábeis - 3º A',2,0,65,2),(210,'Disciplina','Graduacao','teoria da contabilidade - contábeis - 3º B',2,0,65,2),(211,'Disciplina','Graduacao','contabilidade e simulacoes empresariais - contábeis - 4º ',2,0,65,2),(212,'Disciplina','Graduacao','apoio didático',14,0,65,2),(213,'Disciplina','Graduacao','APOIO DIDÁTICO',10,0,58,7),(214,'Disciplina','Graduacao','Apoio didático',12,0,42,1),(215,'Disciplina','Graduacao','Introdução a Contabilidade - Contábeis - 1º A',4,0,74,2),(216,'Disciplina','Graduacao','Introdução a Contabilidade - Contábeis - 1º B',4,0,74,2),(217,'Disciplina','Graduacao','Introdução à Contabilidade e Análise de Balanços - Administração - 1º A',4,0,74,1),(218,'Disciplina','Graduacao','Contabilidade e Finanças - EPA - 4º Única',2,0,74,7),(219,'Disciplina','Graduacao','Met. e Técnicas de Pesquisa em Contab. - Contábeis - 1º A',2,0,74,2),(220,'Disciplina','Graduacao','Met. e Técnicas de Pesquisa em Contab. - Contábeis - 1º B',2,0,74,2),(221,'Orientacao','Graduacao','Orientação',7,0,74,2),(222,'Disciplina','Graduacao','Apoio Didático',12,0,74,2),(223,'Disciplina','Graduacao','Sistemas Agroindustriais - EPA - 1 ano',2,0,76,7),(224,'Disciplina','Graduacao','Fatores de Produção Agropecuária - EPA - 2 ano',4,0,76,7),(225,'Disciplina','Graduacao','Gerenciamento da Empresa Rural - EPA - 5 ano',1,0,76,7),(227,'Disciplina','Graduacao','Apoio Didático',7,0,76,7),(228,'Orientacao','Graduacao','Orientação de Estágio',4,0,76,7),(229,'Orientacao','Graduacao','Orientação de Trabalho de Conclusão de Curso',1,0,76,7),(230,'Disciplina','Graduacao','Empreendedorismo II - 2o. ADMINISTRAÇÃO - TURMA A',2,0,77,1),(231,'Disciplina','Graduacao','Empreendedorismo II - 2o. ADMINISTRAÇÃO - TURMA B',2,0,77,1),(232,'Disciplina','Graduacao','APOIO DIDÁTICO ',4,0,77,1),(233,'Disciplina','Graduacao','Introdução à Pesquisa em Educação - 1º ano Pedagogia-Diurno  ',3,3,78,11),(234,'Disciplina','Graduacao','Introdução à Pesquisa em Educação - 1º ano Pedagogia-Noturno',3,3,78,11),(235,'Disciplina','Graduacao','educação especial 2º Ano de Pedagogia-Noturno',4,4,78,11),(236,'Disciplina','Graduacao','Apoio Didático',0,0,78,11),(237,'Disciplina','Graduacao','Apoio didático',12,0,41,1),(238,'Orientacao','Graduacao','Coordenação de estágio supervisionado em Educação-1º ano de Pedagogia Diurno e Noturno',1,0,78,11),(239,'Disciplina','Graduacao','Apoio Didático',10,0,64,2),(242,'Disciplina','Graduacao','APOIO DIDATICO',8,0,47,1),(243,'Disciplina','Graduacao','Administração da Produção e Operações - 3o. ano Administração',4,0,79,1),(244,'Disciplina','Graduacao','ADMINISTRAÇÃO - 1o. Ano C. Contábeis - Turma A',4,0,79,2),(245,'Disciplina','Graduacao','Apoio didático',8,0,79,1),(247,'Disciplina','Graduacao','MECÂNICA GERAL - 2º ANO - TURMA A - EPA',2,0,80,7),(248,'Disciplina','Graduacao','DESENHO TÉCNICO -2º ANO - TURMA A - EPA',2,0,80,7),(249,'Disciplina','Graduacao','DESENHO TÉCNICO -2º ANO - TURMA B - EPA',2,0,80,7),(250,'Disciplina','Graduacao','PROJETO ASSISTIDO POR COMPUTADOR - 2°, 3º E 4º ANOS - TURMA A - EPA',1,0,80,7),(251,'Disciplina','Graduacao','PROJETO ASSISTIDO POR COMPUTADOR - 2°, 3º E 4º ANOS - TURMA B - EPA',1,0,80,7),(252,'Disciplina','Graduacao','ELETRICIDADE APLICADA PARA ENGENHARIA DE PRODUÇÃO - 3º ANO - TURMA B - EPA',2,0,80,7),(253,'Disciplina','Graduacao','GESTÃO AMBIENTAL NO SISTEMA AGROINDUSTRIAL - 5º ANO - TURMA A - EPA',2,0,80,7),(254,'Disciplina','Graduacao','RESISTÊNCIA DE MATERIAISM - 3º ANO - TURMA A - EPA',2,0,80,7),(255,'Disciplina','Graduacao','APOIO DIDÁTICO - EPA',14,0,80,7),(256,'Disciplina','Graduacao','TOPOGRAFIA - GEOGRAFIA',3,0,80,5),(257,'Disciplina','Graduacao','APOIO DIDÁTICO - GEOGRAFIA',3,0,80,5),(259,'Disciplina','Graduacao','OPERAÇÕES UNITÁRIAS - TEÓRICA - EPA - 3º ANO',2,0,81,7),(260,'Disciplina','Graduacao','FENOMENOS DE TRANSPORTE- TEÓRICA - EPA - 3º ANO',3,0,81,7),(261,'Disciplina','Graduacao','PROCESSOS QUIMICOS AGROINDUSTRIAIS -EPA - 4º ANO',2,0,81,7),(263,'Orientacao','Graduacao','ORIENTAÇÃO DE ESTÁGIO - EPA - 5º ANO',1,0,81,7),(264,'Disciplina','Graduacao','APOIO DIDÁTICO',20,0,81,7),(265,'Orientacao','Graduacao','Estágio  Supervisionado',2,0,79,1),(266,'Disciplina','','Geometria Euclidiana e Tópicos de Geometrias não Euclidiana - MATEMÁTICA - 2º - única		',4,4,83,8),(267,'Disciplina','','Elementos de Análise Real - MATEMÁTICA - 4º - única		',4,4,83,8),(269,'Orientacao','Graduacao','orientação de estágio ',5,0,83,8),(270,'Disciplina','Graduacao','Aspectos Sociológicos do Turismo (1°ano)',2,0,29,10),(271,'Disciplina','Graduacao','Aspectos Sociológicos do Turismo (3°ano)',2,0,29,10),(272,'Disciplina','Graduacao','Orientação de Estágio em Turismo e Meio Ambiente',2,0,29,10),(273,'Orientacao','Pos','orientação de TCC DE ESPECIALIZAÇÃO',1,0,83,8),(274,'Orientacao','Graduacao','Orientação de Estágio e TCC II',1,0,29,10),(275,'Orientacao','Graduacao','Orientação de Estágios e TCC\'s',7,0,29,10),(276,'Orientacao','Graduacao','Apoio didático',7,0,29,10),(277,'Orientacao','Graduacao','orientação de TCC DE graduação',1,0,83,8),(278,'Disciplina','Graduacao','TEORIA DAS ORGANIZAÇÕES E ORGANIZAÇÃO DO TRABALHO (EPA) - 3º ANO',3,0,87,7),(279,'Disciplina','Graduacao','CONTROLE ESTATÍSTICO DA QUALIDADE (EPA) - 4º ANO',2,0,87,7),(280,'Disciplina','Graduacao','PLANEJAMENTO E CONTROLE DA PRODUÇÃO II (EPA) - 4º ANO',3,0,87,7),(281,'Disciplina','Graduacao','COMERCIALIZAÇÃO DE PRODUTOS AGROINDUSTRIAIS (EPA) - 5º ANO',2,0,87,7),(283,'Disciplina','Graduacao','APOIO DIDÁTICO',12,0,87,7),(284,'Orientacao','Graduacao','ORIENTAÇÃO DE TRABALHO DE GRADUAÇÃO E ESTÁGIO (EPA) -5º ANO',13,0,87,7),(285,'Orientacao','Graduacao','Orientação de estágio - tcc',4,0,88,2),(286,'Disciplina','Graduacao','Economia da Educação 1º ano Diurno',3,3,89,11),(287,'Disciplina','Graduacao','Disciplina Teoria da História I',4,4,75,6),(288,'Disciplina','Pos','Disciplina Literatura e Outras Linguagens',3,3,75,6),(289,'Orientacao','Graduacao','Orientação 5 alunos estágio',5,0,75,6),(290,'Orientacao','PosStricto','Orientação mestrando',3,0,75,6),(298,'Disciplina','Graduacao','Meios de Hospedagem 2 ano Turismo e Meio Ambiente',3,0,25,10),(299,'Disciplina','Graduacao','Hospitalidade 1 ano Turismo e Meio Ambiente',2,0,25,10),(300,'Disciplina','Graduacao','Hospitalidade 3 ano Turismo e Meio Ambiente',2,0,25,10),(301,'Disciplina','Graduacao','Apoio didático',6,0,25,10),(302,'Orientacao','','Orientação de estágio e TCC',7,0,25,10),(309,'Disciplina','Graduacao','CONTABILIDADE PÚBLICA E ORÇAMENTO - CONTÁBEIS - 2º A',4,0,93,2),(310,'Disciplina','Graduacao','CONTABILIDADE PÚBLICA E ORÇAMENTO - CONTÁBEIS - 2º B',4,0,93,2),(311,'Disciplina','Graduacao','INTRODUÇÃO À CONTABILIDADE - ECONOMIA - 1º A',2,0,93,2),(312,'Disciplina','Graduacao','APOIO DIDÁTICO',10,0,93,2),(314,'Disciplina','Graduacao','GESTÃO AMBIENTAL E RESPONSABILIDADE SOCIAL 4º Ano',4,4,94,1),(315,'Disciplina','Graduacao','Introdução à Administração 1A',4,4,94,2),(317,'Disciplina','Graduacao','Empreendedorismo',2,2,94,10),(320,'Orientacao','Graduacao','Orientação de Estágios Supervisionados',3,0,96,11),(321,'Disciplina','Graduacao','Didática e Tecnologia Aplicada à Educação D/N',4,4,96,11),(322,'Disciplina','Graduacao','TEORIA DAS ORGANIZAÇÕES Turma A',4,4,95,1),(323,'Disciplina','Graduacao','TEORIA DAS ORGANIZAÇÕES Turma B',4,4,95,1),(327,'Disciplina','Graduacao','Administração Mercadológica',4,0,100,1),(328,'Disciplina','Graduacao','Marketing Agroindustrial',3,0,100,7),(329,'Disciplina','Graduacao','Apoio Didático',7,0,100,1),(332,'Disciplina','Graduacao','Afastamento para doutorado ',40,0,45,3),(333,'Orientacao','Graduacao','APOIO DIDÁTICO',6,0,28,10),(336,'Disciplina','Graduacao','',0,0,24,10),(338,'Disciplina','Graduacao','Projeto em TMA 3º ano',2,0,24,10),(339,'Disciplina','Graduacao','Estudos Regionais  4º ano',2,0,24,10),(340,'Disciplina','Graduacao','Eventos 2º ano',2,0,24,10),(342,'Disciplina','Graduacao','INTRODUÇÃO À ENGENHARIA DE PRODUÇÃO - 1º ENGENHARIA DE PRODUÇÃO',2,0,97,7),(343,'Disciplina','Graduacao','PROJETO DO TRABALHO - 3º ENGENHARIA DE PRODUÇÃO AGROINDUSTRIAL',2,0,97,7),(344,'Disciplina','Graduacao','PROJETO DE PROCESSOS QUÍMICOS E INSTALAÇÕES AGROINDUSTRIAIS - 4º ENGENHARIA DE PRODUÇÃO AGROINDUSTRIAL',2,0,97,7),(346,'Disciplina','Graduacao','PROJETO DO PRODUTO - 2º ENGENHARIA DE PRODUÇÃO AGROINDUSTRIAL',2,0,97,7),(348,'Orientacao','Graduacao','ORIENTAÇÕES DE ESTÁGIO  - 5º ENGENHARIA DE PRODUÇÃO AGROINDUSTRIAL',2,0,97,7),(349,'','Graduacao','APOIO DIDÁTICO',8,0,97,7),(350,'Disciplina','Graduacao','Apoio Didático',6,0,68,7),(351,'Disciplina','Graduacao','OPERAÇÕES UNITÁRIAS - LABORATÓRIO - TURMA A - EPA - 3º ANO',1,0,81,7),(352,'Disciplina','Graduacao','OPERAÇÕES UNITÁRIAS - LABORATÓRIO - TURMA B -EPA - 3º ANO',1,0,81,7),(353,'Disciplina','Graduacao','FENOMENOS DE TRANSPORTE - LABORATÓRIO - TURMA A - EPA - 3º ANO',1,0,81,7),(354,'Disciplina','Graduacao','FENOMENOS DE TRANSPORTE - LABORATÓRIO - TURMA B - EPA - 3º ANO',1,0,81,7),(355,'Disciplina','Graduacao','QUÍMICA GERAL E EXPERIMENTAL - LABORATÓRIO - TURMA A - EPA - 1º ANO',2,0,81,7),(356,'Orientacao','Graduacao','QUÍMICA GERAL E EXPERIMENTAL - LABORATÓRIO - TURMA B - EPA - 1º ANO',2,0,81,7),(357,'Disciplina','Graduacao','FÍSICA EXPERIMENTAL I -TURMA A- EPA-1ANO',2,0,58,7),(358,'Disciplina','Graduacao','FÍSICA EXPERIMENTAL I -TURMA C- EPA/1ano',2,0,58,7),(359,'Disciplina','Graduacao','FÍSICA EXPERIMENTAL I -TURMA D- EPA/1ano',2,0,58,7),(360,'Disciplina','Graduacao','FÍSICA EXPERIMENTAL I -TURMA E- EPA/1ano',2,0,58,7),(361,'Orientacao','Graduacao','QUÍMICA APLICADA A ENGENHARIA DE PRODUÇÃO AGROINDUSTRIAL - TURMA A - EPA - 2º ANO',2,0,81,7),(362,'Disciplina','Graduacao','QUÍMICA APLICADA A ENGENHARIA DE PRODUÇÃO AGROINDUSTRIAL - TURMA B - EPA - 2º ANO',2,0,81,7),(363,'Disciplina','Graduacao','CÁLCULO NUMÉRICO',2,2,103,8),(364,'Disciplina','Graduacao','ESTATÍSTICA E PROBABILIDADE',4,4,103,8),(365,'Disciplina','Graduacao','MATEMÁTICA FINANCEIRA',2,2,103,8),(366,'Disciplina','Graduacao','INTRODUÇÃO À PESQUISA OPERACIONAL',2,2,103,8),(367,'Orientacao','Graduacao','ORIENTAÇÃO DE TCC MATEMÁTICA',1,0,103,8),(369,'Orientacao','PosLato','ORIENTAÇÃO DE ESPECIALIZAÇÃO ENSINO DE MATEMÁTICA',1,0,103,8),(370,'Disciplina','Graduacao','FILOSOFIA E ÉTICA. 1º A ',2,2,34,3),(371,'Disciplina','Graduacao','FILOSOFIA/1. A ',2,2,34,1),(372,'Disciplina','Graduacao','Estágio Supervisionado II',6,6,86,8),(373,'Disciplina','Graduacao','Complementos de Matemática',2,2,86,8),(374,'Orientacao','Pos','Orientação de TCC de Pós-graduação Lato-Sensu',2,0,86,8),(375,'Orientacao','Graduacao','Orientação de Estágio Supervisionado',2,0,86,8),(377,'Disciplina','Graduacao','Auditoria e Perícia Contábil - C.Contábeis - 3° A',4,0,35,2),(378,'Disciplina','Graduacao','Auditoria e Perícia Contábil - C.Contábeis - 3° B',4,0,35,2),(380,'Disciplina','Graduacao','Estudos Independentes - C.Contábeis - 3° A',2,0,35,2),(381,'Disciplina','Graduacao','Estudos Independentes - C.Contábeis - 3° B',2,0,35,2),(382,'Disciplina','Graduacao','Quantidade de aulas em sala de aula',9,0,104,3),(383,'Disciplina','Graduacao','Apoio didático',10,0,104,3),(384,'Orientacao','Graduacao','Orientação graduação',5,0,104,3),(385,'Orientacao','Graduacao','ORIENTAÇÃO TCC',6,0,100,1),(386,'Disciplina','Graduacao','DIREITO COMERCIAL E LEGISLAÇÃO SOCIETÁRIA - CONTÁBEIS 1º B',2,0,55,2),(387,'Disciplina','Graduacao','DIREITO TRABALHISTA E PREVIDENCIÁRIO - CONTÁBEIS 2º B',2,0,55,2),(389,'Disciplina','Graduacao','Didática da Matemática',2,2,105,8),(390,'Orientacao','Graduacao','Orientação de Trabalho de Conclusão de Curso na Graduação',1,0,105,8),(391,'Orientacao','Pos','Orientação de Trabalho de Conclusão de Curso na Pós-Graduação Lato Sensu',1,0,105,8),(392,'Orientacao','Graduacao','Orientação de Estágio Supervisionado ',2,0,105,8),(393,'Disciplina','Graduacao','História da Matemática - MATEMÁTICA - 4º		',2,2,82,8),(394,'Disciplina','Graduacao','Filosofia em Educação Matemática - MATEMÁTICA - 4º		',2,2,82,8),(395,'Disciplina','Graduacao','Estruturas Algébricas - MATEMÁTICA - 3º		',4,4,82,8),(396,'Orientacao','Pos','Orientação da Especialização		',1,0,82,8),(397,'Orientacao','Graduacao','Orienação de estágio		',3,0,82,8),(398,'Orientacao','Graduacao','Orientação TCC',1,0,82,8),(399,'Disciplina','Graduacao','INTRODUÇÃO A ECONOMIA - 1(A)',4,0,106,3),(400,'Disciplina','Graduacao','INTRODUÇÃO A ECONOMIA - 1(B)',4,0,106,3),(401,'Disciplina','Graduacao','CONTABILIDADE SOCIAL',2,0,106,3),(402,'Disciplina','Graduacao','ECONOMIA DO SETOR PÚBLICO',2,0,106,3),(403,'Orientacao','Graduacao','ORIENTAÇÃO DE MONOGRAFIAS',11,0,106,3),(404,'Disciplina','','APOIO DIDÁTICO',12,0,106,3),(405,'Disciplina','Graduacao','História Medieval ',4,4,107,6),(407,'Disciplina','Graduacao','Introdução à Computação',2,2,101,8),(408,'Disciplina','Graduacao','Tecnologia da Informação Aplicada à Contabilidade',2,2,101,2),(409,'Disciplina','Graduacao','Tecnologia da Informação Aplicada à Contabilidade',2,2,101,2),(410,'Disciplina','Graduacao','Introdução à Computação',2,2,101,7),(411,'Orientacao','Graduacao','Orientação de Estágio',3,0,101,8),(412,'Orientacao','Pos','Orientação de TCC na Pós-graduação Lato Sensu',1,0,101,8),(413,'Orientacao','Graduacao','Orientação de TCC na graduação',1,0,101,8),(414,'Disciplina','Graduacao','Matemática aplicada à Administração - Turma A',2,2,108,1),(415,'Disciplina','Graduacao','Matemática aplicada à Administração - Turma B',2,2,108,1),(416,'Disciplina','Graduacao','Estatística aplicada à Administração - Turma B',2,2,108,1),(417,'Disciplina','Graduacao','Equações Diferenciais Ordinárias',2,2,108,8),(429,'Disciplina','Graduacao','Organização do Trabalho Pedagógico I - 2o ano de Pedagogia - Diurno',3,3,110,11),(430,'Disciplina','Graduacao','Organização do Trabalho Pedagógico I - 2o ano de Pedagogia - Noturno',3,3,110,11),(431,'Disciplina','Graduacao','Estágio Curricular Supervisionado - 2o ano de Pedagogia - Diurno',2,0,110,11),(432,'Disciplina','Graduacao','Estágio Curricular Supervisionado - 2o ano de Pedagogia - Noturno',2,0,110,11),(433,'Orientacao','Graduacao','Estágio Curricular Supervisionado e TCC - 4o ano de Pedagogia - Diurno',4,0,110,11),(435,'Orientacao','Pos','Orientação de trabalho de conclusão de Pós-Graduação Lato Sensu',1,0,112,8),(436,'Orientacao','Graduacao','Orientação de estágio',1,0,112,8),(437,'Disciplina','Graduacao','Cálculo Diferencial e Integral e Séries I',6,6,112,7),(438,'Disciplina','Graduacao','Métodos Estatísticos e Modelos Probabilísticos aplicados à Engenharia de Produção',3,3,112,7),(439,'Disciplina','Graduacao','Empreendedorismo I: 1o ADM - Turma \"B\" ',2,0,41,1),(443,'Disciplina','Graduacao','Geometria Analítica e Algebra Linear',6,6,59,8),(444,'Disciplina','Graduacao','Modelagem Matemática na perspectiva da Educação Matemática',2,2,59,8),(445,'Orientacao','Graduacao','Orientação de TCC na graduação ',1,0,59,8),(446,'Orientacao','Graduacao','Orientação de Estágio Supervisionado ',2,0,59,8),(448,'Disciplina','Graduacao','Métodos e Técnicas de Pesquisa em História I',2,2,48,6),(450,'Disciplina','','Metodologia e Prática de Ensino II',2,2,48,6),(451,'Orientacao','Graduacao','Estágio Supervisionado em História',6,0,48,6),(453,'Orientacao','Graduacao','Orientação de estágio',12,0,114,11),(457,'Disciplina','Graduacao','Didática - 1º Ano diurno',3,3,114,11),(458,'Disciplina','Graduacao','Didática - 1º Ano noturno',3,3,114,11),(461,'Orientacao','Graduacao','Monitoria acadêmica de Cálculo Diferencial e Integral I no Curso de Matemática',1,0,44,8),(472,'Disciplina','Graduacao','Currículos e Programas e Avaliação em Educação D/N',6,6,116,11),(476,'Orientacao','Graduacao','Orientação de Estágio',10,0,119,6),(479,'Orientacao','Pos','Orientação: Lara Bonini',2,0,120,12),(480,'Orientacao','Pos','Orientação: Thais Serafim',2,0,120,12),(481,'Orientacao','Pos','Orientação: A ser definida no processo de seleção de 2015',2,0,120,12),(482,'Disciplina','Pos','Disciplina: Metodologia da Pesquisa Interdisciplinar',1,0,120,12),(485,'Disciplina','Graduacao','Didática',2,0,122,9),(486,'Disciplina','Graduacao','Didática e Tecnologia Aplicada à Educação',2,0,122,5),(487,'Disciplina','Graduacao','Didática e Tecnologia Aplicada à Educação',2,0,122,6),(488,'Disciplina','Graduacao','Fundamentos Teórico-metodológicos da Educação de Jovens e Adultos ',3,0,122,11),(489,'Orientacao','Graduacao','Estágio Supervisionado II (4º ano diurno)',6,0,122,11),(490,'Orientacao','Graduacao','Estagio Supervisionado II (4º ano noturno)',5,0,122,11),(494,'','','Pedido de afastamento integral para fins de doutoramento conforme Ata n.9 de 11/11/2014',0,0,123,6),(501,'Disciplina','Graduacao','Estágio Supervisionado de Língua Inglesa I',2,2,125,9),(502,'Orientacao','Graduacao','Vagas para Orientação de Estágio Supervisionado II',4,0,125,9),(503,'Disciplina','Pos','Metodologia da pesquisa interdisciplinar',2,6,125,12),(504,'Orientacao','','A Prática Pedagógica do Professor PDE / PR',0,0,125,12),(505,'Orientacao','Graduacao','Orientação estágio supervisionado do 3. ano',7,0,126,11),(506,'Disciplina','Graduacao','Organização do Trabalho Pedagógico II',6,6,126,11),(507,'Disciplina','Graduacao','Políticas Educacionais',2,2,126,5),(508,'Disciplina','Graduacao','Estrutura e Funcionamento do Ensino Fundamental e Médio',2,2,126,9),(509,'Disciplina','Graduacao','Literatura Portuguesa',2,2,127,9),(510,'Disciplina','Graduacao','Estágio Supervisionado de Língua Portuguesa e Literaturas',2,2,127,9),(511,'Disciplina','Graduacao','Prática de Ensino de Português',4,4,127,9),(512,'Disciplina','','Teoria e Evolução do Romance',1,1,127,9),(521,'Disciplina','Graduacao','Disciplina de Brasil II',4,3,129,6),(522,'Disciplina','Graduacao','História da África ',2,1,129,6),(523,'Disciplina','Graduacao','História de Brasil III',4,3,129,6),(524,'Disciplina','Graduacao','Laboratório de Memória',2,1,129,6),(526,'Disciplina','Pos','História, identidade e cultura nas literaturas africana de língua portuguesa',3,0,129,9),(527,'Orientacao','Graduacao','09 orientandos de estágio',9,0,129,6),(528,'Disciplina','Graduacao','Sociologiae Antropologia da Educação',6,2,130,11),(529,'Orientacao','Graduacao','orientação de estagio',6,0,79,1),(531,'Disciplina','Graduacao','Educação Especial, Inclusão e Cidadania',8,0,117,11),(535,'Orientacao','Pos','Adaiane Giovanni',3,0,39,12),(536,'Orientacao','Pos','1 Vaga para orientação',3,0,39,12),(537,'','Graduacao','Apoio Didático',13,0,60,7),(541,'Disciplina','Graduacao','Apoio Didático',0,6,61,3),(542,'Orientacao','Graduacao','Orientação e Supervisão de Estágio (Vaga p/ 2015)',1,0,107,6),(543,'Orientacao','Graduacao','Orientação e Supervisão de Estágio (Vaga p/ 2015)',1,0,107,6),(544,'Orientacao','Graduacao','Orientação e Supervisão de Estágio (Vaga p/ 2015)',1,0,107,6),(545,'Orientacao','Graduacao','Orientação e Supervisão de Estágio (Vaga p/ 2015)',1,0,107,6),(546,'Disciplina','Graduacao',' História do Paraná',4,4,107,6),(547,'','Graduacao','',0,0,27,3),(548,'Orientacao','','Orientação de Mestrado: Turma 2015',3,0,36,12),(554,'Orientacao','Pos','Vaga para a Turma iniciante em 2015',1,2,124,12),(555,'Orientacao','PosStricto','Intertextualidade na obra de Leminski',1,2,124,12),(556,'Disciplina','PosStricto','Literatura e outras linguagens: relações dialógicas',2,4,124,12),(557,'Disciplina','Pos','Literatura e intertextualidade',1,1,124,9),(561,'Disciplina','Graduacao','Orientação de Estágio e orientação de TCA',16,0,117,11),(562,'Disciplina','Graduacao','Fundamentos Teórico-Metodológicos no ensino da Arte e Educação Física - 4º noturno',3,3,115,11),(563,'Disciplina','Graduacao','Fundamentos Teórico-Metodológicos no ensino da Arte e Educação Física - 4ºdiurno',3,3,115,11),(567,'Disciplina','Graduacao','Introdução à Filosofia D',2,2,121,11),(568,'Disciplina','Graduacao','Introdução à Filosofia N',2,2,121,11),(569,'Disciplina','Graduacao','Filosofia da Educação D',2,2,121,11),(570,'Disciplina','Graduacao','Sociologia Geral D',2,2,121,11),(571,'Disciplina','Graduacao','Sociologia Geral N',2,2,121,11),(573,'Disciplina','Graduacao','História da Educação II',2,2,132,11),(574,'Disciplina','Graduacao','FTM Matemática e Ciências',2,2,132,11),(575,'Disciplina','Graduacao','Estágio Supervisionado',5,2,132,11),(576,'Disciplina','Graduacao','Estágio Supervisionado',7,2,132,11),(577,'Disciplina','Graduacao','Estagio Supervisionado de Língua Inglesa I',2,2,133,9),(582,'Orientacao','Graduacao','ORIENTÃO DE TRABALHO DE GRADUAÇÃO',4,0,51,7),(583,'Disciplina','Graduacao','Metodologia de Ensino de Geografia I',3,3,21,5),(584,'Orientacao','Graduacao','Trabalho de Conclusão de Curso',2,0,95,1),(585,'Disciplina','','Seminários',2,4,21,12),(586,'Disciplina','Graduacao','Planejamento, Estatística e Avaliação Institucional',8,8,136,11),(587,'Orientacao','Graduacao','Estágio Supervisionado (Orientação de Estágio e Organização do Trabalho de Conclusão de Curso (TCC))',11,0,136,11),(588,'Disciplina','','Espaço, Memórias e Identidades',2,4,21,12),(593,'Disciplina','Graduacao','FILOSOFIA',2,2,12,1),(595,'Disciplina','Graduacao','Fundamentos Teórico-Metodológicos em Educação Infantil - Diurno',3,3,137,11),(596,'Disciplina','Graduacao','Fundamentos Teórico-metodológicos da Educação de Jovens e Adultos',3,3,137,11),(597,'Orientacao','Graduacao','Estágio Supervisionado II (4º ano diurno)',4,0,137,11),(598,'Disciplina','Graduacao','Pratica Desportiva',2,2,128,7),(599,'Disciplina','Graduacao','Pratica Desportiva turma A',2,2,128,2),(602,'Orientacao','','Estágio Supervisionado I',9,0,116,11),(603,'Disciplina','Graduacao','Psicologia da Educação - Turma Diurno ',3,3,138,11),(604,'Orientacao','Graduacao','teste 08/12',5,0,3,4),(605,'Disciplina','Graduacao','Psicologia da Educação - Turma Noturno ',3,3,138,11),(606,'Orientacao','Graduacao','Trabalho de Conclusão de Curso',7,0,94,1),(607,'Disciplina','Graduacao','Psicologia da Educação II - Turma Noturno',2,2,138,11),(608,'Disciplina','Graduacao','Psicologia da Educação II - Turma Diurno',2,2,138,11),(609,'Disciplina','Graduacao','Psicologia da Educação ',2,2,138,8),(612,'Disciplina','Graduacao','História Cultural',2,2,119,6),(613,'Disciplina','Graduacao','Metodologia e Técnica de Pesquisa em História II',2,1,119,6),(614,'Disciplina','Graduacao','História da América II',4,3,119,6),(615,'Disciplina','Graduacao','História Antiga',4,3,119,6),(616,'Disciplina','Graduacao','Metodologia e Técnica de Pesquisa em Economia',4,2,119,3),(617,'Disciplina','Graduacao','Sociologia Aplicada à Administração',2,1,119,1),(618,'Disciplina','Graduacao','Fundamentos Teórico-Metodológicos em Educação Infantil - Noturno',3,3,137,11),(619,'Disciplina','Graduacao','História da Educação II - 2 ano diurno',2,2,139,11),(620,'Disciplina','Graduacao','Fundamentos Teóricos e Metodológicos da Alfabetização e da Língua Portuguesa - 3 ano diurno',3,3,139,11),(621,'Disciplina','Graduacao','Fundamentos Teóricos Metodológicos da Alfabetização e da Língua Portuguesa - 3 ano noturno',3,3,139,11),(622,'Orientacao','Graduacao','Estágio Supervisionado - 3 ano diurno',6,0,139,11),(623,'Orientacao','Graduacao','Orientação TCC (Karina Dorneles)',0,0,59,8),(625,'','PosLato','Orientação  na Pós-graduação Lato Sensu ',2,0,59,8),(628,'Orientacao','Graduacao','Orientação de Estágio Supervisionado II',2,0,133,9),(630,'Disciplina','Graduacao','fundamentos do Ensino de Matemática',4,4,111,8),(631,'Orientacao','Graduacao','Orientação de Estágio Supervisionado',2,0,111,8),(632,'Disciplina','Graduacao','Leitura e Produção Textual (Língua Portuguesa I)',2,6,118,9),(633,'Disciplina','Graduacao','Língua Portuguesa II',4,4,118,9),(634,'Disciplina','Graduacao','Língua Portuguesa IV',2,2,118,9),(635,'Orientacao','Graduacao','Orientação de Monitoria da disciplina de Geometria Analítica e Álgebra Linear (a definir orientando)',1,0,59,8),(636,'Disciplina','Graduacao','Prática de Ensino e Literaturas de Língua Inglesa IV',4,4,133,9),(642,'Disciplina','Graduacao','LlINGUÍSTICA i',4,4,144,9),(643,'Disciplina','Graduacao','LINGUÍSTICA II',4,4,144,9),(644,'Orientacao','Graduacao','ORIENTAÇÃO DE ESTÁGIO',4,0,144,9),(645,'Disciplina','Graduacao','Climatologia Dinâmica',3,3,145,5),(648,'Disciplina','Graduacao','Geografia da População',2,2,146,5),(649,'Disciplina','Graduacao','Literatura Infanto Juvenil',2,2,124,9),(650,'Disciplina','Graduacao','Organização do Espaço Mundial',3,3,146,5),(652,'Disciplina','Graduacao','Monografia',2,2,146,5),(654,'Disciplina','Pos','Globalização e a Produção do Espaço Regional',1,2,146,5),(655,'Orientacao','Pos','Orientações no Curso de Especialização em Geografia, Ensino e Meio Ambiente',1,0,145,5),(656,'Orientacao','Graduacao','Orientação de Estágio e Monografia',5,0,146,5),(657,'Orientacao','Graduacao','Orientação no Curso de Licenciatura e do Bacharel',2,0,145,5),(658,'Disciplina','Graduacao','Matemática Aplicada - primeiro ano - turma A',2,1,147,2),(659,'Disciplina','Graduacao','Matemática Financeira - segundo ano - turma  A',2,1,147,2),(660,'Disciplina','Graduacao','Matemática Aplicada à Economia I- primeiro ano- turma A',2,1,147,3),(661,'Disciplina','Graduacao','Matemática Aplicada à Economia II- segundo ano- turma única',2,1,147,3),(662,'Disciplina','Graduacao','Geometria Analítica-primeiro ano-turma única',2,1,147,7),(663,'Disciplina','Graduacao','Geoestatística-primeiro ano-turma única',2,1,147,5),(664,'Orientacao','Graduacao','Orientação de Estágio Supervisionado',6,0,147,8),(665,'Disciplina','Graduacao','Matemática Aplicada-primeiro ano-turma B',2,1,147,2),(666,'Disciplina','Pos','Climatologia Aplicada',1,2,145,5),(667,'Disciplina','Graduacao','Fundamentos de Pedologia',3,3,145,5),(668,'Disciplina','Graduacao','Matemática Financeira-segundo ano-turma B',2,1,147,2),(669,'Disciplina','Graduacao','Matemática Aplicada à Economia I- primeiro ano- turma B',2,1,147,3),(670,'Orientacao','Graduacao','Orientações de Estágio Supervisionado (a definir)',5,0,108,8),(671,'Orientacao','Pos','Orientação de TCC na Pós-Graduação Lato Sensu (Orientando Rodrigo Gardin Pires)',1,0,108,8),(672,'Disciplina','Graduacao','Psicologia da Educação',2,2,148,5),(673,'Disciplina','Graduacao','História da Educação I',4,2,130,11),(674,'Disciplina','Graduacao','Psicologia Educacional',2,2,148,6),(675,'Disciplina','Graduacao','Políticas Educacionais (Colegiado de Matemática)',2,2,130,11),(676,'','Graduacao','Filosofia da Educação',2,0,130,11),(677,'Disciplina','','Psicologia aplicada á Administração',4,4,148,1),(678,'Disciplina','Graduacao','Psicologia do Trabalho',4,4,148,2),(679,'Disciplina','Graduacao','Psicologia da Linguagem',2,2,148,9),(680,'Disciplina','Graduacao','Lingua Inglesa II - Turma A',4,4,149,9),(681,'Disciplina','PosStricto','Metodologia da Pesquisa Interdisciplinar',2,4,149,12),(682,'','','Licença integral para cursar doutorado',40,0,113,11),(683,'Orientacao','Graduacao','Orientação de Estágio Supervisionado de Língua Inglesa',6,0,149,9),(684,'Disciplina','Graduacao','Antropologia Cultural (Eletiva)',2,2,150,6),(685,'Disciplina','Graduacao','História Moderna',4,4,150,6),(686,'Disciplina','Graduacao','História do Brasil (Curso de Turismo e Meio Ambiente)',2,2,150,6),(687,'Orientacao','Graduacao','Orientação de Estágio Supervisionado ',9,0,150,6),(691,'Orientacao','Graduacao','Estágio Supervisionado - 3º ano noturno',7,3,152,11),(693,'Disciplina','Graduacao','História Contemporânea I',4,3,151,6),(694,'Disciplina','Graduacao','História Contemporânea II',4,3,151,6),(695,'Disciplina','Graduacao','História Econômica Geral',4,2,151,6),(696,'Disciplina','Graduacao','Sociologia',4,2,151,2),(699,'Orientacao','Graduacao','Estágios ',9,0,151,6),(704,'Disciplina','Graduacao','Latim I',2,2,153,9),(706,'Disciplina','Graduacao','Língua Portuguesa I',4,3,140,9),(707,'Disciplina','Graduacao','Língua Portuguesa III',4,3,140,9),(708,'Orientacao','Graduacao','Orientandos graduação',3,0,153,9),(710,'Disciplina','Graduacao','Metodologia e Técnicas de Pesquisa',2,2,140,9),(711,'Disciplina','Graduacao','Língua Portuguesa ',2,2,140,10),(712,'Orientacao','Graduacao','Orientação de estágio de docência',8,0,140,9),(713,'Disciplina','Graduacao','Estudo da Linguagem',4,2,154,11),(715,'Disciplina','Graduacao','História Contemporânea na Geografia',2,2,151,6),(716,'Disciplina','Graduacao','Comunicação oral e escrita',4,2,154,2),(717,'Disciplina','Graduacao','Português',1,1,154,7),(718,'Disciplina','Pos','Literatura Dramática Brasileira',1,2,154,9),(719,'Orientacao','Graduacao','Orientação de Estágio Supervisionado',9,0,154,9),(720,'Disciplina','Graduacao','Fundamentos Teórico-Metodológicos no Ensino de História e Geografia - 4º Ano diurno',4,4,156,11),(721,'Disciplina','Graduacao','Fundamentos Teórico-Metodológicos no Ensino de História e Geografia - 4º Ano noturno',2,2,156,11),(722,'Disciplina','Graduacao','FORMAÇÃO ECONÔMICA DO BRASIL',2,2,56,3),(723,'Orientacao','Graduacao','Estágio Supervisionado - 3º Ano noturno',12,0,156,11),(724,'Orientacao','Pos','Vaga para orientação do mestrado ',1,2,125,12),(725,'Disciplina','Graduacao','Antropologia Social',2,2,143,5),(726,'Disciplina','Graduacao','Fundamentos Teóricos e Epistemológicos da Educação Ambiental',2,2,143,5),(727,'Disciplina','Graduacao','Introdução à Filosofia',2,2,143,5),(728,'Disciplina','Graduacao','Filosofia da Ciência',2,2,143,6),(729,'Disciplina','Pos','Epistemologia da Educação Ambiental',1,2,143,5),(730,'Orientacao','Pos','1 vaga de orientação - Pós-Graduação em Geografia, Meio Ambiente e Ensino (Especialização)',1,0,143,5),(735,'Disciplina','Graduacao','Geografia Econômica',3,3,142,5),(736,'Disciplina','Graduacao','Geografia Regional do Paraná',3,3,142,5),(738,'Orientacao','Graduacao','Orientação de Estágio Supervisionado',9,0,142,5),(740,'Disciplina','Pos','História do Pensamento Geográfico',1,2,142,5),(741,'Disciplina','Graduacao','Teoria e Método da Geografia',2,6,141,5),(744,'Disciplina','Graduacao','Literaturas de Língua Inglesa I',4,4,158,9),(745,'Disciplina','Graduacao','Literaturas de Língua Inglesa II',2,2,158,9),(746,'Disciplina','Graduacao','Inglês',3,3,158,10),(747,'Disciplina','','Introdução ao estudo do conto',1,1,158,9),(748,'Disciplina','Graduacao','LÍNGUA INGLESA I',4,1,159,9),(749,'Disciplina','Graduacao','INGLÊS INSTRUMENTAL',2,1,159,7),(750,'Disciplina','Graduacao','LÍNGUA INGLESA III',4,1,159,9),(751,'Disciplina','Graduacao','LÍNGUA INGLESA IV',4,1,159,9),(752,'','','Afastamento integral para doutorado em 2015.',0,0,155,9),(753,'Disciplina','Graduacao','Fundamentos de Hidrogeografia ',6,0,160,5),(754,'Disciplina','Graduacao','Hidrologia e Saneamento Ambiental',6,0,160,5),(755,'Disciplina','Graduacao','Fundamentos Teórico - Metodológicos do Ensino de Matemática e de Ciências - 3o. Not. Pedag.',3,0,162,11),(756,'Disciplina','Graduacao','Apoio Didático',0,3,162,11),(757,'Orientacao','Graduacao','Orientação de Estágios - 4o. Pedag. Not. ',2,0,162,11),(758,'Orientacao','Graduacao','Orientação',4,0,160,5),(759,'Orientacao','PosLato','Orientação',1,0,160,5),(760,'Disciplina','Graduacao','Disciplina de Fundamentos de Geologia',3,3,161,5),(761,'Disciplina','Graduacao','Geomorfologia',3,3,161,5),(763,'Disciplina','Pos','Geomorfologia Ambiental',1,2,161,5),(764,'Disciplina','Graduacao','Geografia do Brasil, ',2,2,163,6),(765,'Disciplina','Graduacao','Geografia do Turismo,',2,2,163,5),(766,'Disciplina','Graduacao','Climatologia Geral',2,2,163,5),(767,'Disciplina','PosLato','Teoria e Planejamento da Paisagem',1,2,163,5),(768,'Disciplina','Graduacao','Teoria da Literatura',2,2,164,9),(769,'Disciplina','Graduacao','Geoprocessamento',2,2,165,5),(770,'Disciplina','Graduacao','Análise e Interpretação de Fotos Aéreas e Imagens Orbitais',3,3,165,5),(771,'Disciplina','PosLato','REPRESENTAÇÕES CARTOGRÁFICAS E ANÁLISE ESPACIAL',1,2,165,5),(773,'Orientacao','Graduacao','Tcc bacharelado em Geografia',1,0,165,5),(774,'Orientacao','Graduacao','Tcc bacharelado em Geografia',1,0,165,5),(775,'Orientacao','','Orientação de monografia (Especialização em Geografia), turma 2015/2016',3,0,142,5),(776,'Orientacao','Graduacao','estágio LAGSER - bacharelado em Geografia',1,0,165,5),(777,'Orientacao','PosLato','Tcc especialização em Geografia',1,0,165,5),(779,'Orientacao','PosLato','Tcc especialização em Geografia',1,0,165,5),(786,'Disciplina','Graduacao','LÍNGUA INGLESA I',4,4,166,9),(787,'Orientacao','Graduacao','ESTÁGIO SUPERVISIONADO DE LÍNGUA INGLESA II',4,0,166,9),(792,'Orientacao','PosLato','Orientação na Pós graduação - Geografia Meio Ambiente e Ensino',1,0,161,5),(793,'','','Licença para capacitação docente',40,0,131,5),(794,'Disciplina','Graduacao','Estatística Aplicada à Administração 2ºA',2,1,167,1),(795,'Orientacao','Graduacao','Estágio Supervisionado em Geografia',2,0,161,5),(796,'Disciplina','Graduacao','Métodos Quantitativos 2ºA',2,1,167,2),(797,'Disciplina','Graduacao','Estatística Econômica I 1ºA',2,1,167,3),(799,'Disciplina','Graduacao','Estatística Econômica II',2,1,167,3),(800,'Orientacao','Graduacao','Orientação de Estágio Supervisionado',12,0,141,5),(801,'Disciplina','Graduacao','Cálculo Numérico',2,1,167,7),(803,'Disciplina','Graduacao','Desenho Geométrico',2,1,167,8),(804,'Orientacao','Graduacao','Orientação de Estágio Supervisionado',8,0,167,8),(805,'','','Licença para capacitação',40,0,168,5),(806,'Disciplina','Graduacao','Disciplina Geografia Regional do Brasil',3,3,57,5),(807,'Disciplina','Graduacao','Disciplina: Geografia Agrária',3,3,57,5),(808,'Disciplina','Pos','Disciplina:Organização do espaço agrário',1,2,57,5),(809,'Orientacao','Graduacao','Orientandos de estágio supervisionado',4,0,57,5),(811,'Orientacao','Pos','Orientando de especialização GEOMAE',1,0,57,5),(812,'Disciplina','Graduacao','Métodos Quantitativos	2ºB',2,1,167,2),(813,'Disciplina','Graduacao','Estatística Econômica I 1ºB',2,1,167,3),(815,'Disciplina','Graduacao','Geografia Urbana',3,3,169,5),(816,'Disciplina','Graduacao','Planejamento Rural e Urbano',3,3,169,5),(817,'Disciplina','Pos','Produção do Espaço Urbano',1,2,169,5),(818,'Orientacao','Graduacao','Estágio Supervisionado',7,0,169,5),(819,'Orientacao','Graduacao','Orientação de Monografia',3,0,169,5),(820,'Disciplina','Graduacao','Apoio Didático',0,3,147,8),(821,'Disciplina','Graduacao','Introdução a Lingua Brasileira de Sinais - Letras 1º ano noturno',2,1,135,11),(822,'Disciplina','Graduacao','Introdução a Lingua Brasileira de Sinais - Matemática 2º ano noturno',2,1,135,11),(823,'Disciplina','Graduacao','Libras - Língua Brasileira de Sinais - História 3º ano noturno',2,1,135,11),(824,'Disciplina','Graduacao','Libras - Língua Brasileira de Sinais I - Pedagogia 3º ano diurno',1,0,135,11),(825,'Disciplina','Graduacao','Libras - Língua Brasileira de Sinais I - Pedagogia 3º ano noturno',1,1,135,11),(826,'Disciplina','Graduacao','Libras - Língua Brasileira de Sinais II - Pedagogia 4º ano diurno',1,1,135,11),(827,'Disciplina','Graduacao','Libras - Língua Brasileira de Sinais II - Pedagogia 4º ano noturno',1,1,135,11),(828,'Disciplina','Graduacao','Libras - Língua Brasileira de Sinais - Geografia 4º ano noturno',2,0,135,11),(830,'Orientacao','Graduacao','Estágio Supervisionado de Língua Inglesa II',5,0,170,9),(831,'Orientacao','Graduacao','1 vaga orientação de TCC (Bacharelado)',1,0,143,5),(832,'Disciplina','Graduacao','FILOSOFIA E ÉTICA 1.B',2,2,34,3),(835,'Disciplina','Graduacao','Apoio Didático',0,4,167,8),(836,'Orientacao','Graduacao','Orientação de estágio',2,0,163,5),(837,'','Pos','Monografia',2,0,163,5),(838,'','Graduacao','Orientação de Tcc - Bacharelado',1,0,163,5),(842,'Disciplina','Graduacao','Economia da Educação 1º ano Noturno',3,3,89,11),(843,'Disciplina','Graduacao','Políticas Educacionais 2º ano Diurno',3,3,89,11),(844,'Disciplina','Graduacao','Políticas Educacionais 2º ano Noturno',3,3,89,11),(845,'Orientacao','Graduacao','Estágio Supervisionado 3º Ano Pedagogia Noturno',1,0,89,11),(848,'Disciplina','Graduacao','Metodologia do Ensino de Geografia II',3,3,171,5),(849,'Disciplina','Pos','Metodologia do Ensino de Geografia',1,2,171,5),(850,'Orientacao','Graduacao','Orientação de Estágio Curricular Supervisonado',3,0,171,5),(852,'','','Licença Integral',40,0,109,8),(853,'Disciplina','Graduacao','Metodologia e Técnicas de Pesquisa - EPA - 1º Única',2,0,74,7),(854,'Disciplina','Graduacao','Cartografia Geral',3,3,172,5),(855,'Disciplina','Graduacao','Cartografia temática e digital',2,2,172,5),(856,'Disciplina','Graduacao','Elementos de Geopolítica',3,3,172,5),(857,'Disciplina','Graduacao','Literatura Brasileira 1',4,4,164,9),(858,'Disciplina','Graduacao','Literatura Brasileira 2',2,2,164,9),(861,'Orientacao','Graduacao','Orientação de Estágio em Língua Portuguesa',2,0,164,9),(863,'Orientacao','Graduacao','Orientação de Estágio em Língua Portuguesa',3,0,127,9),(864,'Disciplina','PosLato','Teoria da Poesia',1,1,164,9),(865,'','','Licença Especial de 09/02/2015 até 09/05/2015',40,0,173,8),(866,'Disciplina','Graduacao','Introdução à Pesquisa Operacional - EPA - 2º ANO',2,0,68,7),(867,'Disciplina','Graduacao','Projeto do Trabalho de Graduação - Turma A - EPA - 5º Ano',1,0,68,7),(868,'Disciplina','Graduacao','Projeto do Trabalho de Graduação - Turma B - EPA - 5º Ano',1,0,68,7),(869,'','','Licença integral',40,0,92,8),(871,'Disciplina','Graduacao','Apoio didático',8,0,46,3),(872,'Disciplina','Pos','TERRITÓRIO, ESPAÇO E DESENVOLVIMENTO',1,2,172,5),(873,'Orientacao','PosLato','Orientação da Pós',2,0,172,5),(874,'Disciplina','Graduacao','Língua Inglesa I',4,4,170,9),(875,'Disciplina','Graduacao','Língua inglesa IV',4,4,170,9),(876,'Disciplina','Graduacao','Latim II',2,1,153,9),(877,'Disciplina','Graduacao','INTRODUÇÃO À SEMÂNTICA',2,2,174,9),(878,'Disciplina','PosLato','Disciplina de Metodologia e Técnicas de Pesquisa',2,0,140,9),(879,'Orientacao','Graduacao','ORIENTAÇÕES DE TG  - 5º ENGENHARIA DE PRODUÇÃO AGROINDUSTRIAL',2,0,97,7),(880,'Disciplina','Graduacao','Introdução à Economia - Turma A',2,2,52,2),(881,'Disciplina','Graduacao','Introdução à Economia - Turma B',2,2,52,2),(882,'Orientacao','PosLato','Orientação de Pedro Henrique Bruno Martins- Título do Projeto- A Produção  do Espaço Público Pelo Lazer em Maringá (PR): estudo de caso do Parque do Ingá',0,0,21,5),(883,'','PosLato','Orientação de Hélida Cristina da Silva  Miranda - Projeto: A Produção e autilizaçãode materiais didáticos pedagógicos no ensino de Geografia:desafios da prática docente nas séries finais da Educação B',0,0,21,5),(885,'Orientacao','PosStricto','Orientação de Josimari Brito Morigi',3,0,21,5),(886,'Orientacao','PosStricto','Orientação de Tatiane Monteiro Ré',3,0,21,5),(887,'Disciplina','Graduacao','Métodos e Técnicas de Pesquisa Aplicadas à Geografia ',2,2,169,5),(889,'','','Reunião de Colegiado',1,0,169,5),(890,'Disciplina','Graduacao','Língua Inglesa II',4,4,166,9),(891,'Disciplina','Graduacao','RECURSOS HUMANOS',8,0,62,1),(892,'Disciplina','Graduacao','DISCIPLINA DE FILOSOFIA PARA O SEGUNDO ANO',2,2,34,10),(893,'Disciplina','Graduacao','Turismo e Biodiversidade 1º ano',3,0,24,10),(894,'Disciplina','Graduacao','FILOSOFIA PRIMEIRO ANO',2,2,34,6),(895,'Disciplina','Graduacao','Administração de Rec Materiais e Patrimoniais 2ºA',2,2,94,1),(896,'Disciplina','Graduacao','DIREITO TRABALHISTA E TRIBUTÁRIO - 4º A ADMINISTRAÇÃO',2,0,55,1),(898,'Disciplina','Graduacao','INTRODUCAO A CONTABILIDADE - 1º ANO A - ECONOMIA',2,0,175,3),(901,'Disciplina','Graduacao','APOIO DIDATICO',4,0,175,2),(903,'Disciplina','Graduacao','Sistemas de Informações',2,2,177,7),(904,'Disciplina','Graduacao','Pesquisa Operacional Aplicada',2,2,177,7),(905,'Disciplina','Graduacao','Desenvolvimento de Novos Empreendimentos',2,2,177,7),(906,'Disciplina','Graduacao','Logística Agroindustrial',2,2,177,7),(907,'Disciplina','Graduacao','Planejamento e Controle da Produção I',3,3,177,7),(908,'Orientacao','Graduacao','Estágio e Trabalho de Graduação',14,0,177,7),(909,'Disciplina','Graduacao','1º ano - Métodos e Técnicas de Pesquisa em Turismo',3,0,178,10),(910,'Disciplina','Graduacao','3º ano - Patrimônio Cultural e Turismo',2,0,178,10),(911,'Disciplina','Graduacao','3º ano - Turismo e Biodiversidade',3,0,178,10),(912,'Disciplina','Graduacao','3º ano - Turismo e Geografia',2,0,178,10),(913,'Orientacao','Graduacao','Orientação Monografia',5,0,178,10),(914,'Orientacao','Graduacao','Orientação Projeto de Estágio',8,0,178,10),(915,'Disciplina','Graduacao','Apoio Didático',12,0,178,10),(917,'Disciplina','Graduacao','Disciplina de Agenciamento e Transportes - 2º Ano TMA',3,2,179,10),(918,'Disciplina','Graduacao','Disciplina de Planejamento e Políticas de Turismo - 2º Ano TMA',3,2,179,10),(919,'Disciplina','Graduacao','Disciplina de Turismo em Áreas Naturais - 2º Ano TMA',2,2,179,10),(920,'Disciplina','Graduacao','Disciplina de Ecoturismo - 3º Ano TMA',2,2,179,10),(921,'Disciplina','Graduacao','Disciplina de Cidades e Turismo - 3º Ano TMA',2,2,179,10),(922,'Disciplina','Graduacao','Disciplina de Agenciamento - 4º Ano TMA',2,2,179,10),(923,'Orientacao','Graduacao','Orientação de Estágios e TCC\'s',12,0,179,10),(924,'Disciplina','Graduacao','Meios de Hospedagem',3,3,180,10),(925,'Disciplina','Graduacao','Hospitalidade',2,2,180,10),(926,'Disciplina','Graduacao','Tópicos Especiais',1,1,180,10),(927,'Disciplina','Graduacao','Hospitalidade',2,2,180,10),(928,'Orientacao','Graduacao','Orientação de TCC',2,0,180,10),(929,'Orientacao','Graduacao','Orientação de Estágio',5,0,180,10),(930,'Disciplina','Graduacao','Administração de Recursos Materiais e Patrimoniais - 2º B',2,2,95,1),(931,'Disciplina','Graduacao','OMSI - 3º ano',2,2,95,1),(933,'Disciplina','Graduacao','História Contemporânea I',4,0,129,6),(934,'Disciplina','Graduacao','Gestão da Qualidade',2,0,41,7),(935,'Orientacao','Graduacao','Orientação de Trabalho de Conclusão de Curso',1,0,41,1),(937,'Orientacao','Graduacao','TCC do curso de Administração - Estratégias de Marketing no Supermercado Real',1,0,102,1),(939,'Disciplina','Graduacao','Aspectos da Administração Aplicados ao Turismo',2,0,102,1),(941,'Disciplina','Graduacao','Apoio Didático',2,0,102,1),(943,'Disciplina','Graduacao','Introdução à Pesquisa Operacional',2,2,177,7),(944,'Disciplina','Graduacao','Mercado Futuro e Opções Agropecuárias - Turma A - 1h',1,0,66,7),(945,'Disciplina','Graduacao','Mercado Futuro e Opções Agropecuárias - Turma B - 1h',1,0,66,7),(946,'Disciplina','Graduacao','INTRODUÇÃO A ENGENHARIA DE SEGURANÇA',2,2,87,7),(947,'Disciplina','Graduacao','Introdução a Economia',4,4,53,3),(948,'Disciplina','Pos','Organização social do mercado de trabalho sob a perspectiva nacional e internacional',3,6,53,3),(955,'Disciplina','Graduacao','História Econômica Geral ',2,2,37,3),(956,'Disciplina','Graduacao','INTRODUCAO A CONTABILIDADE  - 1º ANO B - ECONOMIA',2,0,175,3),(957,'Disciplina','Graduacao','CONTABILIDADE PÚBLICA E ORÇAMENTO TURMA A - C. CONTÁBEIS',4,0,175,2),(958,'Disciplina','Graduacao','CONTABILIDADE PÚBLICA E ORÇAMENTO TURMA B - C. CONTÁBEIS',4,0,175,2),(959,'Orientacao','Graduacao','ORIENTAÇÃO TCC',4,0,175,2);

--
-- Table structure for table `atiExtensao`
--

CREATE TABLE `atiExtensao` (
  `extId` int(11) NOT NULL auto_increment,
  `extDescricao` varchar(200) NOT NULL,
  `extTipo` varchar(25) NOT NULL,
  `extCargaHoraria` int(11) NOT NULL,
  `extInicio` date NOT NULL,
  `extFim` date NOT NULL,
  `extFinanciamento` varchar(1) NOT NULL,
  `extOrgao` varchar(100) NOT NULL,
  `extOrientando` int(11) NOT NULL,
  `pesId` int(11) NOT NULL,
  PRIMARY KEY  (`extId`),
  KEY `fk_atiExtensao_pessoa1_idx` (`pesId`)
) ENGINE=InnoDB DEFAULT CHARSET=latin1;

--
-- Dumping data for table `atiExtensao`
--

INSERT INTO `atiExtensao` VALUES (1,'Teste extensão 20/10/2014','Curso',3,'0000-00-00','0000-00-00','','',0,3),(2,'Teste extensão 20/10/2014','projpubli',4,'2014-10-20','2015-11-20','','',0,3),(5,'teste de extens','Curso',12,'2014-11-11','2014-11-11','N','Teste',5,3),(8,'teste de extensão2','Projeto',10,'2014-11-11','2014-11-11','S','seti',4,4),(9,'Educação Empreendedora na UNESPAR/FECILCAM. ','projeto',4,'2013-10-01','2015-09-01','S','SEBRAE',0,30),(10,'PROJETO TIDE: ÉTICA E CIDADANIA: DA REFLEXÃO À AÇÃO','',12,'2014-01-01','2014-12-31','','',25,34),(11,'Subprojeto do PIBID em História: Ensino de História: práticas, metodologias e espaços de formação','',0,'2014-03-01','2018-03-01','S','PIBID/CAPES/Edital -2014 ',26,39),(12,'V Colóquio Nacional Cultura e Poder: interdisciplinariedade e formação humana','Evento',0,'2015-04-07','2015-04-10','S','Fundação Araucária',0,39),(13,'II Seminário de História da Unespar: Ensino de História e espaços de formação','Evento',0,'2015-05-20','2015-05-23','S','Obs: Ainda não saiu o resultado da Capes',0,39),(14,'Uma (01) Bolsista Técnico de nível superior (Tayssa Nascimento)','projserv',1,'2014-10-20','2016-10-19','S','Fundação Araucária',1,39),(15,'Quatro (04) Orientações PDE de História (Shirlei da Costa Jardim; Silvia A. P. Alegria; Daniela Cass','',3,'2014-02-01','2016-02-01','S','Seti',4,39),(16,'Vinte seis (26) orientandos de Iniciação à Docência - PIBID em História','projeto',1,'2014-03-01','2018-03-01','S','Capes',26,39),(17,'TIDE - EDUCAÇÃO FINANCEIRA PESSOAL COMO FERRAMENTA CONTRIBUTIVA PARA MELHOR CONDIÇÃO DE VIDA A SOCIEDADE DA','Projeto',12,'2014-08-01','2016-07-31','o','',0,40),(18,'TIDE: Ensino de Matemática por meio de Tendências em Educação Matemática','Projeto',12,'2014-10-31','2016-10-30','o','',0,44),(19,'Coordenação do subprojeto do PIBID de Matemática do Câmpus de Campo Mourão','Projeto',2,'2014-03-01','2016-02-28','S','CAPES',21,44),(20,'Orientação de professores PDE','',3,'2014-02-10','2016-12-20','S','SEED-PR',3,44),(21,'Proext 2015 - Capacitação em Economia Solidária, Gestão de Cooperativa Popular e Desenvolvimento de ','projeto',8,'2015-02-02','2015-12-20','S','MEC (com previsão de bolsas somente para alunos participantes)',3,20),(23,'Programa USF Bom Negócio Paraná','',4,'2014-09-01','2015-12-31','S','Fundo Paraná',6,53),(25,'Coordenação do Subprojeto do PIBID de Matemática do Campus de Campo Mourão	','Projeto',0,'2014-03-01','2017-03-01','S','CAPES',21,49),(26,'Academia CISCO','Curso',0,'2015-02-01','2016-12-30','','',2,49),(27,'Comissão Permanente Realização SCCSA (Semana dos Cursos de Ciências Sociais Aplicadas)','Evento',1,'0000-00-00','0000-00-00','','',0,63),(28,'ASSESSORIA CONTÁBIL À EMPRESA JUNIOR DO CURSO DE EPA – OTIMIZA','projserv',2,'0000-00-00','0000-00-00','N','CURSO DE ENGENHARIA ENG. DE PROD. AGROINDUSTRIAL - UNESPAR-CAMPO MOURÃO',20,69),(29,' Orientação PDE (Aluna: Magda Barbaresco) e Ministrante de Curso/PDE','',1,'2014-02-12','2015-12-05','','',1,70),(30,'Tide - O Laboratório de Ensino de Matemática e possíveis contribuições na formação inicia','Projeto',12,'2013-09-01','2015-08-31','','',0,72),(31,'Projeto Teatro na Universidade','projserv',4,'2014-04-01','2016-04-01','','',0,33),(32,'Projeto Educação Empreendedora','projeto',4,'2014-01-01','2015-01-01','S','Sebrae',0,33),(35,'Comissão Permanente para Realização da Semana dos Cursos de Ciências Sociais Aplicadas(SCCSA)','Evento',1,'2015-02-02','2015-09-09','N','Colegiado de Administração',0,41),(38,'Educação Empreendedora na UNESPAR/FECILCAM. ','projeto',4,'2013-10-01','2015-09-01','S','SEBRAE',0,29),(39,'Projeto de Extensão HISTÓRIA REVISTA','projeto',4,'2014-01-01','2016-01-01','N','',0,75),(40,'Orientação PDE','Curso',0,'2014-01-01','2016-01-01','S','Governo do Estado do Paraná',1,75),(43,'Patronato ','projserv',1,'2014-08-01','2015-08-01','o','',0,102),(45,'ORIENTAÇÃO DE PDE','projserv',1,'2014-03-01','2015-12-31','N','',1,34),(47,'Orientação de professores PDE','projserv',2,'2014-02-01','2015-12-10','N','',2,86),(48,'Orientação de Professores do PDE','Projeto',0,'2014-02-10','2015-12-20','S','SEED - PR',2,105),(49,'PDE - Marcio Ribeiro Duarte ','',1,'2014-08-01','2016-07-31','o','',1,107),(51,'Co-pesquisador Projeto Fundação Araucária 10/2013 FA','',4,'2013-11-30','2015-12-30','S','Fundação Araucária',0,101),(52,'Comissão Enieduc','Evento',2,'0000-00-00','0000-00-00','N','',0,101),(58,'Ensino de Matemática por meio de Tendências em Educação Matemática (prof.Wellington)','Curso',4,'2014-10-31','2016-10-30','','',0,59),(61,'Orientação de PDE ','',0,'2015-02-07','2015-12-01','S','SETI',1,115),(62,'Orientação PDE','projserv',1,'2014-02-01','2015-02-01','S','',0,59),(63,'PDE','projeto',2,'2014-02-01','2015-12-10','S','SEED',2,82),(64,'A pesquisa como princípio educativo e científico na educação básica.','Projeto',6,'2014-12-01','2016-11-30','o','',4,116),(65,'Grupo de Estudos Espaço Marx','projeto',6,'0000-00-00','2015-12-12','','',0,121),(66,'PDE - Histórias em quadrinhos: uma proposta para a formação do aluno leitor','',0,'0000-00-00','0000-00-00','S','SEED',1,124),(67,'Ensino de Matemática por meio de Tendências em Educação Matemática','Projeto',1,'2014-10-31','2016-10-30','','',0,72),(69,'Curso de Extensão: A saída do cerco: uma introdução à literatura de autoria feminina no Brasil','Curso',6,'2015-07-04','2015-11-28','','',4,127),(70,'Organização do III Encontro Regional de Educação Especial ','Evento',0,'2015-05-21','2015-05-23','N','',16,117),(71,'TIDE - Grupo de Estudos Educacionais na perspectiva Histórico-Cultural e na perspectiva da Teoria da Atividade: formação de conceitos matemáticos (III edição)','projeto',12,'2014-01-01','2015-01-31','N','UNESPAR',16,117),(75,'IMPLICAÇÕES DA ESCOLARIDADE NA FORMAÇÃO DO ADOLESCENTE','PDE',2,'2014-02-25','2015-12-05','N','SEED',1,117),(76,'Projeto de intervenção pedagógica na área de Língua Portuguesa para os anos iniciais do ensino fundamental','',3,'2014-10-01','2016-09-01','','UNESPAR',0,115),(77,'O trabalho do professor e a formação docente: contribuições dos estudos da linguagem para a (res)significação do agir docente','Projeto',2,'2015-01-01','2015-12-31','','',0,133),(80,'55º. Jogos Universitários do Paraná','Evento',6,'2015-02-01','2015-10-01','','FPDU - Federação Universitários de Desportos do Parana',0,128),(81,'14º Jogos Universitários de Campo Mourão','Evento',6,'2015-02-01','2015-10-01','','FECAM - Fundação de Esportes de Campo Mourão',0,128),(82,'Campeonatos e Torneio ds modalidades: Futsal e Futebol Suiço Municipal','Evento',4,'2015-02-01','2015-12-01','','FECAM - Fundação de Esportes de Campo Mourão ',0,128),(83,'PDE','Projeto',1,'2015-02-02','2015-12-15','S','Governo do Estado do Paraná',1,12),(84,'A relação entre consumo e sua influência na vida dos educandos','',0,'0000-00-00','0000-00-00','S','Governo do Estado do Paraná',1,21),(85,'Geografia e Memória: um resgate da história do Colégio Estadual ESTADUAL São Judas Tadeu E. F. M De Quinta do Sol (PR)','',0,'0000-00-00','0000-00-00','S','Governo do estado do Paraná',1,21),(86,'O Estudo da Cidade: diferentes linguagens no ensino de Geografia','',0,'0000-00-00','0000-00-00','S','Governo do Estado do Paraná',1,21),(88,'Coordenção do Programa Patronato de Campo Mourão ','projserv',0,'2014-09-01','2015-08-31','S','Secretaria de Estado da Ciencia,Tecnologia e Ensino Superior/ Secretaria de Estado da Justiça e Dire',10,138),(89,'Supervisão de Estagio Não Obrigatório (Remunerado) do curso de Pedagogia ','',4,'2010-07-21','2015-12-31','','',130,138),(90,'Orientação PDE: Jerson Wobeto','',0,'2013-02-01','2016-02-01','','',1,120),(91,'TIDE - Projeto de Intervenção Pedagógica na área de Língua Portuguesa para os anos iniciais do Ensino Fundamental','',12,'2014-10-01','2016-09-30','o','',4,139),(93,'Contribuições da perspectiva histórico-cultural para a Educação Infantil e séries iniciais do Ensino Fundamental','projeto',4,'2013-07-31','2015-08-01','N','',0,139),(94,'Orientação de professores do PDE','',1,'2014-02-10','2016-12-20','S','SEED-PR',1,101),(95,'PDE Orientação - Contos e encantos: (res) significando o Conto de Fadas por meio da leitura','',0,'2015-01-01','2015-12-31','S','Governo do Estado do Paraná - SEED',1,133),(96,'PDE Cursos e orientações','',1,'2015-01-01','2015-12-31','S','Governo do Estado do Paraná - SEED',2,118),(98,'Orientação PDE','PDE',0,'2015-02-01','2017-02-01','S','',2,59),(102,'Membro do Conselho Gestor do Programa ','projserv',0,'2014-09-24','2015-12-31','S','Secretaria de Estado do Desenvolvimento Social / Fundo da Infância e Adolescência',1,138),(103,'PDE - CURSOS E ORIENTAÇÃO','PDE',4,'2015-01-01','2015-12-31','S','GOVERNO DO ESTADO DO PARANÁ - SEED',0,144),(104,'A SAÍDA DO CERCO: UMA INTRODUÇÃO À LITERATURA DE AUTORIA FEMININA NO BRASIL','projeto',4,'2015-03-01','2015-12-20','N','',0,124),(105,'ORIENTAÇÃO - GÊNERO NOTÍCIA: ATIVIDADES DE LEITURA SOB UMA PERSPECTIVA DISCURSIVA','',0,'2015-01-01','2015-12-31','S','GOVERNO DO ESTADO DO PARANÁ - SEED',1,144),(106,'ORIENTAÇÃO - LEITURA DISCURSIVA DE PROPAGANDA SOCIAL NO ENSINO FUNDAMENTAL','',0,'2015-01-01','2015-12-31','S','GOVERNO DO ESTADO DO PARANÁ - SEED',1,144),(107,'PDE - Orientação e Cursos','',0,'2015-01-01','2015-12-31','S','Governo do Estado do Paraná - SEED',1,133),(108,'Orientação PDE ','PDE',1,'2014-02-01','2016-12-31','N','',3,145),(110,'PDE - Cursos e Orientações','PDE',4,'2015-01-01','2015-12-31','S','Governo do Estado do Paraná - SEED',2,149),(111,'PDE - Orientação - A HISTÓRIA EM QUADRINHOS COMO POSSIVEL INSTRUMENTO PARA A FORMAÇÃO DO ALUNO DE LÍNGUA INGLESA COMO AGENTE TRANSFORMADOR','PDE',0,'2015-01-01','2015-12-31','S','Governo do Estado do Paraná - SEED',1,149),(112,'PDE - Orientação - OS GÊNEROS DIÁRIO PESSOAL E AUTOBIOGRAFIA COMO INSTRUMENTOS PARA O ENSINO E APRENDIZAGEM DE LÍNGUA INGLESA A PARTIR DO DIÁRIO DE ANNE FRANK','PDE',0,'2015-01-01','2015-12-31','S','Governo do Estado do Paraná - SEED',1,149),(114,'Mostra Cultural de Língua Latina ','Evento',0,'2015-11-05','2015-12-05','o','Curso de Letras',40,153),(116,'PDE Orientação e docência','',4,'2015-01-01','2015-12-31','S','SEED',1,140),(117,'TIDE - Universidade Aberta da Terceira Idade - UNATI: uma proposta de autoconhecimento do idoso, visando a compreensão do seu próprio processo de envelhecimento','projeto',12,'2013-03-06','2015-01-20','N','',0,150),(118,'PIBID - Subprojeto de Língua Inglesa','',4,'2015-01-01','2015-12-31','S','CAPES',11,133),(119,'Orientação e docência ','PDE',4,'2015-01-01','2015-12-31','S','SEED',3,154),(120,'A SAÍDA DO CERCO: UMA INTRODUÇÃO À LITERATURA DE AUTORIA FEMININA NO BRASIL','projeto',4,'2015-03-02','2015-12-05','N','',0,154),(122,'Orientação de professores PDE','',2,'2014-01-01','2016-12-31','','Colegiado de Letras',4,125),(123,'O ESTUDO DA HISTÓRIA E DA CULTURA AFRO-BRASILEIRAS NAS  AULAS DE LÍNGUA INGLESA: UMA PROPOSTA INTERDISCIPLINAR','',0,'2014-01-01','2015-12-31','','Colegiado de Letras',1,125),(124,'JOGOS PEDAGÓGICOS COMO APOIO PARA O ENSINO DA LÍNGUA INGLESA','',0,'2014-01-01','2015-12-31','','Colegiado de Letras',1,125),(125,'Supervisão do Centro de Línguas da UNESPAR - Campus de Campo Mourão','projserv',0,'0000-00-00','0000-00-00','','Orgão Complementar ',0,125),(128,'Divulgação Cientifica do Acervo Geológico do Museu de Geologia da UNESPAR-CM','Projeto',12,'2014-09-01','2016-08-30','','',0,142),(130,'PIBID Subprojeto de Língua Portuguesa: Leitura, escrita e análise linguística: articulações necessárias no processo de ensino e aprendizagem de Língua Portuguesa','',4,'2014-02-01','2015-12-31','S','CAPES',15,118),(131,'PDE: Atividades de docência e orientação','',4,'2014-01-01','2016-01-01','','',3,158),(133,'Co-particiação no projeto de extensão \"A saída do cerco: uma introdução à literatura de autoria feminina no Brasil\" (coordenadora: Wilma dos Santos Coqueiro)','projeto',0,'2015-03-01','2015-12-01','','',0,158),(134,'Coordenação do VI Enieduc','Evento',0,'2015-01-01','2015-09-01','S','fundação Araucária/Unespar',0,155),(135,'Orientação','',0,'0000-00-00','2015-12-12','S','Governo do Estado do Paraná',0,155),(136,'CINESPAR - Cinema Itinerante','projserv',2,'2014-12-06','2015-12-06','S','Fundação Araucária',2,163),(138,'FIGURAÇÕES DA INFÂNCIA NA POESIA BRASILEIRA: LEITURA LITERÁRIA, EMANCIPAÇÃO E ENSINO','',2,'2014-03-03','2015-03-03','o','COLEGIADO DE LETRAS',1,164),(141,'Melhoria da qualidade da água através da técnica de recuperação e proteção de nascentes em pequenas propriedades agrícolas no município de Campina da Lagoa - PR','',2,'0000-00-00','0000-00-00','S','FUNASA',2,160),(142,'Projeto Água limpa na agricultura familiar','',2,'0000-00-00','0000-00-00','S','SETI-PR',2,160),(143,'Saneamento ambiental rural em áreas de neossolo litólico','',1,'0000-00-00','0000-00-00','S','CNPq',1,160),(144,'\"Melhoria da Qualidade da Água Através da Técnica de Recuperação e Proteção de Nascentes em Pequenas Propriedades Agrícolas no Município de Campina da Lagoa - PR\"','',2,'0000-00-00','0000-00-00','S','FUNASA',1,161),(145,'Saneamento ambiental piloto de baixo custo para implantação em estabelecimentos de agricultura familiar','',1,'0000-00-00','0000-00-00','S','Fundação Araucaria',1,160),(146,'\"Saneamento Ambiental Rural em Áreas de Neossolo Litólico\"','',3,'0000-00-00','0000-00-00','S','CNPQ',1,161),(147,'Aula e orientação de PDE','',0,'0000-00-00','0000-00-00','','',0,160),(148,'Aula e orientação - PDE','',1,'0000-00-00','0000-00-00','o','UNESPAR',1,161),(150,'ESPAÇO MARX','Curso',4,'2015-02-01','2015-12-22','N','',0,166),(151,'Projeto de Tide','',12,'2014-09-01','2015-08-31','o','Museu de Geologia ',0,161),(152,'Projeto de TIDE','',12,'0000-00-00','0000-00-00','','',0,160),(153,'Orientação PDE','PDE',1,'2014-02-01','2016-02-01','S','SEED-PR',1,142),(156,'Orientandos PDE','PDE',2,'0000-00-00','0000-00-00','','',0,57),(163,'A pesquisa e a praxis pedagógica no ensino de Geografia','Projeto',4,'2014-03-01','2018-03-01','S','CAPES',16,171),(164,'Melhoria da qualidade da água através da técnica de recuperação e proteção de nascentes','Projeto',1,'0000-00-00','0000-00-00','','FUNASA',0,171),(165,'Saneamento ambiental piloto de baixo custo para implantação em estabelcimentos de agricultores familiares','Projeto',0,'0000-00-00','0000-00-00','S','Fundação Araucária',0,171),(166,'A importância da agricultura familiar na produção de alimentos','',0,'0000-00-00','0000-00-00','','',0,171),(167,'O indivíduo negro na sociedade e o papel da escola na descontrução do racismo','Projeto',0,'0000-00-00','0000-00-00','','',0,171),(168,'Orientação no PDE - Turma de 2015-2016','PDE',0,'0000-00-00','0000-00-00','','',1,171),(169,'Aula no PDE','PDE',0,'0000-00-00','0000-00-00','','',0,171),(170,'Orientação PDE ','',1,'2015-02-01','2016-02-01','','',1,172),(171,'PDE - Atividade de docência e orientação','',2,'2014-03-03','2015-03-03','','',2,164),(172,'Participação no Curso: A saída do cerco: Uma introdução à Literatura de Autoria Feminina no Brasil','Curso',0,'2015-03-02','2015-12-05','o','',0,164),(173,'Aulas no PDE','Curso',0,'2015-01-01','2016-01-01','','',0,172),(174,'Orientação PDE: A CONTRIBUIÇÃO DAS NOVAS TECNOLOGIAS E SUAS LINGUAGENS NO ENSINO DE CARTOGRAFIA ESCOLAR','',1,'2014-02-01','2015-02-01','','',1,172),(175,'TIDE-Projeto de monitoria de língua inglesa para o curso de Letras','projpubli',12,'2015-03-01','2017-02-01','o','Colegiado de Letras',0,170),(176,'Cursos e orientações PDE','Curso',4,'2015-03-01','2015-12-19','S','SEED',4,170),(178,'Teatro na Universidade - Grupo de Teatro formado por acadêmicos com o objetivo de promover espetáculos e atividadades culturais na Unespar','projeto',4,'2015-02-01','2016-01-01','N','',0,180),(179,'Programa USF Bom Negócio Paraná ','projpubli',4,'2014-09-01','2016-02-02','S','Fundo Paraná ',0,41),(180,'Suporte Técnico/Profissional aos Acadêmicos do Curso de Engenharia de Produção nos Processos de Estágios','projeto',2,'2015-09-15','2017-08-15','N','',0,80),(181,'Suporte Técnico/Profissional aos Acadêmicos do Curso de Engenharia de Produção nos Processos de Estágios','projeto',4,'2015-09-15','2017-08-15','N','',0,58),(182,'Organização de produtores da Vila Rural Flor do Campo de Campo Mourão-Pr, com vistas à produção de hortifrutigranjeiros.','',4,'2015-11-01','0216-10-31','S','UNESPAR - Universidade Estadual do Paraná',2,53);

--
-- Table structure for table `atiPesquisa`
--

CREATE TABLE `atiPesquisa` (
  `pesqId` int(11) NOT NULL auto_increment,
  `pesqDescricao` varchar(200) NOT NULL,
  `pesqCargaHoraria` int(11) NOT NULL,
  `pesqInicio` date NOT NULL,
  `pesqFim` date NOT NULL,
  `pesqFinanciamento` varchar(1) NOT NULL,
  `pesqOrgao` varchar(100) NOT NULL,
  `pesqOrientandos` int(11) default NULL,
  `pesId` int(11) NOT NULL,
  PRIMARY KEY  (`pesqId`),
  KEY `fk_atiPesquisa_pessoa1_idx` (`pesId`)
) ENGINE=InnoDB DEFAULT CHARSET=latin1;

--
-- Dumping data for table `atiPesquisa`
--

INSERT INTO `atiPesquisa` VALUES (1,'Teste de pesquisa 16/10/14',3,'2014-01-01','2014-12-30','S','teste orgao',4,3),(2,'dasdasdasd1234',10,'2014-11-10','2014-11-12','S','Nao',8,4),(3,'Novos Municípios como Espaços Sociais e Políticos: implicações do Processo de Emancipação Político-A',12,'2014-09-01','2016-08-30','N','',0,20),(4,'TIDE- Inter-relações entre uso público e danos ambientais no Parque do Ingá - Pr',12,'2014-04-01','2016-04-01','N','',0,23),(7,'PIC_MESTRADO: TRABALHO INFANTIL COMO CONDICIONANTE DA RENDA NO FUTURO: Uma análise para o Paraná',4,'2014-08-01','2015-07-01','N','',1,26),(8,'PIC_Junior: Existe relação entre Pobreza e incidência de gravidez na fase infanto-juvenil? Uma análi',4,'2015-02-01','2016-02-01','N','',1,26),(9,'TIDE: PORQUE NOSSAS CRIANÇAS E ADOLESCENTES PRECISAM TRABALHAR?  Uma análise teórico-quantitativa, p',12,'2014-10-30','2016-10-30','N','',0,26),(10,'TIDE :Análise da evolução de indicadores sociais e econômicos brasileiros no período pós Plano Real: 1994-',12,'2014-10-01','2016-10-01','N','',0,27),(11,' Orientação de IC: Análise da evolução de indicadores econômicos brasileiros no período pós Plano Real: 1994-2014.',0,'2014-08-01','2015-07-31','S','PIBIC',1,27),(12,'Projeto de TIDE',12,'2014-09-30','2014-08-30','N','',0,30),(16,'PROJETO DE TIDE: MULHER CONTABILISTA E REDES SOCIAIS: UM ESTUDO COM EMPRESÁRIAS PARANAENSES',12,'2014-06-01','2016-05-31','N','',0,32),(17,'PROJETO DE PESQUISA: CONTADORES E PROFESSORES: TRAJETÓRIAS DE FORMAÇÃO DE PROFESSORES DE CIÊNCIAS CONTÁBEIS',1,'2013-10-01','2015-09-30','S','FUNDAÇÃO ARAUCÁRIA',0,32),(18,'EXISTENCIALISMO',8,'2014-04-01','2016-03-31','N','',8,34),(19,'Projeto de TIDE: Ações Coletivas no contexto da agricultura familiar: um estudo na Associação de Produtores de Corumbataí do Sul',12,'2015-04-29','2017-04-29','N','',0,35),(21,'PERFIL DO TRABALHADORES AGROPECUÁRIOS PERMANENTES E TEMPORÁRIOS POR ESTADOS BRASILEIROS A PARTIR DA ',12,'2014-05-02','2015-05-01','N','',0,37),(23,' Significado paleoambiental de depósitos turfosos na região de Campo Mourão com base em fitólitos',2,'2012-11-01','2015-12-31','S','CNPq',0,38),(25,'Projeto de Pesquisa (TIDE): Edmundo Mercer: um sertanista paranaense em Campo Mourão (1910-1930)',10,'2012-11-30','2016-11-30','S','FUNDAÇÃO ARAUCÁRIA/Edital n°02/2012',1,39),(26,'Projeto de Pesquisa: Metodologia WebQuest: a tecnologia educacional no ensino de História',2,'2013-12-01','2015-12-01','S','CNPq/Edital/Chamada 43/2013 - Ciências Humanas, Sociais e Sociais Aplicadas ',1,39),(27,'TIDE - Caracterização Paleoambiental da região centro ocidental  do Paraná enfoque para o Quaternári',12,'2013-10-01','2015-10-30','N','',0,38),(28,'Projeto de Pesquisa: Aprender História por meio da Web: estudo da metodologia WebQuest',1,'2014-12-01','2017-12-01','S','MCTI/CNPQ/Universal 14/2014 - Faixa A - até R$ 30.000,00',0,39),(29,'FORMAÇÃO E EVOLUÇÃO DEPOSICIONAL DO SISTEMA LAGUNAR DE MARICÁ (RIO DE JANEIRO) AO LONGO DO QUATERNÁR',0,'2014-12-01','1017-12-01','S','CNPq',0,38),(30,' IDENTIFICAÇÃO DA PALEOVEGETAÇÃO ASSOCIADA ÀS MUDANÇAS CLIMÁTICAS OCORRIDAS NO NORTE DO PARANÁ-BR',0,'2013-10-01','2015-12-31','S','Fundação Araucária',0,38),(31,'GEOMORFOLGIA E ANÁLISE AMBIENTAL DO ALTO CURSO DO RIO MIRANDA, MS',0,'2012-11-01','2015-10-01','S','CNPq',0,38),(32,'INICIAÇÃO CIENTÍFICA - PIC ',3,'2014-08-01','2015-08-01','N','',3,38),(33,'Duas (02) Orientações de Iniciação Científica (Nathalia Bueno e Camila Onofre)',1,'2014-08-01','2015-07-30','S','Bolsistas da Fundação Araucária',2,39),(34,'Pesquisa vinculada ao TIDE: A produção científica da orientação para o mercado conjugada à orientação empreendedora: um estudo bibliométrico',12,'2014-12-02','2016-12-01','N','',0,42),(37,'TIDE - INTERIORIZAÇÃO DO DESENVOLVIMENTO NO ESTADO DO PARANÁ',12,'2014-12-01','2016-12-01','N','',0,47),(39,'PROJETO TIDE - Abordagens de Evolução Diferencial para Otimização Multicritério em Problemas de Programação em Ambi',0,'2014-10-15','2016-10-14','N','',0,31),(40,'IC Júnior - CRIAÇÃO DE UMA PLANILHA ELETRÔNICA COM INTERFACE AMIGÁVEL PARA PROBLEMAS DE PLANEJAMENTO AGREGADO DA',0,'2015-03-01','2016-03-01','N','',1,31),(41,'Projeto TIDE: Análise da Dinâmica Espacial do Fator Agregado das Exportações dos Municípios Paranaenses entre os anos de 2003 e 2013.',12,'2014-11-19','2016-11-19','N','',0,52),(42,'PROJETO DE TIDE - ABORDAGENS DE EVOLUÇÃO DIFERENCIAL PARA OTIMIZAÇÃO MULTICRITÉRIO EM PROBLEMAS DE PROGRAMAÇÃO EM AMBI',12,'2014-09-01','2016-08-31','N','',3,51),(43,'IC - APLICAÇÃO DA TEORIA DAS FILAS PARA ANÁLISE DO DESEMPENHO DO PROCESSO PRODUTIVO EM UMA LAVANDERIA IND',1,'2014-08-01','2015-07-31','S','',1,51),(44,'IC - MODELOS DE PROGRAMAÇÃO LINEAR ORIENTADOS A PROGRAMAÇÃO DA PRODUÇÃO EM SISTEMAS FLOW SHOP (PIC - EDI',1,'2014-08-01','2015-07-31','S','',1,51),(45,'PROJETO TIDE - A IMPORTÂNCIA DO ASSOCIATIVISMO DA AGRICULTURA FAMILIAR COMO ALTERNATIVAS DE DESENVOLVIMENTO LOCAL..',12,'2014-01-01','2015-12-31','N','',0,53),(46,'Construindo Colaborativamente Estratégias Diferenciadas para se Ensinar e Aprender Matemática (TIDE)',8,'2013-12-01','2015-11-30','N','',4,49),(47,' O APARATO BUROCRÁTICO DO PROGRAMA BOLSA FAMÍLIA',0,'2014-08-01','2016-07-30','N','Colegiado de Administração',0,54),(48,'Projeto de TIDE: Ensaios sobre a Relação entre Políticas Públicas Municipais e Ciclo Eleitoral no Brasil.',0,'2014-12-01','2016-11-30','N','',0,11),(49,'TIDE: A geração de trabalho e renda em empreendimentos econômicos solidários vinculados à coleta seletiva ',12,'2014-09-01','2016-09-01','N','',0,56),(53,'TIDE - Brasil e União Europeia: uma análise da balança comercial e dos fluxos de Investimento Estrangeiro D',12,'2014-10-01','2016-10-01','N','',0,46),(54,'PIC - Análise da Balança Comercial do Brasil com os países pertencentes ao Mercosul, no período de 2',1,'2014-08-01','2015-08-01','S','Fundação Araucária',1,46),(55,'\" Economia Internacional e Políticas Regionais\".',4,'0000-00-00','0000-00-00','','',0,63),(56,'Projeto de TIDE: Alavancagem Financeira: Estudo da viabilidade de se tomar recursos de t',12,'2014-06-01','2016-05-31','N','',0,64),(57,'(TIDE) PREPARAÇÃO E CARACTERIZAÇÃO DE MATERIAIS PRODUZIDOS COM O REAPROVEITAMENTO DE RESÍDUOS AGROINDUSTRIA',12,'2014-04-15','2016-02-20','N','',1,60),(58,'(IC) Avaliação de desempenho de painéis de gesso acartonado produzidos a partir de resíduos de coco e res',1,'2014-08-01','2015-07-30','N','',1,60),(59,'(IC) AMIDO MODIFICADO ANFÓTERO COM CARACTERÍSTICA CATIÔNICA E ANIÔNICA E SUA APLICAÇÃO NA INDÚSTRIA PAPEL',1,'2014-08-01','2015-07-30','N','',1,60),(60,'PROJETO TIDE - DETERMINAÇÃO DE VALORES DE IMÓVEIS URBANOS COM A UTILIZAÇÃO DE INSTRUMENTAIS DE GEOESTATÍSTICA',12,'2014-04-20','2015-10-30','N','',0,66),(61,'IC - DESENVOLVIMENTO DE BLENDAS DE AMIDO TERMOPLÁSTICO E POLIETILENO COM CARACTERÍSTICAS BIODEGRADÁVEIS - IC - Edital 05/2014 - P',1,'2014-08-01','2015-08-01','S','CnpQ',1,58),(62,'IC - DESENVOLVIMENTO DE NOVOS PRODUTOS A PARTIR DE RESÍDUOS DA BANANEIRA E GESSO - IC - Edital 05/2014 - P',1,'2014-08-01','2015-08-01','S','CnpQ',1,58),(63,'PROJETO TIDE-Título:DESENVOLVIMENTO DE PRODUTOS COM CARACTERÍSTICAS BIODEGRADÁVEIS - PORTARIA N. 161/2010-D-',12,'2014-08-01','2016-08-01','S','UNESPAR',0,58),(64,'CO-PESQUISADORA EM PROJETO DE PESQUISA- PROF CÉLIA K. MATSUDA',4,'2014-05-01','2016-05-01','S','UNESPAR',0,58),(65,'Projeto de TIDE: Elementos constitutivos para o crescimento econômico de uma cidade pólo: Uma análise do Município de',12,'2014-06-17','2016-06-07','N','Campus de Campo Mourão',0,61),(66,'TIDE - VIOLÊNCIA FEMININA E RELAÇÕES DE GÊNERO: ANÁLISE DE PROCESSOS CRIMES DA COMARCA DE GUARAPUAVA',12,'2013-09-23','2015-09-23','S','Fundação Araucária',4,70),(67,'AS MULHERES NO CRIME E NA PRISÃO: as relações de gênero e suas interseccionalidades (Décadas de 1970',1,'2013-12-01','2015-05-10','S','Conselho Nacional de Desenvolvimento Científico e Tecnológico',0,70),(69,'Orientação de IC - (Aluna: Angela Machado) ',1,'2014-08-01','2015-07-31','S','Fundação Araucária (1 bolsa)',1,70),(70,'MULHERES NA ARTE PARANAENSE: A RELAÇÃO ENTRE GÊNERO E MANIFESTAÇÃO ARTÍSTICA (FIM DO SÉCULO XIX E IN',1,'0000-00-00','0000-00-00','S','Conselho Nacional de Desenvolvimento Científico e Tecnológico',1,70),(72,'PIC: Potencialidades e limitações de materiais do Laboratório de Matemática - edital 05/2014',1,'2014-08-01','2015-07-31','N','',1,72),(73,'PIBIC - Jr: A relação entre Arte e a Matemática por meio da exploração de aspectos de geométricos presentes em mosaicos - edital 10/2014',1,'2015-03-01','2016-02-28','S','Fundação Araucária',1,72),(74,'TIDE - PODER LOCAL: RELAÇÕES DE INTERESSE E REFLEXOS NAS AÇÕES DO PODER LEGISLATIVO DE CAMPO MOURÃO – PR',12,'2012-12-01','2014-12-01','N','TIDE',0,33),(75,'Licença parcial para qualificação',14,'2015-01-01','2016-01-01','','',0,33),(76,'Representações da mulher e normatização do corpo: um estudo a partir da seção feminina do Jornal Fol',1,'2013-01-07','2016-09-01','S','CNPq e Fundação Araucária',3,36),(77,'Relações de gênero e ensino de História: representações da mulher no Jornal Folha do Norte do Paraná',1,'2012-11-27','2015-07-15','S','Fundação Araucária',3,36),(78,'Participação na Pesquisa - Perfil de jovens universitários no estado do Paraná: ações e representaçõ',3,'2012-11-27','2015-12-31','S','Fundação Araucária',2,36),(79,'TIDE-Identidades juvenis, religião e política: jovens universitários de cursos de licenciatura',8,'2014-12-15','2017-12-15','S','CNPq',2,36),(82,'PROJETO DE TIDE - SER PROFESSOR UNIVERSITÁRIO E ENSINAR NA UNIVERSIDADE ESTADUAL DO PARANÁ: Estudo Sobre a Docência no',0,'2012-12-01','2014-11-30','N','TIDE | Colegiado do Curso de Ciências Contábeis',1,73),(83,'PROJETO DE PESQUISA - Contadores e Professores: trajetórias de formação de professores de Ciências Contábeis',0,'2013-10-01','2015-09-30','S','Fundação Araucária de Apoio ao Desenvolvimento Científico e Tecnológico do Paraná',1,73),(84,'Projeto TIDE - Fatores que afetam a condenação total de carcaças bovinas – Estudo de caso',12,'2015-03-02','2017-03-02','N','',1,76),(85,'IC - Condenação Parcial de Carcaças de Frangos em um Frigorífico localizado no Estado do Paraná',1,'2014-08-01','2015-07-31','S','Orientando Bolsista do Cnpq',1,76),(86,'IC - Identificação de causas de condenação total de carcaças de frango em um frigorífico',1,'2014-08-01','2015-07-31','S','Orientanda Bolsista da Fundação Araucária',1,76),(87,'IC - Análise da composição química da casca do maracujá',1,'2014-08-01','2015-07-31','S','Orientanda Bolsista da Fundação Araucária',1,76),(88,'PROJETO TIDE: A Gestão Organizacional e o empreendedorismo: Relações e Impactos em Micro e Pequenas Empresas.',12,'2014-12-10','2016-12-10','N','',4,41),(89,'PROJETO DE TIDE - A PRODUTIVIDADE E COMPETITIVIDADE DOS POLOS CONFECCIONISTAS DOS ESTADO DO PARANÁ',12,'2014-08-01','2015-08-01','N','',0,77),(90,'TIDE-Minorias Culturais: Uma (re)definição dentro dos Estudos Culturais	',12,'2014-03-01','2016-03-01','N','',0,78),(91,'PROJETO TIDE - UM ESTUDO DE MÉTODOS MATEMÁTICOS PARA SOLUÇÃO DE PROBLEMAS DE PLANEJAMENTO AGREGADO DA PRODUÇÃO EM S',0,'2014-11-01','0000-00-00','N','',0,31),(92,'IC - UM ESTUDO DE MODELOS MATEMÁTICOS APLICADOS EM PROBLEMAS DE PLANEJAMENTO E PROGRAMAÇÃO  DA PRODUÇÃO N',0,'2014-08-01','2015-07-31','','',0,31),(93,'CO-PESQUISADOR EM PROJETO DE TIDE - PROFESSORA TÂNIA MARIA COELHO',4,'0000-00-00','0000-00-00','N','',0,80),(94,'Elaboração de chocolate concentrado em Cacau',1,'2014-08-01','2015-07-31','S','Fundação Araucária',1,80),(95,'Utilização de materiais alternativos na fabricação de elementos não estruturais em concreto leve',1,'2014-08-01','2015-07-31','S','Fundação Araucária',1,80),(96,'PROJETO DE TIDE - CO-PESQUISADORA - UM ESTUDO DE MÉTODOS MATEMÁTICOS PARA SOLUÇÃO DE PROBLEMAS DE PLANEJAMENTO  AGREGADO DA PRODUÇÃO EM ',4,'2014-11-01','2016-10-31','N','',3,51),(97,'EVASÃO NO ENSINO SUPERIO NO BRASIL: UM TRATAMENTO QUALITATIVO A LUZ DA TEORIA FOUCAULTIANA',12,'2013-10-01','2015-09-01','N','',0,83),(98,'Orientação IC NUPEM	',1,'2014-08-01','2015-07-31','N','',1,83),(99,'PROGRAMA DE DESENVOLVIMENTO EDUCACIONAL (PDE)',4,'2014-03-01','2016-12-20','N','',4,83),(100,'GRUPO DE PESQUISA (GEPECAM)',0,'0000-00-00','0000-00-00','N','',0,83),(101,'Projeto de TIDE: A paisagem rural da região de Campo Mourão: qualificação visual em uma perspectiva para o turismo.',12,'2014-09-01','2016-08-01','N','Não',0,29),(102,'orientação de iniciação ciêntifica',1,'2014-09-01','2015-09-01','N','NUPEM',1,88),(104,'Pós-Doutorado UFRJ - Pesquisa sobre História do curso de História da UFPR',2,'2013-01-01','2016-01-01','N','',0,75),(110,'Sucessão familiar nas propriedades rurais vinculadas à Associação de Boa Esperança de Produtores de Leite',4,'2014-06-01','2015-05-31','N','',0,94),(112,'TIDE: Gênero e Sexualidade na Educação Básica: proposições necessárias',12,'2013-09-01','2015-09-01','N','',5,96),(113,'TIDE - INFLUÊNCIA DO MERCHANDISING NO PROCESSO DE DECISÃO DE  COMPRA',12,'2014-08-01','2016-07-31','N','',0,95),(114,'Projeto de TIDE: Distribuição espacial da produtividade da soja no Rio Grande do Sul: um estudo exploratório',12,'2012-10-02','2015-09-30','N','',0,99),(116,'Projeto de Tide : O Consumo Frente às Incertezas do Precariado',1,'2014-05-02','2016-05-02','N','',0,102),(117,'TIDE - INSTRUMENTOS ECONÔMICOS E POLITICA AMBIENTAL NO ESTADO DO PARANÁ',12,'2014-09-01','2016-09-01','N','',0,45),(118,'UTILIZAÇÃO DE BIOSSORVENTES NO TRATAMENTO DE EFLUENTES INDUSTRIAIS',4,'2015-05-01','2016-05-01','N','',2,81),(119,'Projeto de TIDE PROBLEMA DE PROGRAMAÇÃO DA PRODUÇÃO DE TAREFAS, COM RESTRIÇÕES, EM SISTEMAS DE  PRODUÇÃO FLOW SHOP, COM FLUXO INTERMITENTE',12,'2015-11-24','2015-05-25','N','',0,97),(120,'Co-Pesquisadora Projeto de TIDE UM ESTUDO DE MÉTODOS MATEMÁTICOS PARA SOLUÇÃO DE PROBLEMAS DE PLANEJAMENTO  AGREGADO DA PRODUÇÃO EM SISTEMAS DE PRODUÇÃO POR BATELADAS',4,'2014-11-01','0206-10-31','N','',0,97),(121,'Co-Pesquisadora Projeto de TIDE ABORDAGENS DE EVOLUÇÃO DIFERENCIAL PARA OTIMIZAÇÃO MULTICRITÉRIO EM PROBLEMAS DE  PROGRAMAÇÃO EM AMBIENTES FLOW SHOP PERMUTACIONAL',4,'2014-10-15','0206-10-14','N','',0,97),(122,'Orientações de Iniciação Científica',3,'2014-08-01','2015-07-31','S','Fundação Araucária (2 bolsistas)',3,96),(123,'TIDE: COMBINAÇÃO DE PREDITORES E METODOLOGIAS HÍBRIDAS NA PREVISÃO DE SÉRIES TEMPORAIS',12,'2014-08-01','2015-07-31','N','',0,103),(124,'OTIMIZAÇÃO CONTÍNUA E APLICAÇÕES',4,'2013-09-30','2015-09-30','S','FUNDAÇÃO ARAUCÁRIA',0,103),(125,'Orientações de ICJR',3,'2015-03-01','2016-03-01','','',3,96),(126,'ORIENTAÇÃO DE INICIAÇÃO CIENTÍFICA JÚNIOR',1,'2015-03-01','2016-03-01','S','BOLSA ALUNO',1,103),(127,'Tecnologias da Informação e Comunicação nas aulas de Matemática: contribuições de diálogos entre formação inicial e continuada',3,'2013-10-01','2015-10-01','S','Fundação Araucária',1,86),(128,'Geometria dos Fractais: um estudo exploratório com o uso de materiais manipuláveis ',1,'2015-02-01','2015-12-10','S','Fundação Araucária',1,86),(129,' TIDE: “Sinais matemáticos”: a interpretação em Libras nas aulas de Matemática para surdos inclusos.   ',12,'2013-09-01','2015-08-31','N','',0,86),(130,'Coordenação entre a política fiscal e monetária no Brasil de 2001 - 2012',4,'2014-09-12','2015-09-12','','',0,104),(131,'TIDE: Números irracionais na Educação Básica: conhecimentos, diferentes representações e possibilidades para o ensino e aprendizagem desse conceito',12,'2013-08-01','2015-04-30','N','',0,105),(132,'IC: Diferentes representações dos números racionais: análise de livros didáticos de matemática do ensino fundamental ',0,'2014-08-01','2015-07-31','S','Fundação Araucária',1,105),(133,'IC Jr: Geometria dos Fractais: um estudo exploratório com o uso do software Geogebra',0,'2015-03-01','2016-02-28','S','Fundação Araucária',1,105),(134,'Coordenadora de Projeto de Pesquisa: Tecnologias da Informação e Comunicação nas aulas de Matemática: contribuições de diálogos entre formação inicial e continuada - Portaria 10/2013',0,'2013-11-30','2015-11-30','S','Fundação Araucária',0,105),(135,'Noções de professores a respeito do conceito de infinito ',12,'2014-04-02','2016-04-01','N','',0,82),(137,'Tecnologias da Informação e Comunicação nas aulas de Matemática: contribuições de diálo',4,'2013-11-30','2015-11-30','S','Fundação Araucária',0,82),(138,'TIDE: Medidas de Desempenho e Eficiência do Setor Público no Brasil: Criação de Indicadores e Painel de Dados para os Estados e Municípios brasileiros.',4,'2014-09-04','2015-08-30','N','',0,106),(139,'TIDE: ESTUDO DA RELAÇÃO POLÍTICA ENTRE OS LUSO-BRASILEIROS E OS EYIGUAYEGUI-MBAYÁ-GUAICURU NA  CAPITANIA DE MATO GROSSO',12,'2012-04-01','2015-04-01','N','',0,107),(141,'Edmundo Mercer: um sertanista paranaense em Campo Mourão (1910-1930)',4,'2014-10-22','2016-10-22','S','Fundação Araucária',0,107),(142,'TIDE - Algumas Contribuições de uma Experiência com TIC: a Formação Inicial de Professores de Matemática da Universidade Estadual do Paraná Campus Campo Mourão',12,'2014-09-01','2015-08-31','N','',0,101),(143,'Otimização Contínua e Aplicações (Coordenadora Projeto FA Chamada 010/2013 - UENP/UNESPAR)',5,'2013-09-30','2015-09-30','S','Fundação Araucária',1,108),(144,'Otimização Contínua e Aplicações  (Projeto TIDE)',12,'2014-09-01','0000-00-00','N','',0,108),(149,'TIDE - Caminhos da interdisciplinaridade no ensino escolar: uma análise a partir da pesquisa educacional brasileira de 2001 a 2014',12,'2015-01-01','2015-12-31','N','TIDE',0,110),(152,'TIDE: Métodos robustos aplicados à otimização sob incerteza',12,'2014-09-01','2016-08-30','N','',0,112),(153,'Otimização Contínua e Aplicações ',2,'2014-09-01','2016-08-30','N','',0,112),(154,'Otimização Contínua e Aplicações',4,'2014-09-01','2015-09-01','S','Fundação Araucária',0,112),(156,'MODELAGEM MATEMÁTICA: OBSTÁCULOS E RESISTÊNCIAS EM SUAS APLICAÇÕES NA SALA DE AULA',12,'2014-08-31','2015-08-31','N','',0,59),(157,'TIDE - As Funções do Conhecimento Histórico no Ensino Médio de História em Campo Mourão, 2014-2015',12,'2014-07-01','2016-06-30','N','',2,48),(158,'Contribuições da Revista Cadernos de Pesquisa ao debate teórico-metodológico da Pesquisa Educacional no Brasil (2005-2014)',12,'2014-10-23','2016-10-22','N','UNESPAR/COLEGIADO DE PEDAGOGIA',0,114),(159,'TIDE -Contribuições da perspectiva Histórico-Cultural para a Educação Infantil e Series Iniciais do Ensino Fundamental',12,'2013-09-01','2015-08-31','N','',0,115),(161,'IC-Sistema Apostilado na Educação Infantil: reflexões necessárias',1,'2014-08-01','2015-07-31','N','NUPEM',1,115),(162,'IC -Medicalização maciça: estudo de casos em escolas do município de Campo Mourão',1,'2014-08-01','2015-07-31','S','NUPEM',1,115),(163,'TIDE: A pesquisa sociológica da escola como organização: contribuições para compreensão do Ensino Religioso na escola pública brasileira',12,'2013-08-01','2015-08-01','N','',0,116),(164,'TIDE: A representação teratológica do sétimo círculo do Inferno na Divina Comédia, de Dante Alighieri',4,'2014-02-02','2015-03-28','N','',0,119),(165,'Perfil de jovens universitários no estado do Paraná: ações e representações sobre religião e política',1,'2012-12-12','2015-12-12','S','Fundação Araucária',3,120),(166,'Religião e política: participação de agentes religiosos no legislativo municipal',1,'2015-01-10','2017-01-10','S','CNPq',3,120),(167,'AS RELAÇÕES ESSENCIAIS ENTRE O IDEAL PAIDÊUTICO DO ESTOICISMO, DO EPICURISMO E DO CETICISMO',12,'2013-09-30','2015-09-30','N','',0,121),(168,'Projeto de Pesquisa -Prospecção de atratividade turística em Campo Mourão no segmento de turismo Culturalt',4,'2015-02-01','2015-12-10','N','',0,24),(169,'TIDE - No fluir das águas: um estudo comparado de poemas e de pintura',12,'2014-10-01','2016-10-01','N','',0,124),(170,'PIC - A representação poética do espaço na obra de Cora Coralina',1,'2014-08-01','2015-07-31','S','CNPq',1,124),(172,'PIC - Um estudo da espacialidade na poética de Helena Kolody',1,'2014-08-01','2015-07-31','S','Fundação Araucária',1,124),(173,'A pesquisa interdisciplinar como condição para o Letramento e Numeramento na educação básica',8,'2014-09-06','2015-12-31','S','Fundação Araucária',1,125),(174,'TIDE - A Política Nacional de Educação Infantil no Brasil: uma investigação histórica',12,'2014-05-08','2016-05-08','N','',0,126),(175,'TIDE - A ficção feminina do século XXI: O romance de Adriana Lisboa',12,'2014-09-01','2016-09-01','N','',0,127),(176,'PIBIC/JR: Literatura e História no Conto Contemporâneo de Miguel Sanches Neto',0,'2015-03-01','2016-02-28','S','CNPQ/Fundação Araucaria',1,127),(177,'PIBIC/JR: A representação da personagem feminina no romance contemporâneo de Adriana Lisboa',0,'2015-03-01','2016-02-28','S','CNPQ/Fundação Araucaria',1,127),(178,'A memória no saber e no fazer da população quilombola da Comunidade Invernada Paiol de Telha no Estado do Paraná',4,'2015-04-06','2016-04-02','N','',0,129),(179,'Fundamentos das neurociências para o processo de ensino-aprendizagem',1,'2015-03-01','2016-02-28','S','Fundação Araucária e CNPq',1,114),(180,'Contribuições das neurociências para o processo de ensino-aprendizagem',1,'2015-03-01','2016-02-28','S','Fundação Araucária e CNPq',1,114),(181,'As neurociências aplicadas ao ensino-aprendizagem',1,'2015-03-01','2016-02-28','S','Fundação Araucária e CNPq',1,114),(182,'PROJETO de TIDE História do curso de História da UFPR',12,'2013-01-01','2016-01-01','S','Conselho Nacional de Pesquisa (CNPQ)',0,75),(183,'Orientação de IC - 4 alunos',1,'2014-08-01','2015-07-31','S','CNPq e Fundação Araucária',4,36),(184,'Orientação de ICJr - 1 aluno',1,'2015-03-01','2016-02-28','S','Fundação Araucária',1,36),(186,'Orientação de IC (Aluno: Valdemir Paiva)',1,'2014-08-01','2015-07-31','N','',1,70),(187,'Orientação de IC (Aluna: Maria Helena Ibanez)',1,'2014-08-01','2015-07-31','N','',1,70),(188,'Grupo de pesquisa: Ensino, aprendizagem, desenvolvimento e formação de educadores Linha: Educação Especial e Dificuldade de Aprendizagem (aprovado pela CAPES).',0,'0000-00-00','0000-00-00','N','Cadastrado na CAPES',16,117),(189,'O ENSINO E APRENDIZAGEM COM BASE EM GÊNEROS DE TEXTO: possíveis (re)construções do agir docente no processo de formação inicial',12,'2014-04-20','2016-04-20','','',0,133),(190,'PROJETO TIDE - DESENVOLVIMENTO DE PRODUTOS COM CARACTERÍSTICAS BIODEGRADÁVEIS ',4,'2014-09-01','2016-08-01','N','',2,87),(192,'PROJETO TIDE - PREPARAÇÃO E CARACTERIZAÇÃO DE MATERIAIS PRODUZIDOS COM O REAPROVEITAMENTO DE RESÍDUOS AGROINDUSTRIAIS E SÓLIDOS (RECICLADOS). ',4,'2014-03-20','2016-02-20','N','',1,87),(193,'PROJETO TIDE -  USO DA REDE SOCIAL FACEBOOK COMO FERRAMENTA PEDAGÓGICA NO ENSINO SUPERIOR - ESTUDO DE CASO',3,'2013-09-01','2015-03-01','N','',0,87),(194,'Educação, Memória e História: contribuições da linguagem fílmica para o estudo do passado',12,'2013-12-31','2014-12-31','N','',0,136),(195,'Áreas Verdes Urbanas Como Quaidade de Vida e Ambiental: propostas de intervenão nos municípios da mesorregião Centro Ocidental Paranaense',12,'2013-09-01','2015-09-01','N','Fundação Aruacária',1,21),(196,'Áreas Verdes Urbanas: um estudo geográfico sobre as praças das Messoregião Centro Ocidental Paranaense',1,'2014-08-01','2014-07-30','S','Fundação Aruacária',1,21),(197,'Espaço público, uso e acessibilidade na cidade de Campo Mourão (PR)',0,'0000-00-00','0000-00-00','S','Fundação Aruacária',1,21),(198,'Cidadania e espaço público: um olhar geográfico sobre a cidade de Campo Mourão (PR)',0,'0000-00-00','0000-00-00','S','Fundação Aruacária',1,21),(199,'Campo Mourão (PR): uma (re) leitura da paisagem urbana',0,'0000-00-00','0000-00-00','S','Fundação Aruacária',1,21),(200,'TIDE- Implantação de uma Biblioteca na 16ª Subdivisão Policial de Campo Mourão ',12,'0000-00-00','2016-01-31','N','',4,138),(201,'Contribuições da perspectiva histórico-cultural para Educação Infantil e séries iniciais do Ensino Fundamental',0,'2014-01-01','2016-01-01','N','sem financiamento',0,137),(202,'TIDE - Contribuições do Programa Institucional de Bolsa de Iniciação à Docência nos Anos Iniciais do Ensino Fundamental',12,'2014-01-01','2016-01-01','N','Sem financiamento',0,137),(204,'TIDE A prática da revisão de textos na formação docente inicial: panorama e perspectivas',12,'2013-10-01','2015-09-30','N','',0,118),(205,'PIC Revisão e reescrita na formação docente inicial',1,'2014-08-01','2015-07-31','S','Fundação Araucária',1,118),(206,' TIDE - REPRESENTAÇÃO DA IDENTIDADE/DIFERENÇA NA PRÁTICA PUBLICITÁRIA',12,'2014-10-01','2016-10-01','N','',0,144),(207,'Análise dos indicadores socioeconômicos da Mesorregião Centro Ocidental Paranaense',12,'2013-09-01','2015-09-01','N','',4,146),(208,'“A Dinâmica Climática do Centro Sul do Brasil” ',12,'2014-11-01','1016-10-31','N','',0,145),(209,'A VULNERABILIDADE DE  CAMPO MOURÃO AOS EVENTOS CLIMÁTICOS  EXTREMOS',4,'2014-11-01','1016-10-31','S','Fundação Araucária',1,145),(210,'Orientação de IC - 2 orientandos',2,'2015-01-01','2015-12-31','S','Fundação Araucária',2,110),(211,'Orientação Iniciação Científica (Projeto FA Chamada 010/2013 - UENP/UNESPAR)',1,'2013-09-30','2015-09-30','S','Fundação Araucária',1,108),(212,'IC: Vários registros de representação na resolução de inequações: um estudo voltado para o ensino médio',0,'2014-08-01','2015-07-31','S','Fundação Araucária',1,105),(213,'EDUCAÇÃO E REBELIÃO: A PERSPECTIVA FORMATIVA DO MST',12,'2014-08-08','2015-08-08','N','',0,148),(214,'ENSINO DE LÍNGUAS EM DESENVOLVIMENTO: REORGANIZAÇÃO DO TRABALHO DOCENTE PELA FORMAÇÃO CONTINUADA COM BASE EM GÊNEROS TEXTUAIS/DISCURSIVOS',12,'2014-12-01','2016-12-01','N','',0,149),(215,'TIDE PROGRAMA BOLSA FAMÍLIA: CONCEPÇÃO E LIMITES DA PROPOSTA DE ERRADICAÇÃO DA POBREZA NO GOVERNO LULA (2003-2010)',4,'2014-12-31','2014-04-03','N','',0,151),(216,'Uma leitura condicional para orações introduzidas pelo quando na Chronica de El-Rei Affonso V do período clássico do português',4,'2014-08-21','2015-05-01','N','',0,140),(218,'UMA APROXIMAÇÃO ENTRE SARAMAGO E BRECHT: o teatro como forma e conteúdo da emancipação humana',4,'2014-05-07','2014-03-20','N','',0,154),(219,'Paleoambientes e Paleoclimatologia da Região Sul e Centro-Ocidental Paranaense: A Utilização de Fontes Históricas na Investigação das Mudanças Climáticas Pretéritas e Atuais',12,'2014-08-01','2015-07-31','N','',0,143),(220,'Projeto CNPq - Processo nº 471385/2012-3 (Participante)',3,'2014-01-01','2015-12-31','S','CNPq',0,143),(221,'Projeto CNPq - Processo nº 472496/2011-5 (Participante)',2,'2014-01-01','2015-12-31','S','CNPq',0,143),(222,'Avaliação das Condições de Tempo Atmosférico nos Últimos 50 anos a Partir da História de Vida dos Produtores Rurais do Município de Ubiratã, Paraná.',1,'2014-08-01','2015-07-31','N','',1,143),(223,'PROJETO DE TIDE - CO-PESQUISADORA - PROBLEMA DE PROGRAMAÇÃO DA PRODUÇÃO DE TAREFAS, COM RESTRIÇÕES, EM SISTEMAS DE PRODUÇÃO FLOW SHOP, COM FLUXO INTERMITENTE',4,'2014-11-24','2015-05-25','N','',0,51),(224,'TIDE: Um estudo comparativo entre as obras de Hilda Hilst e Samuel Beckett pelo viés filosófico das limitações da linguagem',12,'2014-05-01','2016-06-01','N','',0,158),(225,'Orientação Iniciação Científica ',1,'2014-08-31','2015-07-31','S','Fundação Araucária',1,107),(226,'ANÁLISE LINGUÍSTICA: UMA PROPOSTA DIALÓGIO-DISCURSIVA PARA TRABALHO COM GÊNEROS ',0,'2013-10-15','2015-10-15','N','Tide',0,155),(227,'PIC:Um estudo acerca  de materiais do Laboratório de Matemática - edital 05/2014',1,'2014-08-01','2015-07-31','','',1,72),(228,'O processo histórico do curso de Pedagogia de Campo Mourão',12,'2013-10-01','2015-09-30','N','',0,162),(230,'OS CAMPONESES E OS COLONOS PRODUTORES   DE TABACO E SUA  RELAÇÃO COM A PAISAGEM CULTURAL -  VIÑALES – “CUBA”  E   IRATI -  “BRASIL',12,'2014-10-30','2015-11-30','N','',3,163),(231,'HERANÇA CULTURAL NOS TRAÇOS DA PAISAGEM NO DISTRITO DE GONÇALVES JUNIOR - MUNICIPIO DE IRATI – PR',1,'2014-08-30','2015-07-30','S','Fundação Araucária',0,163),(232,'A INFLUÊNCIA DO CLIMA NA ORGANIZAÇÃO DA PAISAGEM NO MUNICÍPIO DE RONCADORNOS ANOS DE 1994 à 2013',1,'2014-08-30','2015-07-30','N','',0,163),(233,'A INFLUÊNCIA DO CLIMA NA PAISAGEM AGRÍCOLA NA REGIÃO DE CAMPO  MOURÃO ENTRE OS ANOS DE 2005 A 2014',1,'2014-08-30','2015-07-30','','',1,163),(234,'TIDE - A MORTE NA POESIA DE CARLOS DRUMMOND DE ANDRADE ',12,'2013-09-02','0215-09-02','N','',0,164),(235,'',0,'0000-00-00','0000-00-00','','',0,127),(236,'PIC- FIGURAÇÕES DA DONZELA GUERREIRA NA LITERATURA DE AUTORIA FEMININA CONTEMPORÂNEA: ',1,'2014-08-02','2015-08-02','N','COLEGIADO DE LETRAS',1,164),(237,'PIC- REPERTÓRIO DE ÁGUAS: ARQUÉTIPO E POESIA EM OLGA SAVARY',1,'2014-08-02','2015-08-02','N','COLEGIADO DE LETRAS',1,164),(238,'GEOTECNOLOGIAS APLICADAS À ANÁLISE E CLASSIFICAÇÃO DA PAISAGEM NO MUNICÍPIO DE IRATI-PR',12,'2013-09-01','2015-08-31','N','',0,165),(239,'PIC: Os heróis envelhecem: um estudo sobre a melancolia e a decadência no romance Big Sur, de Jack Kerouac',1,'2014-08-01','2015-07-31','','',1,158),(241,'DISCUSSÃO SOBRE A PRODUÇÃO DE MAPAS TEMÁTICOS DOS INDICADORES GEOESTATÍSTICOS DA MESSOREGIÃO CENTRO-OCIDENTAL PARANAENSE',1,'2014-08-01','2015-07-31','N','',1,165),(242,'A paisagem urbana de Irati-PR',1,'2014-08-01','2015-07-31','','',1,165),(243,'DO TRABALHO PRESCRITO AO REAL DO TRABALHO DO PROFESSOR FORMADOR: QUAIS AS POSSÍVEIS IMPLICAÇÕES NA FORMAÇÃO DE PROFESSORES DE LÍNGUA INGLESA?',12,'2012-09-01','2015-07-10','N','',0,166),(245,'Estudo da infraestrutura do Bairro Ruy Gueller na Cidade de Engenheiro Beltrão - Pr',1,'2014-08-01','2015-08-01','N','',1,146),(246,'Expansão urbana da cidade de Campo Mourão entre os anos de 2000 e 2013',1,'2014-08-01','2015-08-01','N','',1,146),(247,'Análise da Qualidade Ambiental e de Infraestruturas das Áreas Verdes Urbanas da Mesorregião Centro Ocidental Paranaense',4,'0000-00-00','0000-00-00','','',0,146),(248,'Projeto/programa: Geografia Agrária: o ensino nas universidades',12,'2014-08-30','2015-08-30','N','',4,57),(249,'TIDE: Desenvolvendo a conduta investigativa com alunos do ensino fundamental I',4,'2015-02-09','2016-02-08','N','',0,147),(250,'TIDE: A evolução da disciplina de Modelagem Matemática no curso de Matemática da Unespar- Câmpus de Campo Mourão',4,'2015-02-09','2016-02-08','N','',0,167),(252,'Projeto TIDE: Titulo: FORMAÇÃO DO PEDAGOGO NA CONTEMPORANEIDADE: os nexos da construção da identidade profissional no plano legal e no Projeto Político Pedagógico da UNESPAR/FECILCAM',12,'2013-02-15','2015-02-15','N','',0,89),(253,'A formação do professor de geografia na UNESPAR - Campus de Campo Mourão: o estágio supervisionado e o PIBID.',12,'2014-01-01','2018-03-01','N','',0,171),(254,'O USO DA CARTOGRAFIA ESCOLAR NO ENSINO DE GEOGRAFIA',1,'2014-08-01','2015-08-01','N','',1,172),(255,'CARTOGRAFIA DA CRIMINALIDADE E DA VIOLÊNCIA URBANA DO MUNICÍPIO DE TERRA BOA, PR (2012-2014)',1,'2014-08-01','2015-08-01','N','',1,172),(256,'As micromobilidades físicas dos trabalhadores-estudantes geradas pelos campus da Unespar: Características e motivações.',12,'2014-08-01','2016-08-01','','',1,172),(258,'TIDE - em preparação',4,'2015-01-01','2017-01-01','N','',0,174),(259,'Projeto de Pesquisa - Áreas da Engenharia de Produção – Um Estudo do Curso de Engenharia de Produção Agroindustrial da UNESPAR – Campus de Campo Mourão.',4,'2015-02-01','2017-02-01','N','',0,76),(260,'Projeto IC: Gasto Público na Área de Saúde dos Municípios Paranaenses entre os anos de 2009 e 2013: Uma Análise Exploratória de Dados Espaciais',1,'2015-08-01','2015-07-31','N','',1,52),(261,'O EFEITO DA TAXA DE CÂMBIO E DA TAXA DE JUROS Na BALANÇA COMERCIAL BRASILEIRA DE 2002 À 2013.',12,'2015-08-01','2016-08-01','N','',1,104),(262,'PIC - Graduação: UMA ANÁLISE TEÓRICO-QUANTITATIVA SOBRE O MERCADO DE TRABALHO FORMAL E INFORNAL DOS ADOLESCENTES PARANAENSES',4,'2015-08-01','2016-07-01','N','',1,26),(263,'Projeto de Pesquisa',4,'2015-02-01','2017-02-01','N','',0,58),(264,'Planejamento participativo do turismo e desenvolvimento comunitário: possibilidades de execução em comunidades rurais',4,'2015-03-30','2016-08-01','N','',0,179),(265,'VALORES DO TURISMO NAS ÁREAS PROTEGIDAS DO BRASIL',4,'2015-08-01','2016-07-31','N','Universidade Estadual do Paraná',0,178),(266,'Governança Regional de Turismo do Estado do Paraná: um olhar sobre as políticas públicas de turismo e sua contribuição para o desenvolvimento da atividade turística em municípios de pequeno e médio po',12,'2013-06-01','2015-06-01','N','',0,180),(267,'EMPREENDEDORISMO SOCIAL: AS INFLUÊNCIAS DO ARTESANATO NA SAÚDE DO IDOSO DA COMCAM',12,'2015-08-01','2016-08-31','N','NUPEM ',1,41),(268,'PIC - ECONOMIA SOLIDÁRIA E INCLUSÃO SOCIAL: ESTUDO DE CASO DA COPERESÍDUOS DE CAMPO MOURÃO – PR.',4,'2015-08-01','2016-07-31','N','',1,53),(269,'PIC - A INTERAÇÃO DA POLÍTICA CAMBIAL E MONETÁRIA NO BRASIL',4,'2015-08-01','2016-07-31','N','',1,53),(270,'Grupo de pesquisa: Desenvolvimento econômico, economia social e solidária e pólíticas públicas',8,'2105-01-01','2017-12-31','N','',1,53),(271,'Projeto de TIDE: TRANSFERÊNCIAS CONDICIONAIS DE RENDA AFETAM A PARTICIPAÇÃO NA FORÇA DE TRABALHO? Evidências do Programa Bolsa Família',12,'2015-10-01','2017-09-30','N','',0,99);

--
-- Table structure for table `atividades`
--

CREATE TABLE `atividades` (
  `atiId` int(11) NOT NULL auto_increment,
  `atiDefinicao` varchar(10) default NULL,
  `atiDesc` varchar(200) NOT NULL,
  `atiHoras` int(11) NOT NULL,
  `atiTipo` varchar(45) NOT NULL,
  `atiInicio` date default NULL,
  `atiFim` date default NULL,
  `pesId` int(11) NOT NULL,
  `colId` int(11) default NULL,
  PRIMARY KEY  (`atiId`),
  KEY `fk_atividades_pessoa1_idx` (`pesId`),
  KEY `fk_atividades_colegiado1_idx` (`colId`)
) ENGINE=InnoDB DEFAULT CHARSET=latin1;

--
-- Dumping data for table `atividades`
--

INSERT INTO `atividades` VALUES (1,'','testando a insercao de atividade de ensino',10,'Ensino','0000-00-00','0000-00-00',3,1),(16,'','atividade de pesquisa',12,'Pesquisa','2014-01-01','2014-12-31',3,1),(17,'','ATIVIDADE DE PESQUISA 20/08',10,'Pesquisa','2013-01-01','2015-12-31',3,1),(19,'','ATIVIDADE DE EXTENS?O 10',17,'Extens','2014-01-01','2014-12-31',3,0),(20,'','atividade administrativas',20,'Administrativa','0000-00-00','0000-00-00',3,0),(21,'','atividade de pesquisa',15,'Pesquisa','2014-01-01','2014-12-31',3,0),(22,'','atividade administrativas',10,'Administrativa','0000-00-00','0000-00-00',3,0),(23,'','atividade de pesquisa',10,'Pesquisa','2014-01-01','2014-12-31',3,0),(24,'','atividade de ensino',5,'Ensino','0000-00-00','0000-00-00',3,3),(25,'','atividade de ensino',6,'Ensino','0000-00-00','0000-00-00',3,2),(26,'','teste11',5,'Ensino','0000-00-00','0000-00-00',3,4),(27,'','teste12',12,'Ensino','0000-00-00','0000-00-00',4,2),(28,'','teste13',13,'Pesquisa','2014-07-01','2015-12-31',4,0),(29,'','teste14',14,'Administrativa','0000-00-00','0000-00-00',4,0),(30,'','atividade de ensino',10,'Ensino','0000-00-00','0000-00-00',3,8),(31,'','atividade de ensino4',11,'Ensino','0000-00-00','0000-00-00',3,10),(32,'','atividade de ensino Edvan',10,'Ensino','0000-00-00','0000-00-00',3,11),(33,'','atividade de ensino Edvan2',10,'Ensino','0000-00-00','0000-00-00',3,11),(34,'','teste 20/08/14 11:00',10,'Extens','2013-01-01','2015-12-31',3,0),(35,'','AULAS DE FILOSOFIA',4,'Ensino','0000-00-00','0000-00-00',12,6),(36,'','contabilidade e simulacoes',2,'Ensino','0000-00-00','0000-00-00',11,2),(37,'','PESQUISA EM ADMINISTRA??O',4,'Ensino','0000-00-00','0000-00-00',20,1),(38,'','DIRETOR DO CENTRO DE CI?NCIAS SOCIAIS APLICADAS',20,'Administrativa','0000-00-00','0000-00-00',20,0),(39,'','NOVOS MUNIC?PIOS COMO ESPA?OS SOCIAIS E POL?TICOS: IMPLICA??ES DO PROCESSO DE EMANCIPA??O POL?TICO-ADMINISTRATIVA, EM MUNIC?PIOS DA MESORREGI?O CENTRO-OCIDENTAL DO ESTADO DO PARAN?, NO PER?ODO DE 1988',10,'Pesquisa','2012-04-04','2016-03-30',20,0),(40,'','ORIENTA??O DE EST?GIOS SUPERVISIONADO EM ADMINISTRA??O - ESA/TCC',8,'Ensino','0000-00-00','0000-00-00',20,1),(41,'','Diretor do Centro de Ci?ncias Humanas e da Educa?',36,'Administrativa','0000-00-00','0000-00-00',12,0),(42,'Disciplina','algoritmos',10,'Ensino','0000-00-00','0000-00-00',3,4),(43,'Disciplina','blablabla',5,'Ensino','0000-00-00','0000-00-00',3,4);

--
-- Table structure for table `colegiado`
--

CREATE TABLE `colegiado` (
  `colId` int(11) NOT NULL auto_increment,
  `colNome` varchar(70) NOT NULL,
  PRIMARY KEY  (`colId`)
) ENGINE=InnoDB DEFAULT CHARSET=latin1;

--
-- Dumping data for table `colegiado`
--

INSERT INTO `colegiado` VALUES (1,'ADMINISTRAÇÃO'),(2,'CIÊNCIAS CONTÁBEIS'),(3,'CIÊNCIAS ECONÔMICAS'),(4,'AGENTE UNIVERSITÁRIO'),(5,'GEOGRAFIA'),(6,'HISTÓRIA'),(7,'ENG. DE PROD. AGROIND.'),(8,'MATEMÁTICA'),(9,'LETRAS'),(10,'TURISMO E MEIO AMBIENTE'),(11,'PEDAGOGIA'),(12,'PPG SOC. E DESENVOLVIMENTO');

--
-- Table structure for table `documentos`
--

CREATE TABLE `documentos` (
  `docId` int(11) NOT NULL auto_increment,
  `pesId` int(11) NOT NULL,
  `usuId` int(11) NOT NULL,
  `docNome` varchar(45) NOT NULL,
  `docDesc` varchar(45) default NULL,
  `docData` date NOT NULL,
  `docCaminho` varchar(70) NOT NULL,
  `docStatus` varchar(3) NOT NULL default 'on',
  PRIMARY KEY  (`docId`),
  KEY `fk_documentos_usuario1` (`usuId`),
  KEY `fk_documentos_pessoa1` (`pesId`)
) ENGINE=InnoDB DEFAULT CHARSET=latin1;

--
-- Dumping data for table `documentos`
--

INSERT INTO `documentos` VALUES (1,20,10,'1409700373.jpg','FOTO','2014-09-02','Foto/','ft'),(2,4,1,'1413314954.pdf','CALEND?RIO DO  CONCURSO VESTIBULAR DE 2014','2014-10-14','JO?O_DE_SOUSA/','on'),(3,3,1,'1423068694.pdf','erro retorno bb','2015-02-04','EDVAN_COAN_CAUNETO/','on'),(4,3,1,'1423068877.pdf','MANUAL DO CANDIDATO V4 (1)','2015-02-04','EDVAN_COAN_CAUNETO/','on'),(5,175,176,'1466433340.jpg','FOTO','2016-06-20','Foto/','ft');

--
-- Table structure for table `graduacao`
--

CREATE TABLE `graduacao` (
  `graId` int(11) NOT NULL auto_increment,
  `graInst` varchar(100) NOT NULL,
  `graArea` varchar(50) NOT NULL,
  `graDesc` varchar(200) NOT NULL,
  `graAno` year(4) NOT NULL,
  `pesId` int(11) NOT NULL,
  `titId` int(11) NOT NULL,
  PRIMARY KEY  (`graId`),
  KEY `fk_graduacao_pessoa1` (`pesId`),
  KEY `fk_graduacao_titulo1_idx` (`titId`)
) ENGINE=InnoDB DEFAULT CHARSET=latin1;

--
-- Dumping data for table `graduacao`
--

INSERT INTO `graduacao` VALUES (2,'AQUI MESMO','','BLABLA BLA',2011,4,12),(3,'UNIOESTE - TOLEDO','filosofia','FILOSOFIA ',2013,12,13),(4,'UFPR','ciências sociais aplicadas','ADMINISTRAÇÃO',2003,11,13),(10,'TESTANDO','','TESTE 1  02/09  ',2014,4,13),(11,'FACULDADE ESTADUAL DE CIÊNCIAS E LETRAS DE CAMPO MOURÃO','administração','ADMINISTRAÇÃO',1985,20,11),(12,'UNIVERSIDADE ESTADUAL DE MARINGÁ','administração','GERÊNCIA E ESTRATÉGIA EMPRESARIAL',1987,20,12),(14,'UNIVERSIDADE FEDERAL DO PARANÁ - CURITIBA - PR','administração','ESTRATÉGIA DAS ORGANIZAÇÕES',2003,20,13),(15,'UNIVERSIDAD TÉCNICA DE COMERCIALIZACION Y DESARROLLO - FERNANDO DE LA MORA - PY','administração','DOUTORADO EM ADMINISTRAÇÃO',2008,20,14),(16,'COLÉGIO ESTADUAL OLAVO BILAC - PEABIRU - PR','técnico em contabilidade','TÉCNICO EM CONTABILIDADE',1981,20,10),(18,'UNESPAR','Matematica financeira','TESTE AREA 2',2011,3,12),(20,'UNESPAR','administração','REALIZAÇÃO DE TRABALHO NA ADMINISTRAÇÃO',2013,4,11),(21,'PUC PR','FILOSOFIA','FILOSOFIA',1986,12,11),(22,'FACULDADE ESTADUAL DE CIÊNCIAS E LETRAS DE CAMPO MOURÃO','FILOSOFIA','OS VALORES FUNDANTES DA CIVILIZAÇÃO OCIDENTAL',1992,12,12),(23,'FECILCAM','ciências sociais aplicadas','CIÊNCIAS CONTÁBEIS',1997,11,11),(24,'CEPAL - COMISSÃO ECONÔMICA PARA A AMÉRICA LATINA E O CARIBE','ciências sociais aplicadas / economia regional','GESTÃO DE PROJETOS DE DESENVOLVIMENTO DE ARRANJOS PRODUTIVOS LOCAIS',2007,11,12),(25,'UEM - UNIVERSIDADE ESTADUAL DE MARINGÁ','ciências sociais aplicadas / administração pública','GESTÃO PÚBLICA MUNICIPAL',2012,11,12),(26,'UEM - UNIVERSIDADE ESTADUAL DO PARANÁ','Engenharia Química','PROGRAMA DE PÓS GRADUAÇÃO EM ENGENHARIA QUÍMICA (PEQ), ÁREA DE SÍNTESE E OTIMIZAÇÃO DE PROCESSOS',2011,31,13),(27,'UNIVERSIDADE ESTADUAL DE MARINGÁ/PR.','Análise Ambiental','GEOGRAFIA',2013,28,13),(28,'UNIVERSIDADE ESTADUAL DO PARANÁ / CAMPUS DE CAMPO MOURÃO','turismo e meio ambiente','BACHAREL',2005,28,11),(29,'UNIVERSIDADE ESTADUAL DO PARANÁ / CAMPUS DE CAMPO MOURÃO','geografia','LICENCIATURA',2009,28,11),(34,'UEM','administração','EMPREENDEDORISMO E MERCADO',2013,32,13),(35,'UEM','administração','GESTÃO EMPRESARIAL \\ MBA EXECUTIVO',2008,32,12),(36,'UEM','Ciências contábeis','CONSULTORIA CONTÁBIL EM CUSTOS',2002,32,12),(37,'UEM','Ciências contábeis','CIÊNCIAS CONTÁBEIS',1999,32,11),(38,'FACULDADE ESTADUAL DE CIÊNCIAS E LETRAS DE CAMPO MOURÃO','turismo','BACHAREL EM TURISMO E MEIO AMBIENTE',2003,33,11),(39,'FACULDADE ESTADUAL DE CIÊNCIAS E LETRAS DE CAMPO MOURÃO','GEOGRAFIA','ESPECIALISTA EM EDUCAÇÃO, GESTÃO E PLANEJAMENTO AMBIENTAL',2005,33,12),(41,'UNIVERSIDADE ESTADUAL DE MARINGÁ','GEOGRAFIA','MESTRE EM GEOGRAFIA - ANÁLISE REGIONAL',2012,33,13),(42,'UEM','EDUCAÇÃO',' A DOCILIZAÇÃO DO CORPO EM SANTO AGOSTINHO',2012,34,13),(43,'UNIVERSIDADE DO OESTE DO PARANÁ - UNIOESTE DE TOLEDO','ciências sociais aplicadas','DESENVOLVIMENTO REGIONAL E AGRONEGÓCIO',2015,35,13),(44,'CESUMAR','ciências sociais aplicadas','AUDITORIA E CONTROLADORIA',2011,35,12),(45,'FACULDADE ESTADUAL DE CIÊNCIAS E LETRAS DE CAMPO MOURÃO - FECILCAM','ciências sociais aplicadas','CIÊNCIAS CONTÁBEIS',2009,35,11),(46,'USP','Educação','DOUTORADO EM EDUCAÇÃO',2011,36,14),(47,'UNICAMP','educação','MESTRADO EM EDUCAÇÃO',2006,36,13),(48,'UNICAMP','pedagogia','GRADUAÇÃO EM PEDAGOGIA',2001,36,11),(49,'UNIOESTE','Ciencias Economias','MESTRADO EM DESENVOLVIMENTO REGIONAL E AGRONEGOCIO',2011,37,13),(50,'UNIVERSIDADE FEDERAL FLUMINENSE','História social','HISTÓRIA',2009,39,14),(51,'UNIVERSIDADE FEDERAL DO PARANÁ','desenvolvimento econômico','PROGRAMA DE PÓS-GRADUAÇÃO ECONOMIA - PARECER 33/08 D.O.U. DE 30/04/2008 ',2009,40,13),(52,'UNIVERSIDADE ESTADUAL DE MARINGÁ','ECONOMIA','BACHARELADO EM CIÊNCIAS ECONÔMICAS ',1979,40,11),(53,'UNIVERSIDADE ESTADUAL DE MARINGÁ','ECONOMIA','PÓS-GRADUAÇÃO EM TEORIA ECONÔMICA - CARGA HORÁRIA 375 HS. APERFEIÇOAMENTO',1986,40,12),(54,'UNIVERSIDADE DO VALE DO ITAJAÍ-(UNIVALI-SC)','Administração','ESTRATÉGIAS NAS ORGANIZAÇÕES',2012,41,14),(55,'PONTIFÍCIA UNIVERSIDADE CATÓLICA DO PARANÁ','Administração','DOUTOR EM ADMINISTRAÇÃO',2013,42,14),(56,'UNIVERSIDADE ESTADUAL DE LONDRINA','Ensino de ciências e educação matemática','ENSINO DE CIÊNCIAS E EDUCAÇÃO MATEMÁTICA',2011,44,13),(57,'UNIVERSIDADE ESTADUAL DE MARINGÁ','eCONOMIA','TEORIA ECONÔMICA',2003,46,13),(58,'UFPR - UNIVERSIDADE FEDERAL DO PARANÁ','cIENCIAS sOCIAIS aPLICADAS','DESENVOLVIMENTO ECONOMICO',2009,47,13),(59,'UNIVERSIDADE DE BRASÍLIA','História da HISTORIOGRAFIA BRASILEIRA','TENDÊNCIAS HISTORIOGRÁFICAS NA REVISTA BRASILEIRA DE HISTÓRIA, 1981-2000',2012,48,14),(60,'FACULDADE DE FILOSOFIA DE UMUARAMA - FAFIU','licenciatura plena','LICENCIATURA PLENA PARA O ENSINO DE DISCIPLINAS PROFISSIONALIZANTES DO 2. GRAU',1987,20,11),(61,'FECILCAM','matemática','LICENCIATURA EM MATEMÁTICA',2001,49,11),(62,'FECILCAM','Educação matemática','ESPECIALIZAÇÃO EM EDUCAÇÃO MATEMÁTICA',2003,49,12),(63,'UEL','ensino de ciências e educação matemática','MESTRADO EM ENSINO DE CIÊNCIAS E EDUCAÇÃO MATEMÁTICA',2006,49,13),(64,'UEL','ensino de ciências e educação matemática','DOUTORADO EM ENSINO DE CIÊNCIAS E EDUCAÇÃO MATEMÁTICA',2012,49,14),(65,'CESUMAR','gestão de pessoas','MBA EM GESTÃO COM PESSOAS',2014,49,12),(66,'COLEGIO ESTADUAL PRINCESA ISABEL','CONTABIL','TECNICO EM CONTABILIDADE',1984,50,10),(67,'FACULDADE ESTADUAL DE CIENCIAS E LETRAS DE CAMPO MOURAO - FECILCAM','CIENCIAS CONTÁBEIS','CONTABILIDADE',1990,50,11),(68,'UNIFAMMA UNIAO DE FACULDADE METROPOLITANA DE MARINGA PR','CONTABILIDADE','AUDITORIA E CONTROLADORIA',2012,50,12),(70,'ESCOLA ESTADUAL PRINCESA ISABEL','MAGISTERIO','PROFESSOR PRIMARIO',1984,50,10),(71,'UNIVERSIDADE DE SÃO PAULO (USP)','eNGENHARIA DE pRODUÇÃO','MÉTODOS HEURÍSTICOS CONSTRUTIVOS PARA REDUÇÃO DO ESTOQUE EM PROCESSAMENTO EM AMBIENTES FLOW SHOP HÍBRIDOS COM TEMPOS DE SETUP DEPENDENTES DA SEQUENCIA',2008,51,13),(72,'UNIVERSIDADE ESTADUAL DO OESTE DO PARANÁ - CAMPUS DE TOLEDO','Desenvolvimento regional e agronegócio','ANÁLISE MULTIDIMENSIONAL DO PROCESSO INTEGRACIONISTA DO MERCADO COMUM DO SUL',2010,52,13),(73,'UNESP-FRANCA-SP','Serviço social','TÍTULO DA TESE: O ASSOCIATIVISMO NA DINÂMICA DA ECONOMIA SOLIDÁRIA',2010,53,14),(74,'UNIVERSIDADE ESTADUAL DE MARINGÁ','Administração','GESTÃO EMPREENDEDORA',2009,54,13),(75,'UNIVERSIDADE ANHANGUERA UNIDERP, UNIDERP, BRASIL. ','DIREITO PREVIDENCIÁRIO','ESPECIALIZAÇÃO EM PÓS GRADUAÇÃO LATO SENSU EM DIREITO PREVIDENCIÁRIO. (CARGA HORÁRIA: 435H). ',2011,55,12),(76,'UFPR','dESENVOLVIMENTO ECONÔMICO','MINTER',2009,56,13),(77,'UNIVERSIDADE FEDERAL DO PARANÁ','engenharia','MÉTODOS NUMÉRICOS EM ENGENHARIA',2005,59,13),(78,'UEM','Física','DOUTOR EM FÍSICA',2008,60,14),(79,'UEM','Física','MESTRADO EM FÍSICA',2001,60,13),(80,'UNIVERSIDADE FEDERAL DO PARANÁ, UFPR, CURITIBA, BRASIL','administração','MESTRADO EM CAPACITAÇÃO GERENCIAL AVANÇADA. ',2003,63,13),(81,'UNIVERSIDADE ESTADUAL DE MARINGÁ-UEM. ','Ciências ambientais','MESTRADO EM ECOLOGIA DE AMBIENTES AQUÁTICOS CONTINENTAIS',2002,64,13),(82,'FACULDADE ESTADUAL DE CIÊNCIAS E LETRAS DE CAMPO MOURÃO','Ciências contábeis','BACHARELADO EM CIÊNCIAS CONTÁBEIS',1989,65,11),(83,'FACULDADE ESTADUAL DE CIÊNCIAS E LETRAS DE CAMPO MOURÃO','Ciências contábeis','ESPECIALIZAÇÃO EM CONTABILIDADE GERENCIAL E AUDITORIA CONTÁBIL',1998,65,12),(84,'UNIVERSIDADE ESTADUAL DE MARINGÁ','Física','FÍSICA DA MATÉRIA CONDENSADA',2006,58,14),(86,'UNIVERSIDADE FEDERAL DO PARANÁ','ciências sociais aplicadas','MESTRADO EM ADMINISTRAÇÃO',2002,65,13),(89,'UNIVERSIDADE ESTADUAL DO OESTE DO PARANÁ - UNIOESTE','engenharia agricola','ENGENHARIA DE SISTEMAS AGROINDUSTRIAIS',2008,66,13),(90,'FACULDADE INTEGRADO DE CAMPO MOURÃO','Administração','MBA EXECUTIVO GESTÃO EMPRESARIAL',2014,68,12),(91,'FECILCAM','Engenharia','ENGENHARIA DE PRODUÇÃO AGROINDUSTRIAL',2011,68,11),(92,'UFPR - UNIVERSIDADE FEDERAL DO PARANÁ','ADMINISTRAÇÃO','ORGANIZAÇÕES E ESTRATÉGIAS FINANCEIRAS',2003,69,13),(93,'FECILCAM','ciências contábeis','CONTABILIDADE GERENCIAL E EMPRESARIAL',1997,69,12),(94,'FECILCAM','ciências contábeis','BACHAREL EM CIÊNCIAS CONTÁBEIS',1990,69,11),(95,'UNIVERSIDADE FEDERAL DO PARANÁ- UFPR','História','DOUTORADO EM HISTÓRIA',2012,70,14),(96,'FACULDADE ESTADUAL DE CIÊNCIAS E LETRAS DE CAMPO MOURÃO - PARANÁ','Ciências Contábeis','BACHAREL EM CIÊNCIAS CONTÁBEIS',1999,71,11),(97,'FACULDADE ESTADUAL DE CIÊNCIAS E LETRAS DE CAMPO MOURÃO - PARANÁ','Ciências Contábeis','CONSULTORIA CONTÁBIL EM CUSTOS',2002,71,12),(98,'UNIVERSIDADE ESTADUAL DO PARANÁ','métodos numéricos em engenharia','TÍTULO: TRANSPORTE DE MOMENTO MO FLUXO DE COUETTE PLANO DE MISTURAS BINÁRIAS',2005,72,13),(99,'UEM - UNIVERSIDADE ESTADUAL DE MARINGÁ','Ciências contábeis','CIÊNCIAS CONTÁBEIS',1999,73,11),(100,'UEM - UNIVERSIDADE ESTADUAL DE MARINGÁ','Administração','MESTRADO EM ADMINISTRAÇÃO COM ÊNFASE EM GESTÃO DE NEGÓCIOS PELO PPA - PROGRAMA DE PÓS-GRADUAÇÃO EM ADMINISTRAÇÃO',2004,73,13),(102,'UNIVERSIDADE ESTADUAL DO OESTE DO PARANÁ','ciências sociais aplicadas','DESENVOLVIMENTO REGIONAL E AGRONEGÓCIO',2013,74,13),(103,'UNIVERSIDADE ESTADUAL DO PARANÁ','ciências contábeis','CIÊNCIAS CONTÁBEIS',2007,74,11),(104,'FACULDADE DE JANDAIA DO SUL','contabilidade gerencial, controladoria e auditoria','CONTABILIDADE GERENCIAL, CONTROLADORIA E AUDITORIA',2011,74,12),(105,'UNIVERSIDADE FEDERAL DE MINAS GERAIS (UFMG)','História','ENTRE ARTE E INTERPRETAÇÃO: FIGURAÇÕES DO BRASIL NA LITERATURA DE JOÃO GUIMARÃES ROSA',2010,75,14),(106,'UNIVERSIDADE FEDERAL DO PARANÁ - INSTITUT NATIONAL DE LA RECHERCHE AGRONOMIQUE','agronomia','PRODUÇÃO VEGETAL',2000,76,14),(107,'UNIVERSIDADE ESTADUAL DE MARINGÁ','zootecnia','PRODUÇÃO ANIMAL',1997,76,13),(108,'UNIVERSIDADE FEDERAL DO PARANÁ ','agronomia','ENGENHEIRA AGRÔNOMA',1994,76,11),(110,'FACULDADE ESTADUAL DE CIÊNCIAS E LETRAS DE CAMPO MOURÃO','Educação','PEDAGOGIA',2002,78,11),(111,'FACULDADE ESTADUAL DE CIÊNCIAS E LETRAS DE CAMPO MOURÃO','Educação','PSICOPEDAGOGIA',2004,78,12),(112,'UNIVERSIDADE FEDERAL DE SANTA CATARINA','Educação','EDUCAÇÃO ESPECIAL',2006,78,13),(114,'COLÉGIO ESTADUAL JOÃO DE OLIVEIRA GOMES','magistério','MAGISTÉRIO',1982,41,10),(115,'UEM/FECILCAM','Administração','CURSO DE ESPECIALIZAÇÃO EM GESTÃO DA QUALIDADE',1995,41,12),(116,'UNIVERSIDADE FEDERAL DO PARANÁ(UFPR)','Administração','ESTRATÉGIAS NAS ORGANIZAÇÕES',2003,41,13),(117,'UNIVERSIDADE FEDERAL DO PARANÁ - UFPR','Desenvolvimento econômico','DESENVOLVIMENTO REGIONAL',2009,77,10),(118,'FACULDADE ESTADUAL DE CIÊNCIAS E LETRAS DE CAMPO MOURÃO','Administração','ADMINISTRAÇÃO',1988,41,11),(119,'UNIVERSIDADE ESTADUAL DE MARINGÁ - UEM','CIÊNCIAS Exatas e da Terra       Geociencias','ECOLOGIA DE AMBIENTES AQUÁTICOS CONTINENTAIS',2002,79,13),(120,'FACULDADE ESTADUAL DE CIENCIAS E LETRAS DE CAMPO MOURÃO','Administração','GESTÃO DA QUALIDADE TOTAL',1995,79,12),(121,'FACULDADE ESTADUAL DE CIENCIAS E LETRAS DE CAMPO MOURÃO','Admiistraação','BACHAREL EM ADMINISTRAÇÃO',1988,79,11),(122,'UNIVERSIDADE ESTAUDAL DE MARINGÁ','Análise regional e ambiental','PROGRAMA DE PÓS GRADUAÇÃO STRICTO SENSU, RECONHECIDO PELA PORTARIA MINISTERIAL Nº2878/MEC, DE 24/08/2005, PUBLICADA NO DOU DE 26/08/2005',2006,80,13),(123,'UNIVERSIDADE ESTADUAL DE MARINGÁ','engenharia ','ENGENHARIA CIVIL',1993,80,11),(124,'UNIVERSIDADE ESTADUAL DE MARINGA','QUIMICA','QUIMICA ANALITICA AMBIENTAL',1998,81,13),(125,'UNIVERSIDADE ESTADUAL DE MARINGÁ','ENGENHARIA QUIMICA','ENGENHEIRO QUIMICO',1995,81,11),(126,'UNIVERSIDADE ESTADUAL DE MARINGÁ','Ensino de Ciência e a Matem\'tica','MESTRE EM ENSINO',2011,83,13),(127,'UNIVERSIDADE ESTADUAL DE MARINGÁ','Educação para a Ciência e a Matemática','DOUTORADO EM EDUCAÇÃO PARA A CIÊNCIA E A MATEMÁTICA',2013,86,14),(128,'UNIVERSIDADE ESTADUAL DO PARANÁ','Engenharia Civil','PROGRAMA DE PÓS GRADUAÇÃO EM ENGENHARIA URBANA',2012,87,13),(129,'UNIVERSIDADE FEDERAL DO PARANá','Administração ','ESTRATÉGIAS E ORGANIZAÇÕES',2003,88,13),(131,'UEM','Educação matemática','A INCLUSÃO DAS GEOMETRIAS NÃO-EUCLIDIANAS NO CURRÍCULO DA EDUCAÇÃO BÁSICA',2009,92,13),(132,'FECILCAM','CIÊNCIAS CONTÁBEIS','BACHAREL EM CIÊNCIAS CONTÁBEIS',1982,93,11),(133,'FECILCAM','CIÊNCIAS CONTÁBEIS','GERÊNCIA CONTÁBIL E AUDITORIA',1991,93,12),(134,'UFPR','ADMINISTRAÇÃO','ADMINISTRAÇÃO',2003,93,12),(135,'UEM-UNIVERSIDADE ESTADUAL DE MARINGÁ','Administração','ORGANIZAÇÕES E ESTRATÉGIA',2013,94,13),(136,'UNIVERSIDADE ESTADUAL DE MARINGÁ, UEM','Administração',' PLANEJAMENTO ESTRATÉGICO DA TECNOLOGIA DA INFORMAÇÃO',2009,95,13),(137,'ESCOLA DE ENGENHARIA DE SÃO CARLOS (EESC) - UNIVERSIDADE DE SÃO PAULO (USP)','ENGENHARIA DE PRODUÇÃO','MESTRE EM ENGENHARIA DE PRODUÇÃO',2008,97,13),(138,'UNIVERSIDADE DO OESTE DO PARANÁ','ciências sociais aplicadas','DESENVOLVIMENTO REGIONAL E AGRONEGÓCIOS',2014,98,14),(139,'FACULDADE DE CIENCIAS E LETRAS DE CAMPO MOURAO','administração','BACHARELADO',1990,98,11),(140,'UNIVERSIDADE DO OESTE DO PARANÁ','desenvolvimento regional e agronegócios','MESTRADO',2007,98,13),(141,'UNIVERSIDADE PARANAENSE','gestão agroindustrial','ENG. PRODUÇÃO',2001,98,13),(142,'UNIVERSIDADE FEDERAL DE VIÇOSA (UFV)','Economia','ECONOMIA APLICADA',2011,99,13),(143,'UNIVERSIDADE ESTADUAL DE MARINGÁ (UEM)','Economia','CIÊNCIAS ECONÔMICAS',2009,99,11),(144,'FECILCAM','Administração','ADMINISTRAÇÃO PÚBLICA',2002,100,12),(145,'UNIPAR - UNIVERSIDADE PARANAENSE','Ciência da Computação','SISTEMAS DE INFORMAÇÃO',2002,101,11),(146,'UNIOESTE - UNIVERSIDADE ESTADUAL DO OESTE DO PARANÁ','ciência da computação','SISTEMAS DE INFORMAÇÕES DISTRIBUÍDOS',2004,101,12),(147,'UEM - UNIVERSIDADE ESTADUAL DE MARINGÁ','ciência da computação','ENGENHARIA DE SOFTWARE',2009,101,13),(148,'COLÉGIO ESTADUAL DR. GASTÃO VIDIGAL','saúde - vigilância sanitária','AUXILIAR DE SANITARISMO',1983,102,10),(149,'FACULDADE ESTADUAL DE CIÊNCIAS E LETRAS DE CAMPO MOURÃO','administração','ADMINISTRAÇÃO',1992,102,11),(150,'UNIVERSIDADE ESTADUAL DE MARINGÁ','estatística','ESPECIALIZAÇÃO EM ESTATÍSTICA APLICADA',1996,102,12),(151,'UNIVERSIDADE ESTADUAL DE MARINGÁ','administração','ESPECIALIZAÇÃO EM GESTÃO DA QUALIDADE',1997,102,12),(152,'UNIVERSIDADE FEDERAL DO PARANÁ','administração','ESTRATÉGIA EM ORGANIZAÇÃO',2003,102,13),(153,'PONTIFÍCIA UNIVERSIDADE CATÓLICA DO PARANÁ, PUC/PR, CURITIBA, BRASIL','Mestrado em Gestão Urbana','ICMS ECOLÓGICO NO CONTEXTO DAS UNIDADES DE CONSERVAÇÃO NO MUNICÍPIO DE CAMPO MOURÃO',2007,45,13),(154,'UNIVERSIDADE FEDERAL DO PARANÁ','Métodos numéricos em engenharia - programação mate','PPGMNE - PROGRAMA DE PÓS-GRADUAÇÃO EM MÉTODOS NUMÉRICOS EM ENGENHARIA',2012,103,14),(155,'UNIVERSIDADE FEDERAL DO PARANÁ','Métodos numéricos em engenharia - programação mate','PPGMNE - PROGRAMA DE PÓS-GRADUAÇÃO EM MÉTODOS NUMÉRICOS EM ENGENHARIA',2007,103,13),(156,'FACULDADE ESTADUAL DE CIÊNCIAS E LETRAS DE CAMPO MOURÃO','matemática','LICENCIADO EM MATEMÁTICA',2004,103,11),(157,'UNIVERSIDADE ESTADUAL DA UEM','Ciências Sociais Aplicadas','TEORIA ECONÔMICA',2014,104,14),(158,'UEM - FECILCAM','Administração','GERÊNCIA E ESTRATÉGIA EMPRESARIAL',1988,100,12),(159,'FECILCAM - INBRAPE','administração','ADMINISTRAÇÃO GERAL COM ÊNFASE EM RECURSOS HUMANOS E MARKETING',1991,100,12),(160,'FECILCAM','administração','ADMINISTRAÇÃO',1982,100,11),(161,'FECILCAM','letras','LETRAS ',1977,100,11),(162,'UNIVERSIDADE ESTADUAL DE MARINGÁ','ensino','EDUCAÇÃO MATEMÁTICA',2013,105,14),(163,'UNIVERSIDADE ESTADUAL DE MARINGÁ','CiêNCIAS ECONÔMICAS','MESTRADO EM TEORIA ECONÔMICA',2014,106,13),(164,'UNIVERSIDADE FEDERAL DO MATO GROSSO DO SUL UFMS','História','HISTÓRIA INDÍGENA',2002,107,13),(165,'UNIVERSIDADE FEDERAL DO PARANÁ','Programação matemática','PROGRAMA DE PÓS-GRADUAÇÃO EM MÉTODOS NUMÉRICOS EM ENGENHARIA',2012,108,14),(166,'UNIVERSIDADE ESTADUAL DE MARINGÁ','Educação matemática','EDUCAÇÃO MATEMÁTICA',2010,109,13),(167,'UNIVERSIDADE FEDERAL DO PARANÁ','Engenharias III','ALGORITMOS DE FILTRO GLOBALMENTE CONVERGENTES: TEORIA, IMPLEMENTAÇÃO E APLICAÇÃO',2011,112,14),(168,'UEM','Educação','LINHA: APRENDIZAGEM E AÇÃO DOCENTE',2003,113,13),(169,'UNIVERSIDADE ESTADUAL DE MARINGÁ','Educação','MESTRADO EM EDUCAÇÃO',2010,114,13),(170,'UNIVERSIDADE ESTADUAL DE MARINGÁ','Educação',' ENSINO APRENDIZAGEM E FORMAÇÃO DE PROFESSORES',2010,115,13),(171,'FCT-UNESP','Educação','O USO DA RELIGIÃO COM ESTRATÉGIA DE EDUCAÇÃO MORAL EM ESCOLAS PÚBLICAS E PARTICULARES DE PRESIDENTE PRUDENTE',2008,116,13),(172,'UNIVERSIDADE ESTADUAL DE MARINGÁ','História','MESTRADO EM HISTÓRIA - INSTITUIÇÕES E HISTÓRIA DAS IDEIAS',2013,119,13),(173,'UNIVERSIDADE FEDERAL DE SANTA CATARINA','Historia cultural','HISTORIA CULTURAL',2006,120,14),(174,'UNIVERSIDADE ESTADUAL DE MARINGÁ','Educação','HISTÓRIA E HISTORIOGRAFIA DA EDUCAÇÃO',2011,122,13),(175,'UEM - UNIVERSIDADE ESTADUAL DE MARINGÁ','Letras - Estudos Linguísticos','LINHA DE PESQUISA: ESTUDOS DO TEXTO E DO DISCURSO',2011,118,13),(176,'UNIOESTE','história','HISTÓRIA, PODER E PRÁTICAS SOCIAIS',2009,123,13),(177,'USP / SP','Letras','ESTUDOS COMPARADOS DE LITERATURAS DE LÍNGUA PORTUGUESA',2007,124,14),(178,'UNICAMP','Linguística Aplicada','LINGUíSTICA APLICADA - ENSINO E APRENDIZAGEM DE LÍNGUAS ESTRANGEIRAS',2001,125,14),(179,'UNICAMP','lINGUÍSTICA aPLICADA','LINGUíSTICA APLICADA - ENSINO E APRENDIZAGEM DE LÍNGUAS ESTRANGEIRAS',1993,125,13),(180,'UEM','lÍNGUA iNGLESA','ESPECIALIZAÇÃO EM LÍNGUA INGLESA',1988,125,12),(181,'UEM','lETRAS pORTUGUÊS-iNGLÊS','CURSO DE LICENCIATURA PLENA',1973,125,11),(182,'UNIVERSIDADE ESTADUAL DE MARINGÁ','Educação','A PARCERIA PÚBLICO-PRIVADO NA EDUCAÇÃO INFANTIL: OS PROGRAMAS PIM E FUNDO DO MILÊNIO PARA A PRIMEIRA INFÂNCIA',2011,126,13),(183,'UNIVERSIDADE ESTADUAL DE MARINGÁ','Educação','CURSO DE PEDAGOGIA',2007,126,11),(184,'UEM','Dourorado em letras/área de concentração: Estudos ','TÍTULO DA TESE: POÉTICAS DO DESLOCAMENTO: REPRESENTAÇÕES DE IDENTIDADES FEMININAS NO BILDUNGSROMAN DE AUTORIA FEMININA CONTEMPORÂNEO',2014,127,14),(185,'UNIVERSIDADE FEDERAL DO PARANÁ','Educação física','ENSINO DA EDUCAÇÃO FÍSICA ',1986,128,12),(186,'UNIFIL','Educação física','HANDEBOL',2010,128,12),(187,'UNIVERSIDADE ESTADUAL DE MARINGÁ','Educaçào',' PERÍODO SANDUÍCHE EM UNIVERSIDADE DE AVEIRO (ORIENTADOR: MARIA FILOMENA RODRIGUES TEIXEIRA).  TÍTULO: NEGRITUDE EM DISCURSO: A EDUCAÇÃO NAS REVISTAS VEJA E ÉPOCA (2003 A 2010)',2014,129,14),(188,'UNIVERSIDADE ESTADUAL DE MARINGÁ','Educação','EDUCAÇÃO',2013,130,13),(189,'UNIVERSIDADE ESTADUAL DE MARINGÁ - UEM','Educação','TESE: PRODUÇÃO DE SENTIDOS E PROVA BRASIL: O DESEMPENHO DE ALUNOS SURDOS EM MATEMÁTICA ',2014,117,14),(190,'UNIVERSIDADE ESTADUAL DE MARINGÁ','Geografia ','CICLO ECONÔMICO E ESPAÇO TRANSFORMADO: OS TRABALHADORES DO CAFÉ NO BAIRRO CONCÓRDIA EM TUNEIRAS DO OESTE - PARANÁ',2007,131,13),(191,'UNIVERSIDADE FEDERAL DO PARANÁ','Educação','LINHA: TRABALHO, TECNOLOGIA E EDUCAÇÃO',2014,132,13),(192,'UNIVERSIDADE ESTADUAL DO CENTRO-OESTE','Educação','GESTÃO ESCOLAR',2011,132,12),(193,'UNIVERSIDADE ESTADUAL DO CENTRO-OESTE','pedagogia','PEDAGOGIA: DOCêNCIA E GESTãO EDUCACIONAL',2009,132,11),(194,'UNIVERSIDADE ESTADUAL DE CAMPINAS','ENSINO-APRENDIZAGEM DE SEGUNDA LÍNGUA E LÍNGUA EST','LINGUíSTICA APLICADA',2002,134,13),(195,'UNIVERSIDADE ESTADUAL DE MARINGÁ - UEM','Educação','EDUCAÇÃO',2012,135,13),(196,'FACULDADE ESTADUAL DE CIÊNCIAS E LETRAS DE CAMPO MOURÃO - FECILCAM','Educação','PEDAGOGIA',2005,135,11),(197,'FACULDADE ESTADUAL DE CIÊNCIAS E LETRAS DE CAMPO MOURÃO - FECILCAM','educação','EDUCAÇÃO ESPECIAL',2007,135,12),(198,'UNIVERSIDADE ESTADUAL DE MARINGÁ','Geografia','LICENCIATURA EM GEOGRFIA',1993,21,11),(200,'UNIVERSIDADE NORTE DO PARANÁ','Didática e metodologia de ensino','TÍTULO DA ESPECIALIZAÇÃO: O SISTEMA DE AVALIAÇÃO DAS ESCOLAS PÚBLICAS',1997,21,12),(201,'UNIVERSIDADE ESTADUAL DE MARINGÁ','Geografia','TÍTULO: CONHECIMENTO ESCOLAR, TRANSVERSALIDADE E MEIO AMBIENTE:UM ESTUDO DE CASO PARA A ANÁLISE DO COMPROMISSO DA AÇÃO DOCENTE',2002,21,13),(202,'UNIVERSIDADE ESTADUAL PAULISTA - CAMPUS  JULIO MESQUITA FILHO','Geografia','TÍTULO: ÁREAS VERDES URBANAS, IMAGEM E USO: UM ESTUDO GEOGRÁFICO SOBRE A CIDADE DE MARINGÁ/PR',2009,21,14),(203,'UNIVERSIDADE ESTADUAL DE MARINGÁ (UEM)','Educação','PROGRAMA DE PÓS-GRADUAÇÃO EM EDUCAÇÃO (PPE)',2004,136,13),(204,'UNIVERSIDADE ESTADUAL DE MARINGÁ - UEM','Educação','DA ESCOLA ISOLADA AO GRUPO ESCOLAR MARECHAL RONDON DE CAMPO MOURÃO, PR - 1947 A 1971',2009,139,13),(205,'UNIVERSIDADE ESTADUAL DE MARINGÁ','Linguística','DESCRIÇÃO LINGUÍSTICA DA LÍNGUA PORTUGUESA.',2014,140,13),(206,'UFPR','Matemática aplicada','MESTRE EM MÉTODOS NUMÉRIC0S APLICADOS A ENGENHARIA',2005,111,13),(207,'FECILCAM/SEED','ensino de matemática','ESPECIALIZAÇÃO EM ENSINO DE MATEMÁTICA',1987,111,12),(208,'FECILCAM/UNICAMP','ensino de matemática','ESPECIALIZAÇÃO MODELAGEM MATEMÁTICA',1998,111,12),(209,'FACULDADES INTEGRADAS RUI BARBOSA - ANDRADINA - SP','Matemática aplicada','GRADUADO EM CIÊNCIAS COM HABILITAÇÃO EM MATEMÁTICA',1984,111,11),(210,'UEM','Ensino','ENSINO DE CIÊNCIAS E MATEMÁTICA',2009,82,13),(211,'UNIVERSIDADE ESTADUAL DE MARINGÁ','Geografia','DOUTOR EM GEOGRAFIA. ÁREA DE CONCENTRAÇÃO: PRODUÇÃO DO ESPAÇO E DINÂMICAS TERRITORIAIS',2013,142,14),(212,'UNIVERSIDADE ESTADUAL DE MARINGÁ','ciências sociais','MESTRADO EM POLÍTICAS PUBLICAS ',2012,138,13),(213,'UNESP - ARARAQUARA','Linguística - LÍNGUA PORTUGUESA','ANÁLISE DO DISCURSO',2003,144,14),(214,'UNIVERSIDADE ESTADUAL DE MARINGÁ','Ciências Ambientais','ECOLOGIA DE AMBIENTES AQUÁTICOS CONTINENTAIS',2006,145,14),(215,'UNIVERSIDADE ESTADUAL DE MARINGÁ','Geografia','A NOÇÃO DE MUNICÍPIOS PERIFÉRICOS: CONTRADIÇÕES E DESIGUALDADES NO ESTADO DO PARANÁ',2013,146,14),(216,'UNIVERSIDADE ESTADUAL DE MARINGÁ','Educação Ambiental','HOMEM, NATUREZA E ECOPSICOLOGIA: ANÁLISE DE CONCEPÇÕES ECOLÓGICAS DA COMUNIDADE DA MICROBACIA DO RIO DO CAMPO',2001,148,13),(217,'UNIVERSIDADE ESTADUAL DE CAMPINAS','Linguística Aplicada','ENSINO E APRENDIZAGEM DE SEGUNDA LÍNGUA E LÍNGUAS ESTRANGEIRAS',2002,133,13),(218,'PUC/SP - PONTIFÍCIA UNIVERSIDADE CATÓLICA DE SÃO PAULO ','Linguística aplicada e estudos da linguagem','A (RE)CONSTRUÇÃO DO TRABALHO DO PROFESSOR DE INGLÊS  PELA LINGUAGEM',2009,149,14),(219,'UNIVERSIDADE ESTADUAL DE MARINGÁ','Psicologia','LICENCIATURA EM PSICOLOGIA E FORMAÇÃO DE PSICÓLOGO',1990,148,11),(220,'UNESPAR - CAMPUS DE CAMPO MOURÃO','História','ESPECIALIZAÇÃO EM PRÁTICA EM ENSINO DE HISTÓRIA. ',2001,150,12),(221,'UNIOESTE','Estado e poder','PROGRAMA BOLSA FAMÍLIA: CONCEPÇÃO E LIMITES DA PROPOSTA DE ERRADICAÇÃO DA POBREZA NO GOVERNO LULA (2003-2010)',2012,151,13),(222,'FECILCAM','educação','PEDAGOGIA',2003,152,11),(226,'CENSUPEG','Educação','NEUROPSICOPEDAGOGIA E EDUCAÇÃO ESPECIAL INCLUSIVA',2012,152,12),(227,'UNIVALE','Educação ESPECIAL','ATENDIMENTO ÀS NECESSIDADES ESPECIAIS',2009,153,12),(228,'FECILCAM','LETRAS','LETRAS ANGLO-PORTUGUESAS',2005,153,11),(229,'UEM - UNIVERSIDADE ESTADUAL DE MARINGÁ','Literatura','ESTUDOS LITERÁRIOS',2008,154,13),(230,'FECILCAM','Educação','PSICOPEDAGOGIA INSTITUCIONAL E CLÍNICA',2007,156,12),(231,'UNIVERSIDADE ESTADUAL DE MARINGÁ','Ciências','PROGRAMA DE PÓS-GRADUAÇÃO EM ECOLOGIA DE AMBIENTES AQUÁTICOS CONTINENTAIS',2007,143,14),(232,'UNIVERSIDADE ESTADUAL DE LONDRINA','Letras - estudos literários','PROGRAMA DE PÓS-GRADUAÇÃO EM LETRAS DA UEL',2012,158,13),(233,'UNIVERSIDADE ESTADUAL DE LONDRINA UEL','Linguística Letras e Artes','ESTUDOS DA LINGUAGEM - ENSINO APRENDIZAGEM E FORMAÇÃO DE PROFESSORES DE LÍNGUA ESTRANGEIRA',2013,159,13),(234,'UNIVERSIDADE ESTADUAL DE MARINGÁ','Ensino, aprendizagem e formação de professores','ENSINO, APRENDIZAGEM E FORMAÇÃO DE PROFESSORES',2014,162,14),(235,'UNIVERSIDADE ESTADUAL DE MARINGA','Estudos literários','LITERATURA BRASILEIRA CONTEMPORÂNEA',2010,164,13),(236,'UEM','Geografia','AS TRANSFORMAÇÕES HISTÓRICAS E A DINÂMICA ATUAL DA PAISAGEM E CORUMBATAÍ DO SUL - PR',2013,165,14),(237,'UEL','Geografia','CONTRIBUIÇÃO DO GEOPROCESSAMENTO PARA CRIAÇÃO DE ROTEIROS TURÍSTICOS NOS CAMINHOS DE PEABIRU - PR',2006,165,13),(238,'UEM','Georreferenciamento de Imóveis Urbanos e Rurais','CARTOGRAFIA APLICADA A ANÁLISE AMBIENTAL DA BACIA HIDROGRÁFICA DO RIO DO CAMPO - PR',2008,165,12),(239,'UNESPAR CAMPUS CAMPO MOURÃO','Educação Gerenciamento e Planejamento Ambiental',' LEVANTAMENTO DAS ESPÉCIES ARBÓREAS E ARBUSTIVO-ARBÓREAS DAS PRAÇAS SÃO JOSÉ E GETULIO VARGAS, MUNICÍPIO DE CAMPO MOURÃO - PR',2004,165,12),(240,'UTFPR','tecnologia ambiental','ESTUDO MORFOMÉTRICO DA BACIA HIDROGRÁFICA DO LAGO DA USINA MOURÃO I. ',2004,165,11),(241,'UNIVERSIDADE FEDERAL DO PARANá','Letras','FORMAçãO DE PROFESSORES',2008,166,13),(242,'UEM','Geografia','ANOS BONS E ANOS RUINS DO PONTO DE VISTA CLIMÁTICO PARA AS CULTURAS DO TRIGO E DA SOJA, NO MUNICÍPIO DE CAMPO MOURÃO - PR ',2007,141,13),(243,'UNIVERSIDADE ESTADUAL DE MARINGÁ','Geografia','GESTÃO DOS RESÍDUOS SÓLIDOS URBANOS DO MUNICÍPIO DE CAMPO MOURÃO/PR',2004,168,13),(244,'USP','Geografia Humana','DOUTORADO EM GEOGRAFIA AGRÁRIA',2011,57,14),(245,'UNESPAR/CAMPUS DE CAMPO MOURÃO','Geografia','DOUTORADO EM GEOGRAFIA FISICA',2010,163,14),(246,'UNIVERSIDADE ESTADUAL DE LONDRINA','LINGUÍSTICA, LETRAS E ARTES','MESTRADO EM LETRAS ',2003,155,13),(247,'UEL - UNIVERSIDADE ESTADUAL DE LONDRINA','Estudos da linguagem','FORMAÇÃO DE PROFESSORES',2003,170,13),(248,'UNIVERSIDADE ESTADUAL DE MARINGÁ - UEM','Educação','O PARECER CNE/ Nº 15/98: UMA ANÁLISE DO DISCURSO OFICIAL DE ROMPIMENTO DA DUALIDADE NO SISTEMA DE ENSINO PÚBLICO',2002,89,13),(251,'UNIVERSIDADE ESTADUAL DE MARINGÁ - UEM','Geografia','PROPOSTA DE CONSTRUÇÃO DOS CONCEITOS DE TEMPO ATMOSFÉRICO E CLIMA: A LOCALIDADE COMO OBJETO E A LINGUAGEM CARTOGRÁFICA COMO MEIO',2005,171,13),(252,'UNIVERSIDADE ESTADUAL PAULISTA JÚLIO DE MESQUITA FILHO, UNESP, SÃO PAULO, BRASIL','Geografia humana','PROCESSO DE OCUPAÇÃO DO MUNICÍPIO DE PARANAVAÍ: A MOBILIDADE DA FORÇA DE TRABALHO E A SUA REDISTRIBUIÇÃO ESPACIAL',2000,172,13),(253,'FACULDADE ESTADUAL DE CIÊNCIAS E LETRAS DE CAMPO MOURÃO, FECILCAM, BRASIL.','Matemática','ESPECIALIZAÇÃO EM METODOLOGIA DO ENSINO DA MATEMATICA',1987,173,12),(254,'UNIVERSIDADE ESTADUAL DE CAMPINAS - UNICAMP','LingUISTICA','ANÁLISE DO DISCURSO',2006,174,14),(255,'UNIVERSIDADE ESTADUAL DE MARINGÁ (UEM)','Geografia urbana','RIGIDEZ NORMATIVA E CIRCUITO INFERIOR EM MARINGÁ (PR): TERRITÓRIOS, ATIVIDADES E ATORES',2013,169,14),(256,'UNIVERSIDADE DO VALE DO ITAJAÍ - UNIVALI','Planejamento e gestão do turismo','PLANEJAMENTO E GESTÃO DO TERRITÓRIO PARA O TURISMO',2005,24,13),(257,'FACULDADE ESTADUAL DE CIÊNCIAS E LETRAS DE CAMPO MOURÃO','CONTABILIDADE','AUDITORIA E PLANEJAMENTO TRIBUTÁRIO',2013,175,12),(258,'UNIVERSIDADE ESTADUAL DE MARINGÁ - UEM','Engenharia','ENGENHARIA URBANA - INFRA-ESTRUTURA E SISTEMAS URBANOS/ GESTÃO DE RESÍDUOS SÓLIDOS',2015,177,13),(259,'UNIVERSIDADE ESTADUAL DE MARINGÁ - UEM','Engenharia','SEGURANÇA DO TRABALHO',2014,177,12),(260,'UNIVERSIDADE ESTADUAL DO PARANÁ - UNESPAR CAMPUS DE CAMPO MOURÃO','Engenharia','ENGENHARIA DE PRODUÇÃO AGROINDUSTRIAL',2012,177,11),(261,'UNIVERSIDADE DE BRASÍLIA','Ciências florestais','DESAFIOS DO SERVIÇO FLORESTAL DE ECOTURISMO NO BRASIL: PERSPECTIVAS DE DESENVOLVIMENTO NAS FLORESTAS NACIONAIS DA AMAZÔNIA',2014,178,14),(262,'UNIVERSIDADE ESTADUAL DO CENTRO-OESTE - UNICENTRO','Ciências da saúde','MESTRADO INTERDISCIPLINAR EM DESENVOLVIMENTO COMUNITÁRIO',2015,179,13),(264,'UNIVERSIDADE DO VALE DO ITAJAI','dOCÊNCIA EM tURISMO E hOTELARIA','CURSO DE ESPECIALIZAÇÃO EM DOCÊNCIA EM TURISMO E HOTELARIA',2002,180,12);

--
-- Table structure for table `orientandos`
--

CREATE TABLE `orientandos` (
  `oriId` int(11) NOT NULL auto_increment,
  `oriNome` varchar(100) NOT NULL,
  `oriAtividade` varchar(45) NOT NULL,
  `oriIdAtividade` int(11) NOT NULL,
  `oriProjeto` varchar(45) NOT NULL,
  `pesId` int(11) NOT NULL,
  PRIMARY KEY  (`oriId`),
  KEY `fk_orientandos_pessoa1_idx` (`pesId`),
  CONSTRAINT `fk_orientandos_pessoa1` FOREIGN KEY (`pesId`) REFERENCES `pessoa` (`pesId`) ON DELETE NO ACTION ON UPDATE NO ACTION
) ENGINE=InnoDB DEFAULT CHARSET=utf8;

--
-- Dumping data for table `orientandos`
--

INSERT INTO `orientandos` VALUES (1,'teste','ENSINO',2,'PDE',4),(2,'Mariele Eloisa Pinzan','PESQUISA',77,'PIC',36),(3,'Elaine Leal Jacomel','PESQUISA',77,'PIC',36),(4,'Amanda de Souza Ribeiro','PESQUISA',76,'PIC',36),(5,'Andressa Paula','PESQUISA',78,'PIC',36),(6,'Hilquias Eufrásio Stirle','PESQUISA',170,'PIC',124),(7,'Marli Geralda de Souza','EXTENSÃO',75,'PDE',117),(8,'Carlos Henrique da Costa','ENSINO',561,'',117),(9,'Valdeny Laranjeiras dos Santos Kloczko','ENSINO',561,'',117),(10,'Kellita M. Lamonica ','ENSINO',561,'',117),(11,'Taís Fernanda Fonseca Luciano','ENSINO',561,'',117),(12,'Dilma Cordeiro','ENSINO',561,'',117),(13,'Erica Ferreira Dias','ENSINO',561,'',117),(14,'Patrícia Adriano Ribeiro','ENSINO',561,'',117),(15,'Cristiane Siqueira Cesar','ENSINO',561,'',117),(16,'Janette A. S. Kitayama','ENSINO',561,'',117),(17,'Simone Vieira de Oliveira','ENSINO',561,'',117),(18,'Cátia Verônica de Santana Boer','ENSINO',561,'',117),(19,'Sabrina Moreira de Souza','ENSINO',561,'',117),(20,'Dayani Rampinelli','ENSINO',561,'',117),(21,'Milene dos Santos Fírbida','ENSINO',561,'',117),(22,'Ana Claudia Ferreira Malanoti','PESQUISA',161,'PIC',115),(23,'Mayara Thaíse Dal Pasquale','PESQUISA',162,'PIC',115),(24,'Géssica Aline Silva','PESQUISA',165,'PIC',120),(25,'Lucas Onofre','PESQUISA',166,'PIC',120),(26,'ICJ: a ser definido em fevereiro de 2015','PESQUISA',166,'PIC',120),(27,'Daiana Nunes','PESQUISA',165,'PIC',120),(28,'Jovelino Selis','EXTENSÃO',20,'PDE',44),(29,'Marli Cândido','EXTENSÃO',20,'PDE',44),(30,'Elisângela Bassane','EXTENSÃO',20,'PDE',44),(31,'Izildine Izabel Zavadniak','EXTENSÃO',83,'PDE',12),(32,'fulano','EXTENSÃO',87,'PDE',11),(33,'Paulo Sérgio Gusmão','PESQUISA',196,'PIC',21),(34,' a definir','PESQUISA',199,'PIC',21),(35,' a definir','PESQUISA',198,'',21),(36,'a definir','PESQUISA',197,'PIC',21),(37,'Maria Mathilde Keller','EXTENSÃO',84,'PDE',21),(38,'Josué Carneiro','EXTENSÃO',85,'PDE',21),(39,'Maria Aparecida Leite','EXTENSÃO',86,'PDE',21),(40,'Maria Cecilia Silva Tomadon','PESQUISA',142,'PDE',101),(41,'(a definir orientandos)','ENSINO',446,'OUTROS',59),(42,'Maria Cecilia Silva Tomadon','EXTENSÃO',94,'PDE',101),(43,'A definir orientandos)','ENSINO',446,'',59),(44,'A ser selecionado','ENSINO',413,'OUTROS',101),(45,'Lucas Penteado','ENSINO',625,'OUTROS',59),(46,'Pollyane Teodoro','ENSINO',625,'',59),(47,'ADRIANO DZIUBATE','ENSINO',367,'OUTROS',103),(48,'Juliano Correia de Morais','ENSINO',412,'',101),(49,'Lucas Penteado','ENSINO',625,'OUTROS',59),(50,'ROSELY CORDEIRO RAMOS','ENSINO',369,'OUTROS',103),(51,'Pollyane Teodoro','ENSINO',625,'OUTROS',59),(52,'A DEFINIR','PESQUISA',126,'PIC',103),(53,'Cristina Marta Basaglia','EXTENSÃO',62,'PDE',59),(54,'LEONÍ ALEXANDRINO PEREIRA','EXTENSÃO',95,'PDE',133),(55,'A ser selecionado','ENSINO',631,'OUTROS',111),(56,'Taísa Martins Jordão','PESQUISA',205,'PIC',118),(57,'A definir','ENSINO',635,'',59),(58,'Miriam Fila Miglioli Teixeira','EXTENSÃO',99,'PDE',118),(59,'João Roberto B. Freire','ENSINO',396,'',82),(60,'LEONÍ ALEXANDRINO PEREIRA','EXTENSÃO',95,'PDE',133),(61,'Marlon Luiz Dal Pasquale Junior','ENSINO',398,'OUTROS',82),(62,'Rosimeire Gomes','EXTENSÃO',63,'PDE',82),(63,'SIRLENE APARECIDA NICOLAU GILIS','EXTENSÃO',63,'PDE',82),(64,'Izildine Izabel Zavadniak','EXTENSÃO',83,'PDE',12),(65,'Tainara Regina Vilarino','PESQUISA',98,'PIC',83),(66,'SONIA APARECIDA DE PAULA PELLEGRINI','PESQUISA',99,'PDE',83),(67,'Maria Aparecida','PESQUISA',99,'PDE',83),(68,'1. Rita Guaitanele','EXTENSÃO',101,'',142),(69,'Fátima Arruda Almeida','EXTENSÃO',66,'PDE',124),(70,'Bruna Kely de Jesus','ENSINO',555,'OUTROS',124),(71,'LUZIA SOUZA DE SANTANA','EXTENSÃO',105,'PDE',144),(72,'Márcia Cristina Cavalcante','PESQUISA',207,'PIC',146),(73,'Marco Aurélio S. Affonso','PESQUISA',207,'PIC',146),(74,'Carlos Marcos Rubim','PESQUISA',207,'PDE',146),(75,'NEUSA SAVARIS','EXTENSÃO',106,'PDE',144),(76,'LEONÍ ALEXANDRINO PEREIRA','EXTENSÃO',95,'PDE',133),(77,'LEONÍ ALEXANDRINO PEREIRA','EXTENSÃO',95,'PDE',133),(78,'A ser selecionado','ENSINO',664,'OUTROS',147),(79,'A ser selecionado','ENSINO',664,'OUTROS',147),(80,'A ser selecionado','ENSINO',664,'OUTROS',147),(81,'Ivanil Alves Cabral','EXTENSÃO',108,'PDE',145),(82,'CONCEIÇÃO APARECIDA ZANATTO DOS SANTOS','EXTENSÃO',108,'PDE',145),(83,'Maria Aparecida Leite Papaite','EXTENSÃO',108,'PDE',145),(84,'Ana Cláudia Klepa Rodrigues','EXTENSÃO',48,'PDE',105),(85,'Cristiane Hiroko','EXTENSÃO',48,'PDE',105),(86,'Ana Cláudia Klepa Rodrigues','EXTENSÃO',48,'PDE',105),(87,'Cristiane Hiroko','EXTENSÃO',48,'',105),(88,'Wilian Barbosa Travassos','ENSINO',390,'OUTROS',105),(89,'Márcia Boiko','ENSINO',391,'OUTROS',105),(90,'A ser selecionado','ENSINO',392,'OUTROS',105),(91,'A ser selecionado','ENSINO',670,'OUTROS',108),(92,'Rodrigo Gardin Pires','ENSINO',671,'OUTROS',108),(93,'A ser selecionado','PESQUISA',211,'OUTROS',108),(94,'Clarice de Almeida Miranda','PESQUISA',132,'PIC',105),(95,'Wilian Barbosa Travassos','PESQUISA',212,'PIC',105),(96,'A ser selecionado','PESQUISA',133,'PIC',105),(97,'MIRIELE CRISTINA DOMBROSKI DE SOUZA','ENSINO',119,'OUTROS',49),(98,'ELISANGELA ARAUJO SANCHES','ENSINO',119,'OUTROS',49),(99,'KARINA DEZILIO','ENSINO',118,'OUTROS',49),(100,'Alessandra Matias de Lima','EXTENSÃO',110,'PDE',149),(101,'Cíntia da Guia Ferreira','EXTENSÃO',110,'PDE',149),(102,'Cíntia da Guia Ferreira','EXTENSÃO',111,'PDE',149),(103,'Alessandra Matias de Lima','EXTENSÃO',112,'PDE',149),(104,'Sergio Correa de Melo','ENSINO',504,'OUTROS',125),(105,'Marcio Santos da Silva','EXTENSÃO',123,'',125),(106,'Marcio Santos da Silva','EXTENSÃO',123,'PDE',125),(107,'Aparecida Alves Rodrigues','EXTENSÃO',124,'PDE',125),(108,'Ana Cláudia Maccagnan Beckhauser','PESQUISA',222,'PIC',143),(109,'Rosemary Pachelli','EXTENSÃO',135,'PDE',155),(110,'Silvia Cristina Marconi de Souza','EXTENSÃO',135,'PDE',155),(111,'Suzana Domingues da Silva','PESQUISA',72,'PIC',72),(112,'Karina Dezilio','PESQUISA',227,'PIC',72),(113,'Raphael Antonio S. Mendonça','ENSINO',188,'OUTROS',72),(114,'Suzana Domingues da Silva','ENSINO',186,'OUTROS',72),(115,'A definir','PESQUISA',73,'OUTROS',72),(116,'Rafael Luna Bilheiro Peixoto','ENSINO',435,'OUTROS',112),(117,'A definir','ENSINO',436,'OUTROS',112),(118,'Marta Dinis de Sá Farias (PIC)','PESQUISA',230,'PIC',163),(119,'Orientação de Estágio em Língua Portuguesa','ENSINO',511,'OUTROS',127),(120,'A definir','PESQUISA',177,'OUTROS',127),(121,'A definir','PESQUISA',176,'OUTROS',127),(122,'Edna Aparecida Filipim','EXTENSÃO',131,'PDE',158),(123,'Marinalva dos Reis Batista','PESQUISA',238,'PIC',165),(124,'Elizabete de Lara Santos Hayakawa','EXTENSÃO',131,'PDE',158),(125,'Rafael Moraes Marcolino','PESQUISA',238,'PIC',165),(126,'Silvana Flores dos Santos Bonchoski','EXTENSÃO',131,'PDE',158),(127,'Rômulo Vinicius Brunieri','PESQUISA',239,'PIC',158),(128,'ROSEMARY LIBERALI','PESQUISA',236,'PDE',164),(129,'Marinalva dos Reis Batista','PESQUISA',242,'PIC',165),(130,'Rafael Moraes Marcolino','PESQUISA',241,'PIC',165),(131,'Fernando Henrique Villwock','ENSINO',753,'PIC',160),(132,'A ser selecionado','ENSINO',804,'OUTROS',167),(133,'Naiane Rosa','ENSINO',809,'TIDE',57),(134,'Danieli de Fátima Orchel','ENSINO',809,'PIC',57),(135,'Marina Hneda','ENSINO',809,'PIC',57),(136,'Daniele Uber','ENSINO',809,'PIC',57),(137,'Naiane Rosa','PESQUISA',248,'TIDE',57),(138,'Marina Hneda','PESQUISA',248,'',57),(139,'Danieli de Fátima Orchel','PESQUISA',248,'',57),(140,'Karina Aparecida Soares','PESQUISA',248,'TIDE',57),(141,'Cecília Niero ','EXTENSÃO',155,'PDE',57),(142,'Carmina Aparecida Pereira Corghi','EXTENSÃO',155,'PDE',57),(143,'Adriele Carolini Waideman','ENSINO',374,'OUTROS',86),(144,'Andressa Aparecida Montuan de Sousa','ENSINO',374,'OUTROS',86),(145,'Josimere Nunes Silva','EXTENSÃO',47,'PDE',86),(146,'Anivia Alves Rodrigues','EXTENSÃO',47,'PDE',86),(147,'A definir','PESQUISA',128,'OUTROS',86),(148,'Mario Bertoldo','EXTENSÃO',167,'PDE',171),(149,'Marcio José Serenini','EXTENSÃO',166,'PDE',171),(150,'A definir','EXTENSÃO',168,'PDE',171),(151,'Suelen Cristina Silva','EXTENSÃO',163,'OUTROS',171),(152,'Renata dos Santos de Menezes Iba Manoel','EXTENSÃO',163,'',171),(153,'Bruna Fernanda Eleutério','EXTENSÃO',163,'OUTROS',171),(154,'Marco Aurélio Smak affonso','EXTENSÃO',163,'OUTROS',171),(155,'Marcelo Josi Grandi Martins','EXTENSÃO',163,'OUTROS',171),(156,'Ana Paula Miranda VAz','PESQUISA',44,'PIC',51),(157,'Thiago Fernando Pires Alves','PESQUISA',43,'PIC',51),(158,'Tiago Vinicius Silva Athaydes','PESQUISA',255,'PIC',172),(159,'Jéssica de Oliveira Guimarães','PESQUISA',254,'PIC',172),(160,'Virgílio Manuel Pereira Bernardino','PESQUISA',256,'TIDE',172),(161,'A definir','ENSINO',511,'OUTROS',127),(162,'Ivania Skura','PESQUISA',76,'OUTROS',36),(163,'Célio Roberto da Silva','PESQUISA',157,'TIDE',48),(164,'Lucas André Zukovski de Oliveira','PESQUISA',157,'TIDE',48),(165,'Lucas André Zukovski de Oliveira','PESQUISA',157,'',48),(166,'Vander Luiz da Silva','PESQUISA',86,'PIC',76),(167,'Vander Luiz da Silva','PESQUISA',85,'PIC',76),(168,'Giovana Defendi de Oliveira','PESQUISA',86,'PIC',76),(169,'Fabiane Avanzi Rezende','PESQUISA',87,'PIC',76),(170,'Paulo Sérgio Gusmão','PESQUISA',196,'PIC',21),(171,'Bruna dos Santos','PESQUISA',61,'PIC',58),(172,'Jõao Luiz Cuareli Alécio','PESQUISA',62,'PIC',58),(173,'Bruna dos Santos','PESQUISA',63,'TIDE',58),(174,'Jõao Luiz Cuareli Alécio','PESQUISA',63,'TIDE',58),(175,'Dolores Leal','ENSINO',15,'',24),(176,'Raul Lennon','ENSINO',15,'',24),(177,'Marcelo Nunes','ENSINO',15,'',24),(178,'Daniele Maciel Neumann','ENSINO',15,'',24),(179,'Lucimara dos Santos','ENSINO',338,'',24),(180,'Marco Antonio da Silva Gomes','ENSINO',338,'',24),(181,'Tamara Aparecida de Oliveira','ENSINO',338,'',24),(182,'Thaysa Hauagge Moreno','ENSINO',338,'',24),(183,'Angelina Ribeiro','ENSINO',15,'',24),(184,'Angelina Ribeiro','ENSINO',15,'',24),(185,'Mailso Vieira Dias','PESQUISA',260,'PIC',52),(186,'Ana Paula Zubek','ENSINO',914,'OUTROS',178),(187,'Samanta Barrozo da Silva','ENSINO',914,'OUTROS',178),(188,'Leomar Veloso','ENSINO',914,'OUTROS',178),(189,'Edilson Luis Fernandes','ENSINO',914,'OUTROS',178),(190,'Fernanda Poma Nunes','ENSINO',914,'OUTROS',178),(191,'Simone Romeiro de Oliveira','ENSINO',914,'OUTROS',178),(192,'Paula Fioretti Lourenço','ENSINO',914,'OUTROS',178),(193,'Edilson Luis Fernandes','ENSINO',913,'OUTROS',178),(194,'Fernanda Poma Nunes','ENSINO',913,'OUTROS',178),(195,'Samanta Barrozo da Silva','ENSINO',913,'OUTROS',178),(196,'Simone Romeiro de Oliveira','ENSINO',913,'OUTROS',178),(197,'Paula Fioretti Lourenço','ENSINO',913,'OUTROS',178),(198,'Ana Paula Martareli de Oliveira','ENSINO',916,'OUTROS',179),(199,'Keila Cristina Geronimo','ENSINO',916,'OUTROS',179),(200,'Anna Caroline dos Santos Oliveira','ENSINO',916,'OUTROS',179),(201,'Nathyeli Moreira Niza','ENSINO',916,'OUTROS',179),(202,'Gercilaine Rieling','ENSINO',916,'OUTROS',179),(203,'Luana Lemes','ENSINO',916,'OUTROS',179),(204,'Nayane Schamberlain','ENSINO',275,'OUTROS',29),(205,'Kelly Masi','ENSINO',275,'TIDE',29),(206,'Karen de Sousa Gimenes','ENSINO',275,'',29),(207,'Juliane Cassia Correia','ENSINO',275,'',29),(208,'Daniela dos Santos Ramos','ENSINO',275,'',29),(209,'Nayane Schamberlain','ENSINO',275,'',29),(210,'Kelly Masi','ENSINO',275,'',29),(211,'Giancarlo Cieslack','ENSINO',928,'OUTROS',180),(212,'Ana Claudia Rodrigues','ENSINO',928,'OUTROS',180),(213,'Giancarlo Cieslack','ENSINO',929,'OUTROS',180),(214,'Ana Claudia Rodrigues','ENSINO',929,'OUTROS',180),(215,'Fernando Henrique Ferri','ENSINO',929,'OUTROS',180),(216,'Aline Angeli','ENSINO',929,'',180),(217,'Keilla Geronimo','ENSINO',929,'OUTROS',180),(218,'Jéssica Rodrigues dos Santos','ENSINO',439,'PIC',41),(219,'Janaina Samara Kowalski','ENSINO',935,'OUTROS',41),(220,'ALANA REGIANE BUENO DE ANDRADE; CAROLAINE LUCASYNSKI AMARO;DANTE GABRIEL TOKOMOTO; JOYCE DE ARAÚJO D','PESQUISA',88,'TIDE',41),(221,'Jéssica Rodrigues dos Santos','PESQUISA',267,'PIC',41),(222,'Hugo Eidi Kawakami e Rodrigo Rodrigues','ENSINO',937,'OUTROS',102),(223,'Jéssica Rodrigues dos Santos','PESQUISA',267,'PIC',41),(224,'Janaina Samara Kowalski','ENSINO',935,'OUTROS',41),(225,'Jacqueline de Oliveira','EXTENSAO',181,'OUTROS',58);

--
-- Table structure for table `pessoa`
--

CREATE TABLE `pessoa` (
  `pesId` int(11) NOT NULL auto_increment,
  `pesCodigo` int(11) NOT NULL,
  `pesNome` varchar(60) NOT NULL,
  `pesCpf` varchar(15) NOT NULL,
  `pesRg` varchar(15) NOT NULL,
  `pesPis_pasep` varchar(15) NOT NULL,
  `pesDtNasc` date NOT NULL,
  `pesEnd` varchar(60) NOT NULL,
  `pesEstado` varchar(45) NOT NULL,
  `pesCidade` varchar(45) NOT NULL,
  `pesFone` varchar(45) default NULL,
  `pesCel` varchar(45) default NULL,
  `pesMail` varchar(60) NOT NULL,
  `pesDtEnt` date NOT NULL,
  `pesDtSaida` date default NULL,
  `pesRegime` varchar(10) NOT NULL,
  `pesSituacao` varchar(50) default NULL,
  `pesStatus` varchar(5) NOT NULL,
  `pesLattes` varchar(80) NOT NULL,
  `pesCoordenador` varchar(1) NOT NULL,
  `tpId` int(11) NOT NULL,
  `colId` int(11) NOT NULL,
  `usuId` int(11) NOT NULL,
  `titId` int(11) NOT NULL,
  PRIMARY KEY  (`pesId`),
  KEY `fk_pessoa_tipo1` (`tpId`),
  KEY `fk_pessoa_colegiado1` (`colId`),
  KEY `fk_pessoa_usuario1_idx` (`usuId`),
  KEY `fk_pessoa_titulo1_idx` (`titId`)
) ENGINE=InnoDB DEFAULT CHARSET=latin1;

--
-- Dumping data for table `pessoa`
--

INSERT INTO `pessoa` VALUES (3,123,'EDVAN COAN CAUNETO','063.986.819-32','91926237','130.12345.12-3','1986-08-22','AV. GOIOERE, 129','PR','Campo Mourão','(44) 1111-1111','(44) 9921-5847','edvancc@gmail.com','2014-02-26','0000-00-00','T40','S','on','lalalalalal','n',1,4,1,11),(4,123123123,'JOÃO DE SOUSA','000.000.000-00','999999999','111.11111.11-11','2014-01-01','AV. PARANA','PR','Campo Mourão','(44) 4444-4444','(44) 3333-3333','jds@gmail.com','2014-01-01','0000-00-00','T40','S','on','asdasdasdasdasd','n',3,4,2,11),(11,0,'JORGE LEANDRO DELCONTE FERREIRA','015.540.079-76','56832424','170.408.190-21','1975-02-12','AV CURITIBA 1047 APTO 101','PR','Campo Mourão','(44) 3531-2043','(44) 8404-5509','jorge.leandro.professor@gmail.com','2007-11-01','0000-00-00','TIDE','S','','http://lattes.cnpq.br/3357182386926221','n',3,2,7,13),(12,0,'CARLOS NILTON POYER','437.721.109-91','35251138','121.99156.186','1964-11-04','AV. COMENDADOR NORBERTO MARCONDES, 2533 - SOBRADO 01','PR','Campo Mourão','(44) 3253-0209','(44) 9988-4797','cn.poyer@unespar.edu.br','1987-05-15','0000-00-00','TIDE','S','on','lattes.cnpq.br/4061789754465813','n',3,6,9,13),(20,0,'ADALBERTO DIAS DE SOUZA','515.193.649-20','35416285','10871698207','1964-11-28','RUA NARCISO SIM?O, 790','PR','Peabiru','(44) 8436-0457','(44) 9940-0984','adalberto.dias@unespar.edu.br','2014-09-02','0000-00-00','TIDE','S','','http://buscatextual.cnpq.br/buscatextual/visualizacv.do?id=K4772853Z3','n',3,1,10,13),(21,0,'MARCOS CLAIR BOVO','788.103.969-87','4997880-4','124.36016.390','1969-05-02','RUA NEREU MAZZER    N. 872   JARDIM T?QUIO','PR','Maringá','(44) 3246-1065','(44) 9938-2686','mcbovo@yahoo.com','2006-08-28','0000-00-00','TIDE','S','','http://lattes.cnpq.br/8553647366079597','n',3,5,11,14),(22,0,'EDVAN COAN CAUNETO','063.986.819-32','112121212','130.718.935-22','1987-12-12','AV. PARANA','PR','Campo Mour?o','(44) 3518-1880','(44) 9999-1111','edvancc@gmail.com','2002-02-03','0000-00-00','T40','S','on','','',1,4,1,11),(23,0,'FRANCISCO CARLOS BOCATO JR','030.631.639-02','60091889','125.95172.494','1980-07-02','RUA FRANCISCO FERREIRA ALBUQUERQUE 140 B','PR','Campo Mourão','(44) 3523-5743','(44) 9735-7589','francisco.bocato@hotmail.com','2012-03-12','0000-00-00','TIDE','','on',' http://lattes.cnpq.br/9342776055289153','S',3,10,14,13),(24,0,'SIMONE VASSALLO MONTEIRO','811.994.657-04','111342369','130.33032.507','1961-12-23','RUA EDMUNDO MERCER, 1520/306 CENTRO','PR','Campo Mourão','(00) 0000-0000','(44) 9707-1488','monteironovo@gmail.com','2014-04-29','0000-00-00','T40','S','on','http://buscatextual.cnpq.br/buscatextual/visualizacv.do?id=K4736666T0','N',4,10,17,13),(25,0,'MARIELE FERNANDES PEGORARO','033.220.679-39','82296689','12777373517','1982-01-22','RUA VEREADOR GEREMIAS CILIÃO, 1258','PR','Campo Mourão','(44) 3016-4136','(44) 8831-7365','marielepegoraro@hotmail.com','2014-03-20','0000-00-00','T20','S','','http://lattes.cnpq.br/3710417820370410','',4,10,19,12),(26,0,'JANETE LEIGE LOPES','413.342.999-00','30827333','106.49207.014','1959-09-09','RUA VILA RICA, 40. JARDIM SHANGRILÁ','PR','Campo Mourão','(44) 3016-3737','(44) 9102-0405','j_llopes@yahoo.com.br','1992-03-20','0000-00-00','TIDE','','on','http://buscatextual.cnpq.br/buscatextual/visualizacv.do?id=K4707085J2','N',3,3,12,14),(27,0,'LUCIANA APARECIDA BASTOS','024.997.369-33','58961388','12759943.49-8','0000-00-00','AV. COMENDADOR NORBERTO, 574','PR','Campo Mourão','(00) 0000-0000','(00) 0000-0000','singerlu@gmail.com','2006-10-02','0000-00-00','TIDE','','on','http://buscatextual.cnpq.br/buscatextual/visualizacv.do?id=K4774594T4','S',3,3,24,14),(28,0,'ANGELO RICARDO MARCOTTI','039.084.289-39','85079492','206.27154.74.8','1983-10-17','RUA TONY NISHIMURA, 36','PR','Campo Mourão','(44) 9111-7767','(44) 9916-2628','angeloricardo2@hotmail.com','2014-04-23','0000-00-00','T20','S','on','http://buscatextual.cnpq.br/buscatextual/visualizacv.do?id=K4403898H1','N',4,10,22,13),(29,0,'JULIANA CAROLINA TEIXEIRA','055.925.179-39','90770195','129.58791.523','1987-06-19','TRAVESSA FLORIANO, 285','PR','Campo Mourão','(44) 3016-3279','(44) 9923-2319','julianatma@gmail.com','2012-08-16','0000-00-00','TIDE','S','on','http://buscatextual.cnpq.br/buscatextual/visualizacv.do?id=K4247009Y8','n',3,10,105,13),(31,0,'RONY PETERSON DA ROCHA','005.582.049-29','78574666','137.63210.724','1979-05-14','RUA MOGNO, 47','PR','Campo Mourão','(44) 3523-0300','(44) 9836-5672','ronypeterson_eng@hotmail.com','2006-09-01','0000-00-00','TIDE','','on','','S',3,7,13,13),(32,0,'CRISTINA HILLEN','025.968.559-33','7047196-5','12759109536','1976-09-02','RUA MONSENHOR TANAKA, 259 - APTO. 502 - CEP: 87010-255','PR','Maringá','(44) 3031-9940','(44) 9914-0398','cristina.hillen@gmail.com','2012-04-12','0000-00-00','TIDE','S','','http://lattes.cnpq.br/5098953950067992','s',3,2,23,13),(33,0,'LARISSA DE MATTOS ALVES','038.857.869-66','68897920','130.25335.52-0','1982-06-29','RUA ROBERTO BRZEZINSKI, 1119','PR','Campo Mourão','(00) 0000-0000','(44) 8402-6227','larissamattosalves@hotmail.com','2006-08-16','0000-00-00','TIDE','S','on','http://lattes.cnpq.br/2514733391327853','N',3,10,18,13),(34,0,'WALMIR RUIS SALINAS','462.707.529-49','33123051','180.46305.354','1962-03-10','AV. AFONSO BOTELHO,1088','PR','Campo Mourão','(44) 3525-1775','(44) 9138-2327','WALMIR.SALINAS@GMAIL.COM','1991-02-13','0000-00-00','TIDE','S','on','','N',3,1,32,13),(35,0,'ISIELLI MAYARA BARZOTTO MARTINS TIERLING','057.493.039-69','131207808','129.82823.52-9','1987-07-27','RUA ANTONIO LOURIVAL BATHKE, 257 JARDIM SANTA CRUZ','PR','Campo Mourão','(00) 0000-0000','(44) 9984 2717','professora.isi@gmail.com','2010-08-01','0000-00-00','TIDE','S','on','http://buscatextual.cnpq.br/buscatextual/visualizacv.do?id=K4276605Y5','N',3,2,49,13),(36,0,'CRISTINA SATIE DE OLIVEIRA PATARO','270.382.798-90','126519850','17071711192','1979-09-13','RUA MAMBORÊ, 987 - AP 604','PR','Campo Mourão','(00) 0000-0000','(44) 8817-9436','crispataro@gmail.com','2009-02-03','0000-00-00','TIDE','S','','http://lattes.cnpq.br/6663293423459196','',3,11,42,14),(37,0,'PATRICIA ESTANISLAU','053.509.099-40','83680709','129.40795.535','1985-06-08','RUA TAMOIOS 1868','PR','Juranda','(44) 9919-3060','(44) 9919-3060','patiestanislau@yahoo.com.br','2014-04-15','0000-00-00','TIDE','S','on','http://lattes.cnpq.br/5654171846988606','N',4,3,27,13),(38,0,'MAURO PAROLIN','585.894.819-72','42378666','121.46937.67-77','1967-09-19','RUA CHAFIC MALUF, 21','PR','Campo Mourão','(44) 3017-1331','(44) 9976-6979','mauroparolin@gmail.com','2014-11-20','0000-00-00','TIDE','S','','http://lattes.cnpq.br/9805072502886857','n',3,5,35,14),(39,0,'FABIO ANDRE HAHN','006.168.949-10','58633658','190.06618.171','1978-10-18','AV. GUILHERME DE PAULA XAVIER, 295, AP. 106','PR','Campo Mourão','(00) 0000-0000','(44) 9907-1835','fabioandreh@gmail.com','2007-07-26','0000-00-00','TIDE','','','http://lattes.cnpq.br/5616135738264100','n',3,6,46,14),(40,0,'PAULO ROBERTO SANTANA BORGES','143.160.809-20','906588-1','103.79306.597','1952-10-03','AV. CAPITÃO ÍNDIO BANDEIRA, 281 - APTO. 203','PR','Campo Mourão','(44) 3523-9910','(44) 9992-6472','paulorsb@yahoo.com.br','1980-08-01','0000-00-00','TIDE','N','on','','N',3,3,41,13),(41,0,'YEDA MARIA PEREIRA PAVAO','557.620.189-20','34901651','12120446905','1965-06-15','RUA ALCIDES FERREIRA TOLEDO, 70','PR','Campo Mourão','(44) 3525-8595','(44) 9978-2167','yedapavao@gmail.com','1995-05-09','0000-00-00','TIDE','S','','http://lattes.cnpq.br/2418570831360509','n',3,1,31,14),(42,0,'CRISTIANO MOLINARI BISPO','025.539.469-10','6964508-9','12624190505','1978-10-27','RUA JOSÉ TEODORO DE OLIVEIRA, 689 JARDIM FLÓRIDA','PR','Campo Mourão','(44) 3523-6826','(44) 8812-8800','cmbispo@icloud.com','2006-08-16','0000-00-00','TIDE','','on','http://lattes.cnpq.br/9190671695140866','N',3,1,51,14),(44,0,'WELLINGTON HERMANN','007.419.089-05','5731633-0','20008284126','1976-03-24','RUA EVERALDO ALBUQUERQUE, 254','PR','Campo Mourão','(44) 3524-1687','(44) 9914-8194','eitohermann@gmail.com','2012-08-16','0000-00-00','TIDE','S','on','http://lattes.cnpq.br/4145451948476905','S',3,8,37,13),(45,0,'RICARDINA DIAS','515.205.089-72','3458874-0','12029722245','1963-06-03','R:VISCONDE LUIS BOTELHO MOURAO,132- JARDIM FLORIDA','PR','Campo Mourão','(44) 3017-6591','(44) 9825-9566','ricardina_dias@yahoo.com.br','1990-03-12','0000-00-00','T40','','','','',3,3,48,13),(46,0,'TATIANA DIAIR LOURENZI FRANCO ROSA','023.672.519-08','68257743','125.92166.507','1977-11-19','RUA BRASIL, 1450, AP. 11, CENTRO','PR','Campo Mourão','(00) 0000-0000','(44) 9915-5806','tatianalourenzi@gmail.com','2007-07-26','0000-00-00','TIDE','','on','http://lattes.cnpq.br/6574393944308144','N',3,3,50,13),(47,0,'MUNIR BARAKAT','274.980.509-00','1359826 6','1.702.498.212-6','1957-12-26','RUA MATO GROSSO N. 121 - JARDIM GUTIERRES - CEP 87300-400','PR','Campo Mourão','44','(44) 9969-0281','munirbar@msn.com','1985-03-04','0000-00-00','TIDE','S','on','http://lattes.cnpq.br/7181335227902138','N',3,1,33,13),(48,0,'RICARDO MARQUES DE MELLO','033.005.929-76','74105726','125.53162.06-7','1980-03-06','RUA MATO GROSSO, 467','PR','Campo Mourão','(00) 0000-0000','(44) 9943-1989','ricardo.rmm@gmail.com','2014-02-28','0000-00-00','TIDE','','','http://buscatextual.cnpq.br/buscatextual/visualizacv.do?metodo=apresentar&id=K47','s',3,6,38,14),(49,0,'WILLIAN BELINE','023.069.319-92','61523340','125.84970.521','1977-10-16','RUA APOLÔNIA STANISZEWSKI, 517','PR','Campo Mourão','(44) 3518-1829','(44) 9720-8020','wbeline@gmail.com','2006-10-02','0000-00-00','TIDE','S','on','http://lattes.cnpq.br/6254304980077467','N',3,8,68,14),(50,0,'CELSO SCOMPARIN','587.667.159-20','42215198','123.67880.88-5','1966-08-14','RUA PIONEIRO GASPAR LUIZ CAETANO, 770 - CONJ ESPERANÇA','PR','Araruna','(44) 3562-2724','(44) 9835-3986','celso.joce@hotmail.com','2014-03-21','0000-00-00','T20','S','','','n',4,2,59,12),(51,0,'MÁRCIA DE FÁTIMA MORAIS','026.423.319-03','67290542','190.15304.08-7','1976-10-22','RUA JOÃO XAVIER PADILHA, 452','PR','Campo Mourão','(44) 3523-2665','(44) 9108-6283','marciamorais.engenharia@gmail.com','2006-08-16','0000-00-00','TIDE','S','on','http://lattes.cnpq.br/1933606560664711','N',3,7,61,13),(52,0,'ANDRÉ RICARDO BECHLIN','007.286.099-59','6186400-8','128.01194.51-6','1982-02-19','RUA ÁUSTRIA, 679','PR','Assis Chateaubriand','(44) 3528-1114','(44) 9971-1982','andrebech@hotmail.com','2014-11-10','0000-00-00','TIDE','N','on','http://lattes.cnpq.br/3032372175284906','N',3,3,26,13),(53,0,'JOÃO CARLOS LEONELLO','350.248.959-91','2102715-4','107.17689.59-7','1960-10-20','AV. GOIOERÊ, 2539 - APTO 304','PR','Campo Mourão','(44) 3525-6071','(44) 9978-3216','jleonello@uol.com.br','1987-02-17','0000-00-00','TIDE','S','on','http://lattes.cnpq.br/8045424091702169','N',3,3,63,14),(54,0,'MARCOS JUNIO FERREIRA DE JESUS','006.114.079-14','68136997','200.06567.73-2','1980-05-20','AVENIDA CAPITÃO ÍNDIO BANDEIRA Nº 2623','PR','Campo Mourão','(44) 3523-6363','(44) 9956-6885','marcos_junio@hotmail.com','2012-03-13','0000-00-00','TIDE','','on','http://lattes.cnpq.br/1546226857029733','N',3,1,65,13),(55,0,'MIGUEL PEDRO ABUDI JÚNIOR','668.595.229-68','39465647','124.70988.898','1969-11-06','RUA NICOLAU ASSAD, 120','PR','Campo Mourão','4430175043','(44) 9813-3318','abudijunior@hotmail.com','2013-04-16','0000-00-00','T20','S','on','http://buscatextual.cnpq.br/buscatextual/visualizacv.do?id=K4999526H5','N',4,2,58,12),(56,0,'SÉRGIO LUIZ MAYBUK','572.101.959-04','4042540-3','170.36223.03-9','1968-02-22','RUA ROBERTO BRZEZINSKI, 1340 APTO 18','PR','Campo Mourão','(44) 3523-8804','(44) 9978-8656','sergio.maybuk@unespar.edu.br','1995-07-01','0000-00-00','TIDE','','on','','N',3,3,57,13),(57,0,'GISELE RAMOS ONOFRE','005.869.289-44','69772234','19018598413','1979-01-19','AV. COMENDADOR NORBERTO MARCONDES, 1674, APT 201','PR','Campo Mourão','(44) 3017-5853','(44) 9882-9255','giseleramos569@hotmail.com','2014-11-21','0000-00-00','TIDE','S','on','http://buscatextual.cnpq.br/buscatextual/visualizacv.do?id=K4755535T5','N',3,5,40,14),(58,0,'TANIA MARIA COELHO','893.997.659-20','48699634','180.46525.133','1970-09-22','RUA SALDANHA MARINHO 356, APT 302','PR','Maringá','(44) 3026-3953','(44) 9126-2270','coelho_tania@yahoo.com','1998-04-04','0000-00-00','TIDE','','on',' http://lattes.cnpq.br/5905073502183954','N',3,7,43,14),(59,0,'AMAURI JERSI CEOLIM','566.616.309-49','4011246-4','121.73035.446','1965-07-08','RUA LONDRINA, 240, SOBRADO 04, JARDIM CURITIBA','PR','Campo Mourão','(00) 0000-0000','(00) 0000-0000','ajceolim@gmail.com','1995-07-24','0000-00-00','TIDE','N','on','http://buscatextual.cnpq.br/buscatextual/busca.do','N',3,8,71,13),(60,0,'CELIA KIMIE MATSUDA','017.160.649-37','54403593','12796094490','1974-10-09','RUA SÃO JOSAFAT, 1345','PR','Campo Mourão','(44) 3523-66495','(44) 9961-4576','celia_matsuda@hotmail.com','2014-03-20','0000-00-00','TIDE','S','on','http://lattes.cnpq.br/1508107647309580','N',3,7,72,14),(61,0,'TITO JERÓNIMO ADALBERTO ALFARO SERRANO','373.406.890-87','44140446','170.18580.267','1949-05-24','RUA PITANTA 1054 SOBRADO 07','PR','Campo Mourão','(00) 0000-0000','(44) 9961-5428','talfa5@hotmail.com','2014-11-21','0000-00-00','TIDE','S','on','http://lattes.cnpq.br/6275249392249138','N',3,3,29,14),(62,0,'MARCELO DE OLIVEIRA LIMA','559.250.909-00','31984165','170.17286.30-6','1965-05-20','AV. COMENDADOR NORBERTO MARCONDES 2533','PR','Campo Mourão','(44) 9124-0113','(44) 9828-9575','marcelolima7@bol.com.br','2014-07-21','0000-00-00','T40','S','on','LIMA. Marcelo de Oliveira','N',4,1,81,12),(63,0,'JESUS CREPALDI','413.784.909-91','30687957','12088057414','1961-03-03','RUA MAMBORE 987','PR','Campo Mourão','(44) 3016-5665','(44) 8406-1132','jcrepaldi@uol.com.br','1999-02-02','0000-00-00','T40','','','','',3,3,60,13),(64,0,'MARIO DE LIMA','203.275.289-15','13309000','105.81828.353','1955-03-14','AV. MANOEL MENDES DE CAMARGO, 1731, AP.04, CENTRO','PR','Campo Mourão','(44) 3017-6070','(44) 9974-3464','mlima10@gmail.com','1991-02-13','0000-00-00','TIDE','N','on','http://lattes.cnpq.br/6472307024732432','N',3,2,54,13),(65,0,'WAGNER WANDERBROOCK','471.950.109-53','34495556','999.99999.99-99','1963-02-22','RUA CAÇANJURE, 740','PR','Campo Mourão','(44) 3525-1358','(44) 9856-6662','wwanderbroock@yahoo.com.br','0000-00-00','0000-00-00','T40','S','on','http://lattes.cnpq.br/9228547740507712','N',3,2,85,13),(66,0,'DIETER RANDOLF LUDEWIG','275.780.979-20','1306448-2','10628079203','1956-07-01','RUA SÃO JOSAFAT, 1118 - APTO 904','PR','Campo Mourão','(44) 3017-5570','(44) 9936-3002','dludewig@fecilcam.br','1991-02-13','0000-00-00','TIDE','','on','','N',3,7,83,13),(67,0,'CELISE RODER','072.902.979-46','94918626','146.69398.276','1989-11-24','RUA EVERALDO ALBUQUERQUE, 206','PR','Campo Mourão','(44) 3525-1764','(44) 8808-5760','celiseroder@gmail.com','2014-08-28','0000-00-00','T24','S','on','http://lattes.cnpq.br/1102246646981318','N',4,7,0,12),(68,0,'CELISE RODER','072.902.979-46','94918626','146.69398.276','1989-11-24','RUA EVERALDO ALBUQUERQUE, 206','PR','Campo Mourão','(44) 3525-1764','(44) 8808-5760','celiseroder@gmail.com','2014-08-28','0000-00-00','T24','S','on','http://lattes.cnpq.br/1102246646981318','N',4,7,80,12),(69,0,'ALBERTO BARBOSA','559.473.369-87','4063546-7','12208664312','1966-03-27','RUA LAURINDO BORGES, 1735, APTO 203','PR','Campo Mourão','(44) 3525-1422','(44) 9978-0266','alberto.barbosa@gmail.com','1991-03-01','0000-00-00','T40','','on','http://buscatextual.cnpq.br/buscatextual/visualizacv.do?metodo=apresentar&id=K47','N',3,2,78,13),(70,0,'CLAUDIA PRIORI','026.103.729-30','6355501-0','125.88698.53-2','1977-04-24','RUA SÃO PAULO, 1035 - APTO 303','PR','Campo Mourão','(00) 0000-0000','(44) 9894-6501','claudia.priori@unespar.edu.br','2012-08-16','0000-00-00','TIDE','S','','http://lattes.cnpq.br/1391884709498230','n',3,6,82,14),(71,0,'NIVALDO APARECIDO GREGO','900.750.729-04','62751495','125.21542.395','1974-03-10','RUA AVELINO ANTÔNIO VIEIRA, 244, JARDIM AEROPORTO','PR','Campo Mourão','(44) 3529-1383','(44) 9915-0147','ngrego1@gmail.com','2014-03-20','0000-00-00','T20','S','','http://lattes.cnpq.br/7670411906993822','n',4,2,88,12),(72,0,'VALDETE DOS SANTOS COQUEIRO','911.973.849-87','6585099-0','19003494099','1977-04-01','AVENIDA GOIOERE','PR','Campo Mourão','(00) 0000-0000','(44) 9921-1036','vcoqueiro@yahoo.com.br','2014-11-21','0000-00-00','TIDE','','on','http://lattes.cnpq.br/0065912631419441','N',3,8,87,13),(73,0,'MARCELO MARCHINE FERREIRA','017.356.319-81','56963979','125.42524.663','1975-08-14','RUA MONSENHOR TANAKA, 259, APTO 502, JD. NOVO HORIZONTE','PR','Maringá','(44) 3031-9940','(44) 9937-2610','mmarchine@gmail.com','2007-09-24','0000-00-00','TIDE','','on',' http://lattes.cnpq.br/8568761570800104','N',3,2,34,13),(74,0,'TIAGO MARTINS DA SILVA','049.024.199-98','138551814','129.29193.494','1984-11-28','RUA TIBAGI, 134, CENTRO','PR','Corumbataí do Sul','(44) 9994-4596','(44) 9815-1037','tms.tiago.martins@hotmail.com','2013-05-29','0000-00-00','T40','S','','http://lattes.cnpq.br/3481486972113160','n',4,2,96,13),(75,0,'BRUNO FLÁVIO LONTRA FAGUNDES','410.425.066-04','136705830','121.41208.124','1961-09-10','RUA PREFEITO ROBERTO BRZEZINSKI, 1340/17','PR','Campo Mourão','(44) 3810-0496','4491515893','parabrunos@gmail.com','2012-10-01','0000-00-00','TIDE','S','','http://buscatextual.cnpq.br/buscatextual/visualizacv.do?id=K4782343D5','n',3,6,95,14),(76,0,'ANDRÉA MACHADO GROFF','773.654.299-68','44140403','128.14012.519','1970-12-15','AVENIDA GOIOERÊ, 2910, AP. 202','PR','Campo Mourão','(44) 3529-2275','(44) 9969-5165','andrea_groff@hotmail.com','2008-06-09','0000-00-00','TIDE','','on','http://buscatextual.cnpq.br/buscatextual/visualizacv.do?id=K4777741P9','N',3,7,97,14),(77,0,'JOÃO MARCOS BORGES AVELAR','571.096.309-78','42017019','190.00825.744','1967-06-16','AV. JORGE WALTER, 41','PR','Campo Mourão','(44) 3017-1705','(44) 9108-8117','jmavelar@yahoo.com.br','2006-08-16','0000-00-00','TIDE','S','on','http://buscatextual.cnpq.br/buscatextual/visualizacv.do?id=K4707001J9','N',3,1,69,13),(78,0,'CERES AMERICA RIBAS HUBNER','889.346.830-15','108168722','125.48339.191','1974-11-17','AV. CAPITÃO ÍNDIO BANDEIRA, 281 APTO 501','PR','Campo Mourão','(44) 3523-8699','(44) 9917-0919','ceresribas@yahoo.com.br','2006-05-06','0000-00-00','TIDE','N','on','http://buscatextual.cnpq.br/buscatextual/visualizacv.do?id=K4139760Y5','N',3,11,75,13),(79,0,'RICARDO DE JESUS CARVALHO DOS SANTOS','445.195.409-68','22403893','121.03012.781','1960-05-05','RUA ARARUNA  N 57','PR','Campo Mourão','(44) 3016-4113','(44) 9969-9316','ricardojcs@hotmail.com','1991-02-13','0000-00-00','T24','','','CV: http://lattes.cnpq.br/3565279993105433','n',3,1,91,13),(80,0,'EDERALDO LUIZ BELINE','740.347.159-87','42374032','122.32990.453','1969-10-27','RUELA PION. PEDRO FRANÇOSO, Nº 60','PR','Maringá','(44) 3267-7425','(44) 9972-2639','lajes.altonia@gmail.com','2008-01-16','0000-00-00','T40','N','on','','N',3,7,76,13),(81,0,'MARCIO CARVALHO DOS SANTOS','849.478.299-15','46923561','123.15285.323','1972-01-16','RUA DAS GARÇAS, 234','PR','Campo Mourão','(44) 3523-9301','(44) 9108-3870','mcsantoseng@hotmail.com','2006-06-01','0000-00-00','T40','','on','','N',3,7,102,13),(82,0,'JOÃO HENRIQUE LORIN','007.786.249-00','81181241','12543012216','1979-09-05','RUA HERCULANO RIBEIRO DE PAIVA, 99-B','PR','Maringá','(44) 3034-2173','(44) 9112-1555','jhlorin@fecilcam.br','2012-04-09','0000-00-00','TIDE','S','on','','N',3,8,101,13),(83,0,'LUCIANO FERREIRA','007.836.549-01','75223803','170.62267.749','1981-07-14','RUA MARQUES DE ABRANTES','PR','Maringá','(44) 3354-0661','(44) 9845-8838','lulindao66@hotmail.com','2013-09-09','0000-00-00','TIDE','','on','','N',3,8,77,13),(86,0,'FÁBIO ALEXANDRE BORGES','004.402.459-23','63254061','125.07828.25-2.','1977-08-05','RUA VENEZUELA, 414 - JARDIM ALVORADA','PR','Maringá','(44) 3034-1369','(44) 8820-9168','fabioborges.mga@hotmail.com','2008-04-12','0000-00-00','TIDE','S','','http://buscatextual.cnpq.br/buscatextual/visualizacv.do?id=K4713339A7','n',3,8,45,14),(87,0,'RUBYA VIEIRA DE MELLO CAMPOS','023.236.679-98','57663391','12721729405','1972-12-08','RUA SANTOS DUMONT, 1412 APTO 03','PR','Campo Mourão','(44) 3810-4996','44 99011163','rubyadmc@hotmail.com','2013-12-23','0000-00-00','TIDE','S','on','http://lattes.cnpq.br/2760163330554526','N',4,7,98,13),(88,0,'EDER ROGERIO STELA','883.557.809-49','52111269','124.89470.460','1973-12-13','AV. AFONSO BOTELHO 829','PR','Campo Mourão','4499780640','(00) 0000-0000','eder.rogerio@fecilcam.br','1997-06-20','0000-00-00','TIDE','S','on','http://buscatextual.cnpq.br/buscatextual/visualizacv.do?id=K4707279H0','N',3,2,30,13),(89,0,'ELAISE MARA FERREIRA CREPALDI','364.294.819-72','6415527-0','107.17456.223','1956-11-28','RUA MAMBORÊ Nº 987, APTO 501, CENTRO, CAMPO MOURÃO - PR CEP ','PR','Campo Mourão','(44) 3017-5665','(44) 9948-2811','crepaldi_elaise@yahoo.com.br','1991-02-13','0000-00-00','TIDE','S','on','','N',3,11,100,13),(91,0,'OSVALDO NAKAMURA','645.012.808-91','63912743','104.14385.508','1950-10-25','RUA JOSÉ RIBEIRO FILHO, 77 - CEP: 87303-260','PR','Campo Mourão','(44) 3523-3123','44 99372610','onakamura@coamo.com.br','1982-03-01','0000-00-00','T12','N','on','http://lattes.cnpq.br/4022539217451508','N',3,2,106,12),(92,0,'TALITA SECORUN DOS SANTOS','007.721.549-45','7076278-1','128.92177.53-9','1981-05-25','RUA MARQUES DE ABRANTES, 250, EDIFÍCIO APIACÁS, APTO 012, ZO','PR','Maringá','(44) 3354-0661','(44) 9845-8839','tsecorun@hotmail.com','2006-10-02','0000-00-00','TIDE','S','on','https://wwws.cnpq.br/cvlattesweb/PKG_MENU.menu?f_cod=7C311EDFA518C1E1DDF10418B37','N',3,8,108,13),(93,0,'ALTAIR CASARIM','123.422.209-44','5139210','100.10188.86','1945-12-13','RUA MATO GROSSO, 1620 - CEP: 87300-400','PR','Campo Mourão','(44) 3523-6175','(44) 9911-4546','acasarim@hotmail.com','1987-02-01','0000-00-00','T20','N','','http://lattes.cnpq.br/4318128182278490','',3,2,107,12),(94,0,'PATRICIA GROTTI SCHEBELESKI','048.164.849-65','86302934','128.81509.535','1984-10-24','R GRAUNA, 59','PR','Campo Mourão','(44) 3525-1637','(44) 9969-1380','patriciagsch@gmail.com','2014-04-02','0000-00-00','TIDE','S','on','http://lattes.cnpq.br/1107333328161290','N',4,1,67,13),(95,0,'MARCOS SCHEBELESKI','017.210.879-90','63919926','200.06575.026','1976-04-12','RUA GRAÚNA, 59','PR','Campo Mourão','(44) 3525-1637','(44) 9113-8807','mschebeleski@fecilcam.br','2012-03-12','0000-00-00','TIDE','','on',' http://lattes.cnpq.br/9620488613754106','S',3,1,64,13),(96,0,'FABIANE FREIRE FRANÇA','045.093.379-22','92724611','12874550517','1984-10-08','R: CARLOS GOMES, 2425','PR','Sarandi','(44) 8842-1238','(44) 9869-7721','prof.fabianefreire@gmail.com','2010-09-08','0000-00-00','TIDE','','on','http://buscatextual.cnpq.br/buscatextual/visualizacv.do?id=K4248158J6','N',3,11,36,14),(97,0,'THAYS JOSYANE PERASSOLI BOIKO','006.627.429-07','7978641-1','190.15304.23-0','1980-04-16','RUA MATO GROSSO, 1620 AP. 801','PR','Campo Mourão','(00) 0000-0000','(44) 8803-0220','thaysperassoli@bol.com.br','2008-04-03','0000-00-00','TIDE','','','http://lattes.cnpq.br/1663040037757690','',3,7,84,13),(98,0,'ROSELIS NATALINA MAZZUCHETTI','387.638.779-53','14871772','101.02370.386','1958-12-25','AV. GOIOERE 1980 - AP. 405','PR','Campo Mourão','(44) 3017-6958','4498010296','profbibi01@gmail.com','2009-07-02','0000-00-00','TIDE','S','on','http://buscatextual.cnpq.br/buscatextual/visualizacv.do?id=K4706876A9','N',3,1,47,14),(99,0,'VINÍCIUS GONÇALVES VIDIGAL','060.628.079-06','91018993','19042418969','1986-08-10','RUA MONTREAL, 59. JARDIM CANADÁ.','PR','Maringá','(44) 3028-1007','(00) 0000-0000','vgvidigal@fecilcam.br','2012-10-02','0000-00-00','TIDE','S','on','http://lattes.cnpq.br/6542753239631295','N',3,3,28,13),(100,0,'MARIA DOLORES BARRIONUEVO ALVES','275.797.359-20','14051759','10088925088','1957-05-20','RUA FRANCISCO FERREIRA ALBUQUERQUE, 1830','PR','Campo Mourão','(44) 3523-2450','(44) 9978-9342','dolores.alves@inss.gov.br','1984-03-01','0000-00-00','T20','S','','CV: http://lattes.cnpq.br/6845301242899009','n',3,1,93,12),(101,0,'ROSEFRAN ADRIANO GONÇALES CIBOTTO','020.898.689-88','66093107','12470689270','1976-11-08','AV. NEY BRAGA, 725 APTO. 1 JD. IZABEL','PR','Campo Mourão','(44) 3525-3947','(44) 9969-6160','rosefran@gmail.com','2007-07-18','0000-00-00','TIDE','S','on','http://lattes.cnpq.br/3356056908167229','N',3,8,94,13),(102,0,'LUCIA APARECIDA LOZANO DE SOUZA','602.098.529-68','37226378','170.21079.387','1966-06-01','RUA ALCIDES FERREIRA TOLEDO, 67','PR','Campo Mourão','(44) 3068-0422','(44) 9804-9819','lucia.lozano@unespar.edu.br','1995-07-24','0000-00-00','TIDE','S','on',' http://lattes.cnpq.br/2762789747444984','N',3,1,90,13),(103,0,'JULIANO FABIANO DA MOTA','041.156.999-65','75491450','128.18542.49-0','1983-11-06','TRAVESSA BRASILÍZIO PEREIRA DE LIMA','PR','Campo Mourão','4435230411','(44) 9946-6922','juliano.mota@unespar.edu.br','2008-04-03','0000-00-00','TIDE','S','on','http://lattes.cnpq.br/3644790211125188','N',3,8,74,14),(104,0,'LUCIANE CRISTINA CARVALHO','190.948.558-60','141535560','123.45367.654','1974-03-26','RUA PITANGA, 1549 BL 1 AP 123','PR','Campo Mourão','(44) 3017-2287','(44) 9950 6225','lucrislho@gmail.com','2014-06-05','0000-00-00','TIDE','S','on','http://buscatextual.cnpq.br/buscatextual/visualizacv.do?id=K4753253Y8','N',4,3,70,14),(105,0,'VERIDIANA REZENDE','033.142.679-08','75490933','130.93149.524','1981-04-02','AV. CURITIBA, 1231','PR','Peabiru','(44) 3531-1473','(44) 9969-4445','rezendeveridiana@gmail.com','2006-08-16','0000-00-00','TIDE','N','on',' http://lattes.cnpq.br/5630494004651939','N',3,8,44,14),(106,0,'RONALDO LOPES BUZZO JUNIOR','337.394.458-90','142073757','135.91659.931','1984-12-25','RUA PITANGA 1459 APARTAMENTO 502','PR','Campo Mourão','(44) 3016-4401','(44) 9969-1606','ronaldolbuzzo@uol.com.br','2014-08-07','0000-00-00','TIDE','S','on','http://buscatextual.cnpq.br/buscatextual/visualizacv.do?id=K4268830T3','N',4,3,79,13),(107,0,'ASTOR WEBER','703.663.819-20','41924764','180.00499.88-1','1973-09-21','RUA PROFESSOR ETHANIL BENTO DE ASSIS, 448 FUNDOS.','PR','Campo Mourão','(44) 3518-1880','(44) 9886-2481','astorweb@hotmail.com','2012-03-13','0000-00-00','TIDE','N','','hhttp://buscatextual.cnpq.br/buscatextual/visualizacv.do?id=K4774146Z4','n',3,6,104,13),(108,0,'SOLANGE REGINA DOS SANTOS','038.705.939-38','81100276','127.75219.53-7','1983-02-12','RUA PITANGA - RESIDENCIAL SOL VERMELHO','PR','Campo Mourão','(00) 0000-0000','(44) 9841-9338','solaregina@gmail.com','2007-05-17','0000-00-00','TIDE','','on','http://buscatextual.cnpq.br/buscatextual/visualizacv.do?id=K4133869U9','N',3,8,111,14),(109,0,'MARIANA MORAN BARROSO','044.148.149-36','8383684-9','128.02944.50-0','1983-07-30','AV. BENTO MUNHOZ DA ROCHA NETTO, 1014 BLOCO B APTO 53','PR','Maringá','(44) 3029-3788','(44) 9126-8979','marianamoranbar@gmail.com','2012-04-02','0000-00-00','TIDE','N','on','http://lattes.cnpq.br/1703128480989350','N',3,8,114,13),(110,0,'RICARDO FERNANDES PATARO','212.546.518-37','129911948','xxx.xxxxx.xx-xx','1976-05-17','RUA MAMBORÊ, 987 - ED. SAN REMO - APTO. 604','PR','Campo Mourão','(00) 0000-0000','(44) 8817-9418','ricardopataro@yahoo.com.br','2010-09-01','0000-00-00','TIDE','S','','http://lattes.cnpq.br/7301327333304687','n',3,11,113,13),(111,0,'VALDIR ALVES','043.867.438-39','4244887-7','108.20455.269','1959-06-15','RUA MARFIM, 1141','PR','Campo Mourão','(44) 3525-6043','(44) 9969-2678','valdir.alves@unespar.edu.br','1985-02-11','0000-00-00','TIDE','S','on','','N',3,8,110,13),(112,0,'GISLAINE APARECIDA PERIÇARO','037.466.609-12','80567529','12934840494','1984-02-13','AVENIDA JORGE WALTER, 712','PR','Campo Mourão','(44) 3523-0293','(44) 9101-7292','gpericaro@gmail.com','2006-10-02','0000-00-00','TIDE','S','on','http://lattes.cnpq.br/1238697490777079','N',3,8,112,14),(113,0,'ANALÉIA DOMINGUES','025.817.089-13','59552686','19009655981','1978-04-25','AV COMENDADOR NORBERTO MARCONDES, 1092','PR','Campo Mourão','(44) 3523-9929','(44) 9809-6902','analeia2504@gmail.com','2010-08-25','0000-00-00','TIDE','S','on','https://wwws.cnpq.br/cvlattesweb/PKG_MENU.menu?f_cod=BACBCF44F633F6418D84DC67EF2','N',3,11,103,13),(114,0,'SANDRA GARCIA NEVES','040.126.989-23','61520147','200.07759.929','1976-08-27','RUA SÃO CARLOS, 447','PR','Campo Mourão','(44) 3529-3218','(44) 9837-5607','sandragarcianeves@bol.com.br','2014-09-16','0000-00-00','TIDE','S','on','http://lattes.cnpq.br/2279705773059607','N',3,11,109,13),(115,0,'CLEUDET DE ASSIS SCHERER','472.091.199-49','1960395','129.79504.531','1958-09-10','AV. GOIOERÊ, 2539','PR','Campo Mourão','(00) 0000-0000','(44) 8415-2481','cleudet@yahoo.com.br','2012-08-16','0000-00-00','TIDE','S','on','http://lattes.cnpq.br/6296685310159883','S',3,11,116,13),(116,0,'ALINE PEREIRA LIMA','311.361.798-79','130053483','190.24736.784','1983-11-27','RUA PITANGA 1549','PR','Campo Mourão','(00) 0000-0000','(44) 9930-9371','limaliartt@hotmail.com','2010-09-01','0000-00-00','TIDE','S','on','http://buscatextual.cnpq.br/buscatextual/visualizacv.do?id=K4751106U6','N',3,11,119,13),(117,0,'EVALDINA RODRIGUES','665.807.659-68','6503470','100.45530.758','1947-12-01','RUA ROBERTO BRZEZINSKI, 668','PR','Campo Mourão','(44) 3525-2954','(44) 9995-4495','profevaldina@gmail.com','2014-12-03','0000-00-00','TIDE','N','','https://wwws.cnpq.br/cvlattesweb/PKG_MENU.menu?f_cod=F083A46CDC105E4B700859F5B92','n',3,11,115,14),(118,0,'ADRIANA BELOTI','041.432.239-88','104424120','200.03433.786','1985-02-04','RUA DR. CARLOS BOENIG, 954-A','PR','Campo Mourão','(44) 3525-4558','(44) 9914-1373','dribeloti@gmail.com','2014-08-16','0000-00-00','TIDE','S','','http://buscatextual.cnpq.br/buscatextual/visualizacv.do?id=K4234334J4','n',3,9,130,13),(119,0,'DANIEL LULA COSTA','045.277.769-08','100100584','141.56052.01-6','1988-09-23','RUA JOUJI NAKAMURA','PR','Campo Mourão','(44) 3024-0040','(44) 9124-9003','daniellcosta23@yahoo.com.br','2013-04-01','0000-00-00','TIDE','N','on','http://lattes.cnpq.br/6286200229085639','N',4,6,128,13),(120,0,'FRANK ANTONIO MEZZOMO','706.607.869-15','51317610','12621885510','1974-04-12','EMY COLODEL, 89','PR','Campo Mourão','(00) 0000-0000','(44) 9987-2664','frankmezzomo@gmail.com','2006-08-16','0000-00-00','TIDE','','on','http://lattes.cnpq.br/3360323221539136','N',3,6,92,14),(121,0,'OSMAR MARTINS DE SOUZA','032.328.369-17','53044840','190.01826.442','1975-06-19','RUA ARARUNA, 1210C','PR','Campo Mourão','(00) 0000-0000','(44) 9944-2875','msouza.32@gmail.com','2012-03-06','0000-00-00','T40','S','on','http://buscatextual.cnpq.br/buscatextual/visualizacv.do?id=K4770873A7','N',3,11,117,13),(122,0,'WANESSA GORRI DE OLIVEIRA','009.488.059-00','89395305','201.10496.625','1986-07-25','RUA JOSÉ UILLE,66','PR','Peabiru','(00) 0000-0000','(44) 9818-8694','nessag12@hotmail.com','2014-04-23','0000-00-00','T30','S','on','https://wwws.cnpq.br/cvlattesweb/PKG_MENU.menu?f_cod=6E4FF764E50B26A6F59ADF5282F','N',4,11,126,13),(123,0,'JORGE PAGLIARINI JUNIOR','030.269.459-51','62172576','127.22164.525','1980-02-10','RUA MAL DO AR EDUARDO GOMES','PR','Campo Mourão','(00) 0000-0000','(45) 9971-8586','palhajr@yahoo.com.br','2012-03-19','0000-00-00','TIDE','S','on','http://buscatextual.cnpq.br/buscatextual/visualizacv.do?metodo=apresentar&id=K42','N',3,6,122,13),(124,0,'MONICA LUIZA SOCIO FERNANDES','483.776.949-72','35556540','12214494717','1964-01-04','RUA MATO GROSSO, 1620 - APT. 901','PR','Campo Mourão','(00) 0000-0000','(44) 9988-0649','msociofernandes@gmail.com','0000-00-00','0000-00-00','TIDE','','','http://buscatextual.cnpq.br/buscatextual/visualizacv.do?id=K4707087T6','',3,9,133,14),(125,0,'EDCLEIA APARECIDA BASSO DIDYK','190.507.129-91','837.819-3','180.46192.010','1953-03-03','RUA COELHO JÚNIOR, 51','PR','Campo Mourão','(44) 3016-3433','(44) 9952-9208','edcleia@hotmail.com','1986-08-01','0000-00-00','TIDE','S','','http://lattes.cnpq.br/3044684319280503','n',3,9,134,14),(126,0,'SUZANA PINGUELLO MORGADO','324.210.908-22','132851603','210.23670.420','1986-05-01','RUA JOSEFA RUIZ VELASCO','PR','Maringá','(44) 3029-9983','(44) 9864-8353','suzana_morgado@yahoo.com.br','2014-05-05','0000-00-00','TIDE','S','','http://lattes.cnpq.br/5689450945121821','n',3,11,136,13),(127,0,'WILMA DOS SANTOS COQUEIRO','793.660.319-00','56872060','180.46624.050','1973-03-05','AVENIDA GOIOERÊ, N. 2539, AP. 302, CENTRO','PR','Campo Mourão','(00) 0000-0000','(44) 9949-8185','wilmacoqueiro@gmail.com','2010-08-27','0000-00-00','TIDE','S','on','http://buscatextual.cnpq.br/buscatextual/visualizacv.do?id=K4736797T6','N',3,9,138,14),(128,0,'JAIR GRASSO','327.739.359-34','15705019','107.21497.915','1959-08-30','AV. JOSE CUSTODIO DE OLIVEIRA, 1916','PR','Campo Mourão','(44) 3523-4821','(44) 9969-8551','jairgrasso@yahoo.com.br','1991-02-13','0000-00-00','T24','','on','','N',3,7,139,12),(129,0,'DELTON APARECIDO FELIPE','047.585.399-79','87076822','160.81278.32-9','1984-04-09','RUA 10 DE MAIO, 111, BLOCO 01, APARTAMENTO 201','PR','Maringá','(00) 0000-0000','(44) 9970-5810','ddelton@gmail.com','2014-04-02','0000-00-00','TIDE','','on','http://lattes.cnpq.br/1673979833356158','N',4,6,118,14),(130,0,'ALEX DE NOVAIS DANCINI','042.953.869-36','67496019','127.54482.514','1983-08-01','RUA MARCILIO DIAS','PR','Araruna','(00) 0000-0000','(44) 9907-4207','alexdancini@hotmail.com','2014-03-20','0000-00-00','T20','S','on','http://buscatextual.cnpq.br/buscatextual/visualizacv.do?id=K4214459T8','N',4,11,120,13),(131,0,'CLÁUDIA CHIES','034.179.759-64','78437731','128.11519.52-3','1982-09-29','RUA JACY BRANDÃO 787, JD. COPACABANA II CEP: 87.302-320','PR','Campo Mourão','(44) 3529-1766','(44) 9969-3561','claudiachies@hotmail.com','2011-08-01','0000-00-00','TIDE','N','on','http://buscatextual.cnpq.br/buscatextual/visualizacv.do?id=K4130799D2','N',3,5,132,13),(132,0,'LUCIANI WOLF','055.101.469-58','89608414','207.09941.22-0','1984-02-02','AV.: COMENDADOR NORBERTO MARCONDES. ED. MADRI, 574. AP.203','PR','Campo Mourão','(42) 9911-5089','(42) 9101-1264','luciani.wolf@yahoo.com.br','2014-04-24','0000-00-00','T24','S','on','http://buscatextual.cnpq.br/buscatextual/visualizacv.do?id=K4429770P6','N',4,11,127,13),(133,0,'MARILEUZA ASCENCIO MIQUELANTE','575.580.359-53','39666820','122.14369.874','1965-05-06','AV. JORGE WALTER, 709','PR','Campo Mourão','(44) 3523-3576','(44) 9913-1005','mikelante@gmail.com','2012-08-20','0000-00-00','TIDE','S','','http://lattes.cnpq.br/2271245846846164','n',3,9,131,13),(135,0,'SANDRA OLIVEIRA GUIMARÃES','005.740.259-01','78252090','200.07764.612','1979-10-14','RUA QUINTO SALVADROI, 1020. RESIDENCIAL ANTILHAS. JARDIM CID','PR','Campo Mourão','(44) 3552-56971','(44) 9924-4957','pedagogasandra@hotmail.com','2014-08-24','0000-00-00','T20','S','on','http://buscatextual.cnpq.br/buscatextual/visualizacv.do?id=K4292611D2','N',4,11,124,13),(136,0,'DIVANIA LUIZA RODRIGUES KONO','023.449.879-08','63640689','125.93175.49-6','1974-02-28','AVENIDA GUILHERME DE PAULA XAVIER, 295, APTO 304','PR','Campo Mourão','(44) 3523-8031','(44) 9968-3213','divaniar@hotmail.com','2007-05-19','0000-00-00','TIDE','S','','http://lattes.cnpq.br/7170935324820591','n',3,11,150,13),(137,0,'MARIA JOSÉ PEREIRA','669.183.759-20','31069211','101.11084.021','1960-08-16','AV. GUILHERME DE PAULA XAVIER, 295','PR','Campo Mourão','(44) 3016-02','(44) 9924-2740','majosepereira@gmail.com','2014-12-08','0000-00-00','TIDE','S','','http://lattes.cnpq.br/5984644899202084','n',3,11,129,14),(138,0,'SONIA MARIA YASSUE OKIDO RODRIGUES','366.921.159-49','11645607','170.07211.263','1955-03-06','RUA GUARAPUAVA, Nº 1173','PR','Campo Mourão','(00) 0000-0000','(44) 9978-4407','sonia_okido@hotmail.com','1981-08-03','0000-00-00','T40','S','','7526230017069109','n',3,11,140,13),(139,0,'CIBELE INTROVIN','019.374.149-06','49882122','124.91294.496','1974-08-27','RUA DAS CEREJEIRAS, 231 - JARDIM ARAUCÁRIA','PR','Campo Mourão','(00) 0000-0000','(44) 9948-1442','prof.cibele.introvini@gmail.com','2006-08-15','0000-00-00','TIDE','S','on','http://buscatextual.cnpq.br/buscatextual/visualizacv.do?id=K4531538T6','N',3,11,123,13),(140,0,'BRUNA PLATH FURTADO','066.224.799-09','104499678','204.66622.265','1988-08-27','RUA CANTOR RAUL SEIXAS, 343 - 703 B','PR','Maringá','(44) 3403-0835','(43) 9977-6749','brunaplath@hotmail.com','2014-06-06','0000-00-00','TIDE','S','on','http://lattes.cnpq.br/7779005604615973','N',4,9,147,13),(141,0,'SANDRA CARBONERA YOKOO','007.409.749-04','77263527','190.28640.501','1977-11-19','AV. COMENDADOR NORBERTO MARCONDES, 2533','PR','Campo Mourão','(44) 3523-4885','(44) 9875-3390','sandracarbonera@ibest.com.br','2007-08-03','0000-00-00','T20','S','','https://wwws.cnpq.br/cvlattesweb/PKG_MENU.menu?f_cod=3B8EB2CD1DDF5482210CD374216','',4,5,121,13),(142,0,'EDSON NORIYUKI YOKOO','284.306.469-49','18926580','107.96932.538','1958-08-02','AV. COMEND. NORBERTO MARCONDES, 2533 - BL. 2 APTO 3 - PROJET','PR','Campo Mourão','(44) 3523-4885','(99) 4037-49','eyokoo@ibest.com.br','1986-02-17','0000-00-00','TIDE','N','on','','N',1,5,144,14),(143,0,'ELOISA SILVA DE PAULA PAROLIN','652.008.619-34','45579042','122.94192.28.3','1968-12-10','RUA CHAFIC BADER MALUF, 21','PR','Campo Mourão','(44) 3017-1331','(44) 9976-1642','eloisaparolin@gmail.com','2014-12-08','0000-00-00','TIDE','S','','http://lattes.cnpq.br/5709010017691800','n',3,5,143,14),(144,0,'ELIZABETH LABES','558.574.779-72','35601570','170.19225.13-4','1962-09-24','AV. JORGE WALTER, 653','PR','Campo Mourão','(44) 3523-4132','(44) 9958-9081','bethlabes@uol.com.br','1992-03-20','0000-00-00','TIDE','S','on','http://buscatextual.cnpq.br/buscatextual/visualizacv.do?id=K4703936D6','N',3,9,158,14),(145,0,'VICTOR DA ASSUNÇÃO BORSATO','328.381.409-06','1654233 4','10787538970','1957-08-15','RUA PITANGA, 1549','PR','Campo Mourão','(44) 3051-675','(44) 8813-1998','victorb@fecilcam.br','2006-10-02','0000-00-00','TIDE','','','http://buscatextual.cnpq.br/buscatextual/visualizacv.do?id=K4772741E6','',3,5,153,14),(146,0,'FÁBIO RODRIGUES DA COSTA','007.684.379-38','100309831','12993812515','1979-07-21','RUA DAS SERINGUEIRAS 619','PR','Campo Mourão','(00) 0000-0000','(44) 9937-9808','fabiorcmestrado@bol.com.br','2008-04-03','0000-00-00','TIDE','S','on','http://buscatextual.cnpq.br/buscatextual/visualizacv.do?id=K4756530J8','N',3,5,155,14),(147,0,'CAROLINE HELLEN MARTENDAL DOS SANTOS','082.613.739-32','125663940','204.41871.180','1991-07-09','RUA TIRADENTE','PR','Campina da Lagoa','(44) 3542-1333','(44) 9851-2986','carol_martendal@hotmail.com','2014-06-02','0000-00-00','T20','S','','http://lattes.cnpq.br/7230461212622882','n',4,8,157,11),(148,0,'ZILDA FERREIRA LEANDRO','433.792.659-34','84904406','17019225037','1961-01-13','RUA JUREMA P. MIGUEL, 396','PR','Campo Mourão','(44) 3017-1702','(44) 9978-1702','zildaleandro@hotmail.com','1998-07-30','0000-00-00','TIDE','S','on','cnpq.br/buscatextual/visualizacv.do?id=K4707264H9','N',3,5,56,13),(149,0,'MARIA IZABEL RODRIGUES TOGNATO','793.552.859-49','50483835','1.703.596.486-8','1971-07-08','RUA TRIÂNGULO AUSTRAL, 390','PR','Quinta do Sol','(44) 3567-1033','(44) 8422-0471','belinhatog@yahoo.com.br','1994-07-13','0000-00-00','TIDE','S','on','http://lattes.cnpq.br/0267233631277517','N',3,9,152,14),(150,0,'ROSANE DORALICE LANGE SCHMIDT','266.169.630-04','5950362','102.58120.859','1956-06-16','AVENIDA GOIOERÊ, 2539 APTO 204','PR','Campo Mourão','(44) 3017-6301','(44) 9906-1818','rosane_415@hotmail.com','1991-02-13','0000-00-00','TIDE','S','on','http://lattes.cnpq.br/2666441653269569','N',3,6,146,12),(151,0,'ISABEL GRASSIOLLI','060.556.949-56','93872258','20365723236','2014-05-12','AVENIDA COMENDADOR NORBERTO MARCONDES','PR','Campo Mourão','4599614570','(45) 9961-4570','grassiolli@gmail.com','2014-04-03','0000-00-00','TIDE','N','on','http://buscatextual.cnpq.br/buscatextual/visualizacv.do?id=K4258634Y9','N',4,6,154,13),(152,0,'TEOFILA PRICILA KLEPA','037.293.569-92','74039227','190.07976.020','1981-12-22','RUA MODESTO SALDANHA, 1437','PR','Peabiru','(44) 3531-1730','(44) 9900-2272','tklepa@yahoo.com.br','2014-04-24','0000-00-00','T09','S','on','http://lattes.cnpq.br/2418081449665981','N',4,11,142,12),(153,0,'FABIO ALEXANDRO SEXUGI','037.246.879-90','72884256','128.07487.523','1980-05-01','RUA MODESTO SALDANHA, 1285, CENTRO','PR','Peabiru','(44) 3531-1743','(44) 9968-7803','sexugi@gmail.com','2008-04-10','0000-00-00','T09','S','on','http://lattes.cnpq.br/4067619078963754','N',4,9,145,12),(154,0,'DEVALCIR LEONARDO','020.109.939-00','68396930','125.43038.19.3','1974-12-06','AV. PAUL HARIS, 88','PR','Campo Mourão','(00) 0000-0000','(43) 9838-0656','devalcirleonardo@gmail.com','2014-03-31','0000-00-00','TIDE','S','on',' http://lattes.cnpq.br/7924886825251335','S',4,9,137,13),(155,0,'ADRIANA DELMIRA MENDES POLATO','017.048.299-50','60147809','18046499183','1975-06-22','RUA ANDIRÁ, 325','PR','Campo Mourão','(44) 3016-2284','(44) 9972-9131','ampolato@gmail.com','2010-08-24','0000-00-00','TIDE','','','CV: http://lattes.cnpq.br/0099891414348765','n',1,9,141,13),(156,0,'MARIA APARECIDA DE SOUZA','008.569.739-71','103876877','130.29306.495','1970-09-23','RUA VISCONDE LUIZ BOTELHO MOURÃO','PR','Campo Mourão','(44) 9958-6256','(00) 0000-0000','msou23@yahoo.com.br','2014-04-25','0000-00-00','T24','S','on','http://lattes.cnpq.br/5304131170023839','N',4,11,125,12),(157,0,'WILLIAN ANDRÉ','042.643.329-74','87775321','128.25018.50-5','1985-04-02','RUA MONSENHOR KIMURA, 383, AP. 203A','PR','Maringá','(44) 3028-9614','(44) 8823-6575','willianandreh@hotmail.com','2014-05-05','0000-00-00','TIDE','S','on','http://lattes.cnpq.br/0072121314701166','N',3,9,0,13),(158,0,'WILLIAN ANDRE','042.643.329-74','87775321','128.25018.50-5','1985-04-02','RUA MONSENHOR KIMURA, 383, AP. 203A','PR','Maringá','(44) 3028-9614','(44) 8823-6575','willianandreh@hotmail.com','2014-05-05','0000-00-00','TIDE','S','','http://lattes.cnpq.br/0072121314701166','',3,9,151,13),(159,0,'CELIA CARRIÃO JASNIEVSKI','581.492.959-68','42066974','170.52826.044','1967-11-08','RUA INTERVENTOR MANOEL RIBAS, 1739','PR','Campo Mourão','(44) 3523-7602','(44) 9984-6012','celia_cj@hotmail.com','2014-03-20','0000-00-00','T20','S','on',' http://lattes.cnpq.br/8566662832219912','N',4,9,161,13),(160,0,'JEFFERSON DE QUEIROZ CRISPIM','590.442.259-87','42173924','170.38327.354','1968-08-15','RUA SãO JOSAFAT','PR','Campo Mourão','(44) 3518-1823','(44) 9982-0207','jeffersoncrispim@hotmail.com','1999-04-20','0000-00-00','TIDE','S','on','http://lattes.cnpq.br/4785905268690166','N',3,5,39,14),(161,0,'JOSE ANTONIO DA ROCHA','453.823.959-34','34141304','170.27808.410','1965-06-15','RUA MATO GROSSO, 2641. APT. 03','PR','Campo Mourão','(44) 3523-7161','(00) 0000-0000','jrochastone@yahoo.com.br','1987-02-17','0000-00-00','TIDE','S','on',' http://lattes.cnpq.br/8839131433738137','N',3,5,55,13),(162,0,'DALVA HELENA DE MEDEIROS','585.892.289-91','3969487-5','108.71698.20-5','1965-08-19','RUA ARARUNA, 1000','PR','Campo Mourão','(44) 3523-4694','(44) 9978-4184','dalva.medeiros@unespar.edu.br','1995-09-01','0000-00-00','TIDE','N','on','http://buscatextual.cnpq.br/buscatextual/visualizacv.do?id=K4707243U0','N',1,11,165,14),(163,0,'NAIR GLÓRIA MASSOQUIM','210.206.719-04','33893108','106.714 354 - 2','1957-02-13','RUA PITANGA, 1549','PR','Campo Mourão','(00) 0000-0000','(44) 9912-7825','nmassoquim@gmail.com','1991-02-17','0000-00-00','TIDE','','','http://buscatextual.cnpq.br/buscatextual/visualizacv.do?id=K4707028P5','',3,5,164,14),(164,0,'SANDRO ADRIANO DA SILVA','032.485.099-96','63317545','125.26675.067','1975-05-11','RUA SÃO PAULO, 2154 CENTRO','PR','Campo Mourão','(44) 3017-5009','(44) 9700-5001','sandroadriano@usp.br','0000-00-00','0000-00-00','TIDE','','on','http://buscatextual.cnpq.br/buscatextual/visualizacv.do?id=K4777769P1','N',3,9,135,13),(165,0,'ANA PAULA COLAVITE','007.859.359-08','70236150','19018598464','1982-08-20','RUA JOÃO VECCHI, 1704','PR','Campo Mourão','(44) 3524-2212','(44) 9969-4824','apcolavite@hotmail.com','2008-01-28','0000-00-00','TIDE','','on','http://buscatextual.cnpq.br/buscatextual/visualizacv.do?id=K4164759D9','N',3,5,163,14),(166,0,'ALESSANDRA AUGUSTA PEREIRA DA SILVA','032.002.829-16','55958840','170.50713.986','1975-01-29','RUA EDMUNDO MERCER, 1879','PR','Campo Mourão','(44) 3525-3246','(44) 9900-6305','ALESSANDRAFECILCAM@YAHOO.COM.BR','2007-09-19','0000-00-00','TIDE','S','','http://buscatextual.cnpq.br/buscatextual/visualizacv.do?id=K4592857D8','',3,9,166,13),(167,0,'FLAVIA POLLYANY TEODORO','071.159.089-31','105731019','130.72298.504','1988-09-11','RUA MAMBORE 445','PR','Campo Mourão','(44) 3522-6178','(44) 9920-2481','pollyany_teodoro@hotmail.com','2014-04-24','0000-00-00','T20','S','on','','N',4,8,159,11),(168,0,'OSEIAS CARDOSO','189.125.448-02','80494440','12422340662','1975-08-10','RUA ROBERTO BRZEZINSKI Nº2362','PR','Campo Mourão','(44) 3525-2653','4499666376','oseiascardoso@hotmail.com','2011-08-01','0000-00-00','TIDE','','','http://buscatextual.cnpq.br/buscatextual/visualizacv.do?id=K4756323T5','',3,5,167,13),(169,0,'VALÉRIA BARREIRO POSTALI SANTANA','032.903.229-12','82994742','19024966941','1981-04-30','RUA PIONEIRO JOSÉ ALVES FILHO 466 B','PR','Campo Mourão','(44) 3354-8460','(44) 9715-3877','valeria_postali@yahoo.com.br','2014-03-24','0000-00-00','T24','S','','http://buscatextual.cnpq.br/buscatextual/visualizacv.do?metodo=apresentar&id=K47','n',4,5,53,14),(170,0,'SORAIA TEIXEIRA SONSIN','527.615.179-20','18571439','124.03839.908','1963-10-30','AV. AFONSO BOTELHO, 1442','PR','Campo Mourão','(00) 0000-0000','(44) 9969-8722','soraiasonsin@hotmail.com','1994-07-17','0000-00-00','TIDE','','on','http://buscatextual.cnpq.br/buscatextual/visualizacv.do?id=K4707298E5 ','N',3,9,148,13),(171,0,'SANDRA TEREZINHA MALYSZ','883.569.229-68','61497021','180.46375.832','1973-08-27','RUA VEREADOR GEREMIAS CILIÃO DE ARAUJO, 1363','PR','Campo Mourão','(44) 3525-6526','(44) 9816-1928','sandramalysz@hotmail.com','2009-04-29','0000-00-00','TIDE','','on','lattes.cnpq.br/0827620266365591','S',1,5,168,13),(172,0,'VIRGILIO MANUEL PEREIRA BERNARDINO','749.152.319-68','57732164','123.15437.980','1968-10-30','RUA JOSÉ APARECIDO FARIA','PR','Paranavaí','(44) 3424-6075','(44) 9982-7505','virgilio_fecilcam@yahoo.com.br','2010-08-25','0000-00-00','TIDE','S','on','http://buscatextual.cnpq.br/buscatextual/visualizacv.do?id=K4790438P3','N',3,5,169,13),(173,0,'MARCOS ERHARDT','349.644.449-53','11987508','106.37615.279','1955-07-01','RUA PITANGA, 1204','PR','Campo Mourão','(44) 3016-2516','(44) 9807-4511','profmarcoserhardt@gmail.com','1984-08-01','0000-00-00','TIDE','S','on','http://lattes.cnpq.br/9557341477912158','N',3,8,170,12),(174,0,'MÁRIO CANDIDO DE ATHAYDE JÚNIOR','535.895.729-49','33682140','10860456894','1963-11-11','AVENIDA SÃO JOSAFAT, 822 - CENTRO','PR','Mamborê','(00) 0000-0000','(41) 9998-0994','mcathayde@gmail.com','1990-03-01','0000-00-00','TIDE','S','on','http://lattes.cnpq.br/4077399819103782','N',3,9,160,14),(175,0,'MOACIR PROENÇA MORAIS','056.180.359-52','98191569','129.52248.496','1982-10-22','RUAS DAS PETÚNIAS, 248, PARQUE VERDE','PR','Campo Mourão','(44) 3523-1494','(44) 9997-2380','moacontador@gmail.com','2015-07-20','0000-00-00','T20','S','','http://lattes.cnpq.br/6343235379781005','',4,2,176,12),(176,0,'TAINARA RIGOTTI DE CASTRO','055.039.339-07','98742921','129.47697.539','1988-07-06','RUA MATO GROSSO 234 CENTRO','PR','Engenheiro Beltrão','(00) 0000-0000','(44) 9918-6594','tainararcastro@hotmail.com','2015-03-25','0000-00-00','T40','S','on','http://lattes.cnpq.br/3213800378414644','N',4,7,0,13),(177,0,'TAINARA RIGOTTI DE CASTRO','055.039.339-07','98742921','129.47697.539','1988-07-06','RUA MATO GROSSO, 234 CENTRO','PR','Engenheiro Beltrão','(00) 0000-0000','(44) 9918-6594','tainararcastro@hotmail.com','2015-03-25','0000-00-00','T40','S','on','http://lattes.cnpq.br/3213800378414644','N',4,7,175,13),(178,0,'FAGNO TAVARES DE OLIVEIRA','720.282.382-91','144122089','204.39394.915','1983-03-18','RUA INTERVENTOR MANOEL RIBAS, 1250 - CENTRO, APTO 305','PR','Campo Mourão','(00) 0000-0000','(44) 9829-2287','fagnotavares@hotmail.com','2015-03-30','0000-00-00','T40','S','','http://lattes.cnpq.br/4276545840251322','n',4,10,177,14),(179,0,'CARLA CAROLINE HOLM','068.221.079-08','107096558','203.36098.183','1989-06-08','AVENIDA COMENDADOR NORBERTO MARCONDES, 1090','PR','Campo Mourão','(00) 0000-0000','(42) 9977-2826','karol_holm@hotmail.com','2015-03-30','0000-00-00','T40','S','on','http://buscatextual.cnpq.br/buscatextual/visualizacv.do?id=K4466127D7','N',4,10,174,13),(180,0,'ANNAMARIA ARTIGAS','022.370.969-70','62383798','125.42298.833','1979-02-14','RUA ENGENHEIRO MERCER 322','PR','Campo Mourão','(00) 0000-0000','(44) 9705-4554','artigas.anna@gmail.com','2008-10-01','0000-00-00','TIDE','S','on','','N',3,10,172,12);

--
-- Table structure for table `tipo`
--

CREATE TABLE `tipo` (
  `tpId` int(11) NOT NULL auto_increment,
  `tpDesc` varchar(45) NOT NULL,
  PRIMARY KEY  (`tpId`)
) ENGINE=InnoDB DEFAULT CHARSET=latin1;

--
-- Dumping data for table `tipo`
--

INSERT INTO `tipo` VALUES (1,'FUNCIONÁRIO EFETIVO'),(2,'FUNCIONÁRIO CONTRATADO'),(3,'PROFESSOR EFETIVO'),(4,'PROFESSOR COLABORADOR'),(5,'ESTAGIÁRIO');

--
-- Table structure for table `titulo`
--

CREATE TABLE `titulo` (
  `titId` int(11) NOT NULL auto_increment,
  `titNome` varchar(45) NOT NULL,
  PRIMARY KEY  (`titId`)
) ENGINE=InnoDB DEFAULT CHARSET=latin1;

--
-- Dumping data for table `titulo`
--

INSERT INTO `titulo` VALUES (9,'FUNDAMENTAL'),(10,'MÉDIO'),(11,'GRADUADO'),(12,'ESPECIALISTA'),(13,'MESTRE'),(14,'DOUTOR');

--
-- Dumping routines for database 'rhcm'
--
DELIMITER ;;
DELIMITER ;


