--
-- Host: localhost    Database: secretaria_academica
-- ------------------------------------------------------


--
-- Table structure for table `sec_banner`
--

CREATE TABLE `sec_banner` (
  `bid` int(11) NOT NULL auto_increment,
  `cid` int(11) NOT NULL default '0',
  `type` varchar(10) NOT NULL default 'banner',
  `name` varchar(50) NOT NULL default '',
  `imptotal` int(11) NOT NULL default '0',
  `impmade` int(11) NOT NULL default '0',
  `clicks` int(11) NOT NULL default '0',
  `imageurl` varchar(100) NOT NULL default '',
  `clickurl` varchar(200) NOT NULL default '',
  `date` datetime default NULL,
  `showBanner` tinyint(1) NOT NULL default '0',
  `checked_out` tinyint(1) NOT NULL default '0',
  `checked_out_time` datetime NOT NULL default '0000-00-00 00:00:00',
  `editor` varchar(50) default NULL,
  `custombannercode` text,
  PRIMARY KEY  (`bid`),
  KEY `viewbanner` (`showBanner`)
) ENGINE=MyISAM DEFAULT CHARSET=latin1;

--
-- Dumping data for table `sec_banner`
--


--
-- Table structure for table `sec_bannerclient`
--

CREATE TABLE `sec_bannerclient` (
  `cid` int(11) NOT NULL auto_increment,
  `name` varchar(60) NOT NULL default '',
  `contact` varchar(60) NOT NULL default '',
  `email` varchar(60) NOT NULL default '',
  `extrainfo` text NOT NULL,
  `checked_out` tinyint(1) NOT NULL default '0',
  `checked_out_time` time default NULL,
  `editor` varchar(50) default NULL,
  PRIMARY KEY  (`cid`)
) ENGINE=MyISAM DEFAULT CHARSET=latin1;

--
-- Dumping data for table `sec_bannerclient`
--


--
-- Table structure for table `sec_bannerfinish`
--

CREATE TABLE `sec_bannerfinish` (
  `bid` int(11) NOT NULL auto_increment,
  `cid` int(11) NOT NULL default '0',
  `type` varchar(10) NOT NULL default '',
  `name` varchar(50) NOT NULL default '',
  `impressions` int(11) NOT NULL default '0',
  `clicks` int(11) NOT NULL default '0',
  `imageurl` varchar(50) NOT NULL default '',
  `datestart` datetime default NULL,
  `dateend` datetime default NULL,
  PRIMARY KEY  (`bid`)
) ENGINE=MyISAM DEFAULT CHARSET=latin1;

--
-- Dumping data for table `sec_bannerfinish`
--


--
-- Table structure for table `sec_categories`
--

CREATE TABLE `sec_categories` (
  `id` int(11) NOT NULL auto_increment,
  `parent_id` int(11) NOT NULL default '0',
  `title` varchar(50) NOT NULL default '',
  `name` varchar(255) NOT NULL default '',
  `image` varchar(100) NOT NULL default '',
  `section` varchar(50) NOT NULL default '',
  `image_position` varchar(10) NOT NULL default '',
  `description` text NOT NULL,
  `published` tinyint(1) NOT NULL default '0',
  `checked_out` int(11) unsigned NOT NULL default '0',
  `checked_out_time` datetime NOT NULL default '0000-00-00 00:00:00',
  `editor` varchar(50) default NULL,
  `ordering` int(11) NOT NULL default '0',
  `access` tinyint(3) unsigned NOT NULL default '0',
  `count` int(11) NOT NULL default '0',
  `params` text NOT NULL,
  PRIMARY KEY  (`id`),
  KEY `cat_idx` (`section`,`published`,`access`),
  KEY `idx_section` (`section`),
  KEY `idx_access` (`access`),
  KEY `idx_checkout` (`checked_out`)
) ENGINE=MyISAM AUTO_INCREMENT=16 DEFAULT CHARSET=latin1;

--
-- Dumping data for table `sec_categories`
--

INSERT INTO `sec_categories` VALUES (3,2,'Arquivos 2010','Arquivos 2010','','com_docman','left','',1,63,'2010-11-30 13:21:50',NULL,1,0,0,''),(2,0,'Arquivos','Arquivos','','com_docman','left','',1,0,'0000-00-00 00:00:00',NULL,6,0,0,''),(4,0,'Legislação','Legislação','','com_docman','left','',1,63,'2011-04-14 12:59:51',NULL,4,0,0,''),(5,0,'Grades por Curso','Grades por Curso','','com_docman','left','Grades por Curso',1,63,'2010-11-30 14:22:49',NULL,5,0,0,''),(6,0,'Formulários','Formulários','','com_docman','left','Formul&aacute;rios',1,63,'2011-02-10 14:12:09',NULL,3,0,0,''),(11,0,'Documentos 2011','Documentos 2011','','com_docman','left','',1,0,'0000-00-00 00:00:00',NULL,2,0,0,''),(15,0,'Calendário Acadêmico 2012','Calendário Acadêmico 2012','','com_docman','left','Calend&aacute;rio Acad&ecirc;mico 2012',1,63,'2012-01-10 10:30:06',NULL,1,0,0,'');

--
-- Table structure for table `sec_components`
--

CREATE TABLE `sec_components` (
  `id` int(11) NOT NULL auto_increment,
  `name` varchar(50) NOT NULL default '',
  `link` varchar(255) NOT NULL default '',
  `menuid` int(11) unsigned NOT NULL default '0',
  `parent` int(11) unsigned NOT NULL default '0',
  `admin_menu_link` varchar(255) NOT NULL default '',
  `admin_menu_alt` varchar(255) NOT NULL default '',
  `option` varchar(50) NOT NULL default '',
  `ordering` int(11) NOT NULL default '0',
  `admin_menu_img` varchar(255) NOT NULL default '',
  `iscore` tinyint(4) NOT NULL default '0',
  `params` text NOT NULL,
  PRIMARY KEY  (`id`)
) ENGINE=MyISAM AUTO_INCREMENT=30 DEFAULT CHARSET=latin1;

--
-- Dumping data for table `sec_components`
--

INSERT INTO `sec_components` VALUES (1,'Banners','',0,0,'','Banner Management','com_banners',0,'js/ThemeOffice/component.png',0,''),(2,'Manage Banners','',0,1,'option=com_banners','Active Banners','com_banners',1,'js/ThemeOffice/edit.png',0,''),(3,'Manage Clients','',0,1,'option=com_banners&task=listclients','Manage Clients','com_banners',2,'js/ThemeOffice/categories.png',0,''),(4,'Web Links','option=com_weblinks',0,0,'','Manage Weblinks','com_weblinks',0,'js/ThemeOffice/globe2.png',0,''),(5,'Web Link Items','',0,4,'option=com_weblinks','View existing weblinks','com_weblinks',1,'js/ThemeOffice/edit.png',0,''),(6,'Web Link Categories','',0,4,'option=categories&section=com_weblinks','Manage weblink categories','',2,'js/ThemeOffice/categories.png',0,''),(7,'Contacts','option=com_contact',0,0,'','Edit contact details','com_contact',0,'js/ThemeOffice/user.png',1,''),(8,'Manage Contacts','',0,7,'option=com_contact','Edit contact details','com_contact',0,'js/ThemeOffice/edit.png',1,''),(9,'Contact Categories','',0,7,'option=categories&section=com_contact_details','Manage contact categories','',2,'js/ThemeOffice/categories.png',1,''),(10,'Front Page','option=com_frontpage',0,0,'','Manage Front Page Items','com_frontpage',0,'js/ThemeOffice/component.png',1,''),(11,'Polls','option=com_poll',0,0,'option=com_poll','Manage Polls','com_poll',0,'js/ThemeOffice/component.png',0,''),(12,'News Feeds','option=com_newsfeeds',0,0,'','News Feeds Management','com_newsfeeds',0,'js/ThemeOffice/component.png',0,''),(13,'Manage News Feeds','',0,12,'option=com_newsfeeds','Manage News Feeds','com_newsfeeds',1,'js/ThemeOffice/edit.png',0,''),(14,'Manage Categories','',0,12,'option=com_categories&section=com_newsfeeds','Manage Categories','',2,'js/ThemeOffice/categories.png',0,''),(15,'Login','option=com_login',0,0,'','','com_login',0,'',1,''),(16,'Search','option=com_search',0,0,'','','com_search',0,'',1,''),(17,'Syndicate','',0,0,'option=com_syndicate&hidemainmenu=1','Manage Syndication Settings','com_syndicate',0,'js/ThemeOffice/component.png',0,''),(18,'Mass Mail','',0,0,'option=com_massmail&hidemainmenu=1','Send Mass Mail','com_massmail',0,'js/ThemeOffice/mass_email.png',0,''),(19,'DOCman','option=com_docman',0,0,'option=com_docman','DOCman','com_docman',0,'../administrator/components/com_docman/images/dm_documents_16.png',0,''),(20,'Home','',0,19,'option=com_docman&task=cpanel','Home','com_docman',0,'../administrator/components/com_docman/images/dm_cpanel_16.png',0,''),(21,'Files','',0,19,'option=com_docman&section=files','Files','com_docman',1,'../administrator/components/com_docman/images/dm_files_16.png',0,''),(22,'Documents','',0,19,'option=com_docman&section=documents','Documents','com_docman',2,'../administrator/components/com_docman/images/dm_documents_16.png',0,''),(23,'Categories','',0,19,'option=com_docman&section=categories','Categories','com_docman',3,'../administrator/components/com_docman/images/dm_categories_16.png',0,''),(24,'Groups','',0,19,'option=com_docman&section=groups','Groups','com_docman',4,'../administrator/components/com_docman/images/dm_groups_16.png',0,''),(25,'Licenses','',0,19,'option=com_docman&section=licenses','Licenses','com_docman',5,'../administrator/components/com_docman/images/dm_licenses_16.png',0,''),(26,'Statistics','',0,19,'option=com_docman&task=stats','Statistics','com_docman',6,'../administrator/components/com_docman/images/dm_stats_16.png',0,''),(27,'Download Logs','',0,19,'option=com_docman&section=logs','Download Logs','com_docman',7,'../administrator/components/com_docman/images/dm_logs_16.png',0,''),(28,'Configuration','',0,19,'option=com_docman&section=config','Configuration','com_docman',8,'../administrator/components/com_docman/images/dm_config_16.png',0,''),(29,'Themes','',0,19,'option=com_docman&section=themes','Themes','com_docman',9,'../administrator/components/com_docman/images/dm_templates_16.png',0,'');

--
-- Table structure for table `sec_contact_details`
--

CREATE TABLE `sec_contact_details` (
  `id` int(11) NOT NULL auto_increment,
  `name` varchar(100) NOT NULL default '',
  `con_position` varchar(50) default NULL,
  `address` text,
  `suburb` varchar(50) default NULL,
  `state` varchar(20) default NULL,
  `country` varchar(50) default NULL,
  `postcode` varchar(10) default NULL,
  `telephone` varchar(25) default NULL,
  `fax` varchar(25) default NULL,
  `misc` mediumtext,
  `image` varchar(100) default NULL,
  `imagepos` varchar(20) default NULL,
  `email_to` varchar(100) default NULL,
  `default_con` tinyint(1) unsigned NOT NULL default '0',
  `published` tinyint(1) unsigned NOT NULL default '0',
  `checked_out` int(11) unsigned NOT NULL default '0',
  `checked_out_time` datetime NOT NULL default '0000-00-00 00:00:00',
  `ordering` int(11) NOT NULL default '0',
  `params` text NOT NULL,
  `user_id` int(11) NOT NULL default '0',
  `catid` int(11) NOT NULL default '0',
  `access` tinyint(3) unsigned NOT NULL default '0',
  PRIMARY KEY  (`id`)
) ENGINE=MyISAM DEFAULT CHARSET=latin1;

--
-- Dumping data for table `sec_contact_details`
--


--
-- Table structure for table `sec_content`
--

CREATE TABLE `sec_content` (
  `id` int(11) unsigned NOT NULL auto_increment,
  `title` varchar(100) NOT NULL default '',
  `title_alias` varchar(100) NOT NULL default '',
  `introtext` mediumtext NOT NULL,
  `fulltext` mediumtext NOT NULL,
  `state` tinyint(3) NOT NULL default '0',
  `sectionid` int(11) unsigned NOT NULL default '0',
  `mask` int(11) unsigned NOT NULL default '0',
  `catid` int(11) unsigned NOT NULL default '0',
  `created` datetime NOT NULL default '0000-00-00 00:00:00',
  `created_by` int(11) unsigned NOT NULL default '0',
  `created_by_alias` varchar(100) NOT NULL default '',
  `modified` datetime NOT NULL default '0000-00-00 00:00:00',
  `modified_by` int(11) unsigned NOT NULL default '0',
  `checked_out` int(11) unsigned NOT NULL default '0',
  `checked_out_time` datetime NOT NULL default '0000-00-00 00:00:00',
  `publish_up` datetime NOT NULL default '0000-00-00 00:00:00',
  `publish_down` datetime NOT NULL default '0000-00-00 00:00:00',
  `images` text NOT NULL,
  `urls` text NOT NULL,
  `attribs` text NOT NULL,
  `version` int(11) unsigned NOT NULL default '1',
  `parentid` int(11) unsigned NOT NULL default '0',
  `ordering` int(11) NOT NULL default '0',
  `metakey` text NOT NULL,
  `metadesc` text NOT NULL,
  `access` int(11) unsigned NOT NULL default '0',
  `hits` int(11) unsigned NOT NULL default '0',
  PRIMARY KEY  (`id`),
  KEY `idx_section` (`sectionid`),
  KEY `idx_access` (`access`),
  KEY `idx_checkout` (`checked_out`),
  KEY `idx_state` (`state`),
  KEY `idx_catid` (`catid`),
  KEY `idx_mask` (`mask`)
) ENGINE=MyISAM AUTO_INCREMENT=2 DEFAULT CHARSET=latin1;

--
-- Dumping data for table `sec_content`
--

INSERT INTO `sec_content` VALUES (1,'Perguntas Frequentes','Perguntas Frequentes','<ol style=\"margin-top: 0cm\">  <li class=\"MsoNormal\" style=\"text-align: justify\">Secretaria Acad&ecirc;mica</li> </ol>  <p style=\"margin-left: 18pt; text-align: justify\" class=\"MsoNormal\">&nbsp;</p>  <p style=\"margin-left: 36pt; text-align: justify; text-indent: -18pt\" class=\"MsoNormal\"><!--[if !supportLists]-->1.1<span style=\"font-size: 7pt; line-height: normal; font-family: &#39;Times New Roman&#39;\">&nbsp; </span><!--[endif]-->Quantas faltas posso ter para n&atilde;o reprovar?</p>  <p style=\"margin-left: 18pt; text-align: justify\" class=\"MsoNormal\">O aluno deve possuir carga hor&aacute;ria m&iacute;nima de 75% de freq&uuml;&ecirc;ncia dentro da carga hor&aacute;ria da disciplina.</p>  <p style=\"margin-left: 18pt; text-align: justify\" class=\"MsoNormal\">&nbsp;</p>  <p style=\"margin-left: 36pt; text-align: justify; text-indent: -18pt\" class=\"MsoNormal\"><!--[if !supportLists]-->1.2<span style=\"font-size: 7pt; line-height: normal; font-family: &#39;Times New Roman&#39;\">&nbsp; </span><!--[endif]-->Sou aluno de Cont&aacute;beis e quero transferir meu curso para Economia, posso fazer isso?</p>  <p style=\"margin-left: 18pt; text-align: justify\" class=\"MsoNormal\">N&atilde;o. Quando o candidato presta vestibular para um curso e passa na sele&ccedil;&atilde;o, ele possui a vaga daquele curso.</p>  <p style=\"margin-left: 18pt; text-align: justify\" class=\"MsoNormal\">&nbsp;</p>  <p style=\"margin-left: 36pt; text-align: justify; text-indent: -18pt\" class=\"MsoNormal\"><!--[if !supportLists]-->1.3<span style=\"font-size: 7pt; line-height: normal; font-family: &#39;Times New Roman&#39;\">&nbsp; </span><!--[endif]-->Estudo em outra faculdade e quero transferir meu curso para a FECILCAM, como procedo?</p>  <p style=\"margin-left: 18pt; text-align: justify\" class=\"MsoNormal\">Voc&ecirc; deve, primeiramente, olhar o calend&aacute;rio acad&ecirc;mico, l&aacute; estar&aacute; a data para pedido de transfer&ecirc;ncia, diante disso voc&ecirc; deve fazer o pedido via protocolo junto com os documentos hist&oacute;rico escolar e programas e ementas das disciplinas cursadas.</p>  <p style=\"margin-left: 18pt; text-align: justify\" class=\"MsoNormal\">&nbsp;</p>  <p style=\"margin-left: 36pt; text-align: justify; text-indent: -18pt\" class=\"MsoNormal\"><!--[if !supportLists]-->1.4<span style=\"font-size: 7pt; line-height: normal; font-family: &#39;Times New Roman&#39;\">&nbsp; </span><!--[endif]-->Como ocorre a transfer&ecirc;ncia de turno?</p>  <p style=\"margin-left: 18pt; text-align: justify\" class=\"MsoNormal\">Voc&ecirc; deve verificar a data para o pedido no calend&aacute;rio acad&ecirc;mico. Depois fazer o pedido via protocolo e aguardar a resposta do departamento.</p>  <p style=\"margin-left: 18pt; text-align: justify\" class=\"MsoNormal\">&nbsp;</p>  <p style=\"margin-left: 36pt; text-align: justify; text-indent: -18pt\" class=\"MsoNormal\"><!--[if !supportLists]-->1.5<span style=\"font-size: 7pt; line-height: normal; font-family: &#39;Times New Roman&#39;\">&nbsp; </span><!--[endif]-->Qual &eacute; o c&aacute;lculo para saber a nota necess&aacute;ria para passar no exame final?</p>  <p style=\"margin-left: 18pt; text-align: justify\" class=\"MsoNormal\">Soma-se as 4 notas dos 4 bimestres, divide por 4 o resultado menos 120.</p>  <p style=\"margin-left: 18pt; text-align: justify\" class=\"MsoNormal\">&nbsp;</p>  <p style=\"margin-left: 18pt; text-align: justify\" class=\"MsoNormal\">60+60+60+60 = 240/4 = 60-120 = 60 (nota necess&aacute;ria para passar no exame)</p>  <p style=\"margin-left: 18pt; text-align: justify\" class=\"MsoNormal\">&nbsp;</p>  <p style=\"margin-left: 36pt; text-align: justify; text-indent: -18pt\" class=\"MsoNormal\"><!--[if !supportLists]-->1.6<span style=\"font-size: 7pt; line-height: normal; font-family: &#39;Times New Roman&#39;\">&nbsp; </span><!--[endif]-->Quanto tempo posso manter meu curso trancado?</p>  <p style=\"margin-left: 18pt; text-align: justify\" class=\"MsoNormal\">3 anos. Depois disso voc&ecirc; ir&aacute; para os alunos desistentes.</p>  <p style=\"margin-left: 18pt; text-align: justify\" class=\"MsoNormal\">&nbsp;</p>  <p style=\"margin-left: 36pt; text-align: justify; text-indent: -18pt\" class=\"MsoNormal\"><!--[if !supportLists]-->1.7<span style=\"font-size: 7pt; line-height: normal; font-family: &#39;Times New Roman&#39;\">&nbsp; </span><!--[endif]-->Como funciona o pedido de curso como portador de curso superior?</p>  <p style=\"margin-left: 18pt; text-align: justify\" class=\"MsoNormal\">Voc&ecirc; deve verificar a data no calend&aacute;rio acad&ecirc;mico, fazer o pedido dentro dessa data junto com os documentos necess&aacute;rios, hist&oacute;rico, programas e ementas, do curso finalizado. Ap&oacute;s isso, aguardar a an&aacute;lise do departamento.</p>  <p style=\"margin-left: 18pt; text-align: justify\" class=\"MsoNormal\">Para entrar como portador de curso superior voc&ecirc; deve eliminar 90% das disciplinas do primeiro ano, possuir vaga no ano que voc&ecirc; for cursar.</p>  <p style=\"margin-left: 18pt; text-align: justify\" class=\"MsoNormal\">&nbsp;</p>  <p style=\"margin-left: 36pt; text-align: justify; text-indent: -18pt\" class=\"MsoNormal\"><!--[if !supportLists]-->1.8<span style=\"font-size: 7pt; line-height: normal; font-family: &#39;Times New Roman&#39;\">&nbsp; </span><!--[endif]-->Como funciona o abono de faltas?</p>  <p style=\"margin-left: 18pt; text-align: justify\" class=\"MsoNormal\">O abono de faltas acontece em dois casos: a) doen&ccedil;as infecto contagiosas; b) licen&ccedil;a maternidade. Em outros caso, por lei, o professor n&atilde;o tem necessidade de abonar as faltas.</p>  <p style=\"margin-left: 18pt; text-align: justify\" class=\"MsoNormal\">&nbsp;</p>  <ol style=\"margin-top: 0cm\">  <li class=\"MsoNormal\" style=\"text-align: justify\">Divis&atilde;o de Diplomas</li> </ol>  <p style=\"margin-left: 18pt; text-align: justify\" class=\"MsoNormal\">&nbsp;</p>  <p style=\"margin-left: 36pt; text-align: justify; text-indent: -18pt\" class=\"MsoNormal\"><!--[if !supportLists]-->1.1<span style=\"font-size: 7pt; line-height: normal; font-family: &#39;Times New Roman&#39;\">&nbsp; </span><!--[endif]-->Quanto tempo demora para chegar meu diploma?</p>  <p style=\"margin-left: 18pt; text-align: justify\" class=\"MsoNormal\">Aproximadamente um ano.</p>  <p style=\"margin-left: 18pt; text-align: justify\" class=\"MsoNormal\">&nbsp;</p>  <p style=\"margin-left: 36pt; text-align: justify; text-indent: -18pt\" class=\"MsoNormal\"><!--[if !supportLists]-->1.2<span style=\"font-size: 7pt; line-height: normal; font-family: &#39;Times New Roman&#39;\">&nbsp; </span><!--[endif]-->Qual valor do diploma?</p>  <p style=\"margin-left: 18pt; text-align: justify\" class=\"MsoNormal\">O diploma comum &eacute; sem custo. O diploma de coura tem valor de 90,00 reais.</p>  <p style=\"margin-left: 18pt; text-align: justify\" class=\"MsoNormal\">&nbsp;</p>  <p style=\"margin-left: 36pt; text-align: justify; text-indent: -18pt\" class=\"MsoNormal\"><!--[if !supportLists]-->1.3<span style=\"font-size: 7pt; line-height: normal; font-family: &#39;Times New Roman&#39;\">&nbsp; </span><!--[endif]-->Quanto tempo demora para chegar o apostilamento?</p>  <p style=\"margin-left: 18pt; text-align: justify\" class=\"MsoNormal\">Aproximadamente 5 meses.</p>  <p style=\"margin-left: 18pt; text-align: justify\" class=\"MsoNormal\">&nbsp;</p>  <ol style=\"margin-top: 0cm\">  <li class=\"MsoNormal\" style=\"text-align: justify\">Protocolo Geral</li> </ol>  <p style=\"margin-left: 18pt; text-align: justify\" class=\"MsoNormal\">&nbsp;</p>  <p style=\"margin-left: 36pt; text-align: justify; text-indent: -18pt\" class=\"MsoNormal\"><!--[if !supportLists]-->1.1<span style=\"font-size: 7pt; line-height: normal; font-family: &#39;Times New Roman&#39;\">&nbsp; </span><!--[endif]-->Posso pedir documentos por telefone?</p>  <p style=\"margin-left: 18pt; text-align: justify\" class=\"MsoNormal\">N&atilde;o. Todo processo de pedido de documenta&ccedil;&atilde;o deve ser feita via protocolo.</p>  <p style=\"margin-left: 18pt; text-align: justify\" class=\"MsoNormal\">&nbsp;</p>  <p style=\"margin-left: 36pt; text-align: justify; text-indent: -18pt\" class=\"MsoNormal\"><!--[if !supportLists]-->1.2<span style=\"font-size: 7pt; line-height: normal; font-family: &#39;Times New Roman&#39;\">&nbsp; </span><!--[endif]-->Como funciona a segunda chamada?</p>  <p style=\"margin-left: 18pt; text-align: justify\" class=\"MsoNormal\">Voc&ecirc; deve protocolar o pedido via protocolo geral. O protocolo para pedido de segunda chamada &eacute; diferente do protocolo comum e esta dispon&iacute;vel no site da FECILCAM.</p>  <p style=\"margin-left: 18pt; text-align: justify\" class=\"MsoNormal\">&nbsp;</p>  <p style=\"margin-left: 36pt; text-align: justify; text-indent: -18pt\" class=\"MsoNormal\"><!--[if !supportLists]-->1.3<span style=\"font-size: 7pt; line-height: normal; font-family: &#39;Times New Roman&#39;\">&nbsp; </span><!--[endif]-->Como funciona o pedido de trancamento?</p>  <p style=\"margin-left: 18pt; text-align: justify\" class=\"MsoNormal\">Voc&ecirc; precisa preencher o protocolo e anexar junto o termo de trancamento, protocolar via protocolo geral.</p>  <p style=\"margin-left: 18pt; text-align: justify\" class=\"MsoNormal\">&nbsp;</p>  <p style=\"margin-left: 36pt; text-align: justify; text-indent: -18pt\" class=\"MsoNormal\"><!--[if !supportLists]-->1.4<span style=\"font-size: 7pt; line-height: normal; font-family: &#39;Times New Roman&#39;\">&nbsp; </span><!--[endif]-->Qual valor dos documentos?</p>  <p style=\"text-align: justify\" class=\"MsoNormal\">&nbsp;</p>  <p style=\"margin-left: 18pt\" class=\"MsoNormal\"><strong>DOCUMENTOS VALOR</strong></p>  <p style=\"margin-left: 18pt\" class=\"MsoNormal\">Certid&atilde;o de conclus&atilde;o de curso &ndash; 2.&ordf; via R$ 10,00 (dez reais)</p>  <p style=\"margin-left: 18pt\" class=\"MsoNormal\">Solicita&ccedil;&atilde;o de vaga R$ 10,00</p>  <p style=\"margin-left: 18pt\" class=\"MsoNormal\">Hist&oacute;rico Escolar &ndash; 2&ordf; via R$ 10,00</p>  <p style=\"margin-left: 18pt\" class=\"MsoNormal\">Certificado de cursos &ndash; 2.&ordf; via R$ 10,00</p>  <p style=\"margin-left: 18pt\" class=\"MsoNormal\">Segunda chamada de prova R$ 15,00 (quinze reais)</p>  <p style=\"margin-left: 18pt\" class=\"MsoNormal\">Revis&atilde;o de provas/trabalho R$ 10,00 (dez reais)</p>  <p style=\"margin-left: 18pt\" class=\"MsoNormal\">Carteirinha da Biblioteca &ndash; 2.&ordf; via R$ 10,00</p>  <p style=\"margin-left: 18pt\" class=\"MsoNormal\">Multa Biblioteca ( por dia) R$ 1,00 (um real)</p>  <p style=\"margin-left: 18pt\" class=\"MsoNormal\"><strong>SOLICITA&Ccedil;&Atilde;O DE DIPLOMAS VALOR</strong></p>  <p style=\"margin-left: 18pt\" class=\"MsoNormal\">Couro R$ 90,00 (noventa reais)</p>  <p style=\"margin-left: 18pt\" class=\"MsoNormal\">Apostilamento R$ 35,00 (trinta e cinco reais)</p>  <p style=\"margin-left: 18pt\" class=\"MsoNormal\">Taxa de urg&ecirc;ncia R$ 30,00 (trinta reais)</p>  <p style=\"margin-left: 18pt; text-align: justify\" class=\"MsoNormal\">Diploma de gradua&ccedil;&atilde;o &ndash; 2.&ordm; Via R$ 100,00 (cem reais)</p>  <p style=\"margin-left: 18pt; text-align: justify\" class=\"MsoNormal\">&nbsp;</p>  <p style=\"margin-left: 18pt; text-align: justify\" class=\"MsoNormal\">Para mais informa&ccedil;&otilde;es, favor entrar em contato com a Secretaria Acad&ecirc;mica da FECILCAM.</p>','',1,0,0,0,'2013-05-16 08:03:52',64,'','2013-05-16 10:14:49',64,64,'2013-05-16 10:14:51','2013-05-16 08:02:42','0000-00-00 00:00:00','','','menu_image=-1\nitem_title=1\npageclass_sfx=\nback_button=\nrating=\nauthor=\ncreatedate=\nmodifydate=\npdf=\nprint=\nemail=',1,0,0,'','',0,22252);

--
-- Table structure for table `sec_content_frontpage`
--

CREATE TABLE `sec_content_frontpage` (
  `content_id` int(11) NOT NULL default '0',
  `ordering` int(11) NOT NULL default '0',
  PRIMARY KEY  (`content_id`)
) ENGINE=MyISAM DEFAULT CHARSET=latin1;

--
-- Dumping data for table `sec_content_frontpage`
--


--
-- Table structure for table `sec_content_rating`
--

CREATE TABLE `sec_content_rating` (
  `content_id` int(11) NOT NULL default '0',
  `rating_sum` int(11) unsigned NOT NULL default '0',
  `rating_count` int(11) unsigned NOT NULL default '0',
  `lastip` varchar(50) NOT NULL default '',
  PRIMARY KEY  (`content_id`)
) ENGINE=MyISAM DEFAULT CHARSET=latin1;

--
-- Dumping data for table `sec_content_rating`
--


--
-- Table structure for table `sec_core_acl_aro`
--

CREATE TABLE `sec_core_acl_aro` (
  `aro_id` int(11) NOT NULL auto_increment,
  `section_value` varchar(240) NOT NULL default '0',
  `value` varchar(240) NOT NULL default '',
  `order_value` int(11) NOT NULL default '0',
  `name` varchar(255) NOT NULL default '',
  `hidden` int(11) NOT NULL default '0',
  PRIMARY KEY  (`aro_id`),
  UNIQUE KEY `sec_gacl_section_value_value_aro` (`section_value`(100),`value`(100)),
  KEY `sec_gacl_hidden_aro` (`hidden`)
) ENGINE=MyISAM AUTO_INCREMENT=13 DEFAULT CHARSET=latin1;

--
-- Dumping data for table `sec_core_acl_aro`
--

INSERT INTO `sec_core_acl_aro` VALUES (10,'users','62',0,'Administrator',0),(11,'users','63',0,'Caio César Vascon',0),(12,'users','64',0,'Sarah Caroline Alves Anselmo',0);

--
-- Table structure for table `sec_core_acl_aro_groups`
--

CREATE TABLE `sec_core_acl_aro_groups` (
  `group_id` int(11) NOT NULL auto_increment,
  `parent_id` int(11) NOT NULL default '0',
  `name` varchar(255) NOT NULL default '',
  `lft` int(11) NOT NULL default '0',
  `rgt` int(11) NOT NULL default '0',
  PRIMARY KEY  (`group_id`),
  KEY `parent_id_aro_groups` (`parent_id`),
  KEY `sec_gacl_parent_id_aro_groups` (`parent_id`),
  KEY `sec_gacl_lft_rgt_aro_groups` (`lft`,`rgt`)
) ENGINE=MyISAM AUTO_INCREMENT=31 DEFAULT CHARSET=latin1;

--
-- Dumping data for table `sec_core_acl_aro_groups`
--

INSERT INTO `sec_core_acl_aro_groups` VALUES (17,0,'ROOT',1,22),(28,17,'USERS',2,21),(29,28,'Public Frontend',3,12),(18,29,'Registered',4,11),(19,18,'Author',5,10),(20,19,'Editor',6,9),(21,20,'Publisher',7,8),(30,28,'Public Backend',13,20),(23,30,'Manager',14,19),(24,23,'Administrator',15,18),(25,24,'Super Administrator',16,17);

--
-- Table structure for table `sec_core_acl_aro_sections`
--

CREATE TABLE `sec_core_acl_aro_sections` (
  `section_id` int(11) NOT NULL auto_increment,
  `value` varchar(230) NOT NULL default '',
  `order_value` int(11) NOT NULL default '0',
  `name` varchar(230) NOT NULL default '',
  `hidden` int(11) NOT NULL default '0',
  PRIMARY KEY  (`section_id`),
  UNIQUE KEY `value_aro_sections` (`value`),
  UNIQUE KEY `sec_gacl_value_aro_sections` (`value`),
  KEY `hidden_aro_sections` (`hidden`),
  KEY `sec_gacl_hidden_aro_sections` (`hidden`)
) ENGINE=MyISAM AUTO_INCREMENT=11 DEFAULT CHARSET=latin1;

--
-- Dumping data for table `sec_core_acl_aro_sections`
--

INSERT INTO `sec_core_acl_aro_sections` VALUES (10,'users',1,'Users',0);

--
-- Table structure for table `sec_core_acl_groups_aro_map`
--

CREATE TABLE `sec_core_acl_groups_aro_map` (
  `group_id` int(11) NOT NULL default '0',
  `section_value` varchar(240) NOT NULL default '',
  `aro_id` int(11) NOT NULL default '0',
  UNIQUE KEY `group_id_aro_id_groups_aro_map` (`group_id`,`section_value`,`aro_id`)
) ENGINE=MyISAM DEFAULT CHARSET=latin1;

--
-- Dumping data for table `sec_core_acl_groups_aro_map`
--

INSERT INTO `sec_core_acl_groups_aro_map` VALUES (24,'',11),(24,'',12),(25,'',10);

--
-- Table structure for table `sec_core_log_items`
--

CREATE TABLE `sec_core_log_items` (
  `time_stamp` date NOT NULL default '0000-00-00',
  `item_table` varchar(50) NOT NULL default '',
  `item_id` int(11) unsigned NOT NULL default '0',
  `hits` int(11) unsigned NOT NULL default '0'
) ENGINE=MyISAM DEFAULT CHARSET=latin1;

--
-- Dumping data for table `sec_core_log_items`
--


--
-- Table structure for table `sec_core_log_searches`
--

CREATE TABLE `sec_core_log_searches` (
  `search_term` varchar(128) NOT NULL default '',
  `hits` int(11) unsigned NOT NULL default '0'
) ENGINE=MyISAM DEFAULT CHARSET=latin1;

--
-- Dumping data for table `sec_core_log_searches`
--


--
-- Table structure for table `sec_docman`
--

CREATE TABLE `sec_docman` (
  `id` int(11) NOT NULL auto_increment,
  `catid` int(11) NOT NULL default '1',
  `dmname` text NOT NULL,
  `dmdescription` longtext,
  `dmdate_published` datetime NOT NULL default '0000-00-00 00:00:00',
  `dmowner` int(4) NOT NULL default '-1',
  `dmfilename` text NOT NULL,
  `published` tinyint(1) NOT NULL default '0',
  `dmurl` text,
  `dmcounter` int(11) default '0',
  `checked_out` int(11) NOT NULL default '0',
  `checked_out_time` datetime NOT NULL default '0000-00-00 00:00:00',
  `approved` tinyint(1) NOT NULL default '0',
  `dmthumbnail` text,
  `dmlastupdateon` datetime default '0000-00-00 00:00:00',
  `dmlastupdateby` int(5) NOT NULL default '-1',
  `dmsubmitedby` int(5) NOT NULL default '-1',
  `dmmantainedby` int(5) default '0',
  `dmlicense_id` int(5) default '0',
  `dmlicense_display` tinyint(1) NOT NULL default '0',
  `access` int(11) unsigned NOT NULL default '0',
  `attribs` text NOT NULL,
  PRIMARY KEY  (`id`),
  KEY `pub_appr_own_cat_name` (`published`,`approved`,`dmowner`,`catid`,`dmname`(64)),
  KEY `appr_pub_own_cat_date` (`approved`,`published`,`dmowner`,`catid`,`dmdate_published`),
  KEY `own_pub_appr_cat_count` (`dmowner`,`published`,`approved`,`catid`,`dmcounter`),
  KEY `own_pub_appr_cat_id` (`dmowner`,`published`,`approved`,`catid`,`id`)
) ENGINE=MyISAM AUTO_INCREMENT=94 DEFAULT CHARSET=latin1;

--
-- Dumping data for table `sec_docman`
--

INSERT INTO `sec_docman` VALUES (81,5,'Administração - 4 e 5 Anos','','2013-02-25 19:20:35',-1,'ADMINISTRAÇÃO - PRE REQUISITO 4 E 5 ANOS.pdf',1,'',3789,0,'0000-00-00 00:00:00',1,'','2013-02-25 19:21:04',62,62,-6,0,0,0,'crc_checksum=\nmd5_checksum='),(80,5,'Administração - 1, 2 e 3 Anos','','2013-02-25 19:17:22',-1,'ADMINISTRAÇÃO 1, 2 E 3 ANOS.pdf',1,'',7023,0,'0000-00-00 00:00:00',1,'','2013-02-25 19:17:40',62,62,-6,0,0,0,'crc_checksum=\nmd5_checksum='),(2,4,'Resolução n. 06/2009-CD','Altera valores das taxas por servi&ccedil;os extraordin&aacute;rios cobradas pelo protocolo da Faculdade Estadual de Ci&ecirc;ncias e Letras de Campo Mour&atilde;o &ndash; FECILCAM- nos termos do Decreto Estadual n.o 2276/88.<br />','2010-11-10 13:57:39',-1,'resolucao_06_2009.pdf',1,'',1132,0,'0000-00-00 00:00:00',1,'','2010-11-10 13:59:19',63,63,-6,0,0,0,'crc_checksum=\nmd5_checksum='),(3,4,'Resolução n 32/2008-CD','Estabelece normas para aplica&ccedil;&atilde;o de Exame de Sufici&ecirc;ncia na Faculdade Estadual de Ci&ecirc;ncias e Letras de Campo Mour&atilde;o &ndash; FECILCAM-, para fins de dispensa de disciplina e d&aacute; outras provid&ecirc;ncias.<br />','2010-11-10 14:01:37',-1,'resolução_032_exame_de_suficiência.pdf',1,'',1301,0,'0000-00-00 00:00:00',1,'','2010-11-10 14:03:12',63,63,-6,0,0,0,'crc_checksum=\nmd5_checksum='),(6,5,'Administração - Grade Antiga','Grade antiga do curso de Administra&ccedil;&atilde;o.','2010-11-30 13:39:20',-1,'grade_administracao.pdf',0,'',3891,0,'0000-00-00 00:00:00',1,'','2011-04-04 14:34:03',63,63,-6,0,0,0,'crc_checksum=\nmd5_checksum='),(9,5,'Ciências Econômicas - Grade Antiga','Grade antiga do Curso de Ci&ecirc;ncias Econ&ocirc;micas.','2010-11-30 14:20:15',-1,'GVEconomia.pdf',0,'',2817,0,'0000-00-00 00:00:00',1,'','2010-11-30 14:20:52',63,63,-6,0,0,0,'crc_checksum=\nmd5_checksum='),(7,5,'Ciências Contábeis - Grade antiga','Grade antiga do Curso de Ci&ecirc;ncias Cont&aacute;beis.','2010-11-30 14:09:04',-1,'grade antiga contabeis.pdf',0,'',1742,0,'0000-00-00 00:00:00',1,'','2010-11-30 14:17:14',63,63,-6,0,0,0,'crc_checksum=\nmd5_checksum='),(8,5,'Ciências Contábeis - Grade Nova','Grade Nova do Curso de Ci&ecirc;ncias Cont&aacute;beis.','2010-11-30 14:12:09',-1,'NOVA GRADE DE CONTABEIS.pdf',0,'',5461,0,'0000-00-00 00:00:00',1,'','2010-11-30 14:18:05',63,63,-6,0,0,0,'crc_checksum=\nmd5_checksum='),(10,5,'Ciências Econômicas - Grade Nova','Nova grade do Curso de Ci&ecirc;ncias Econ&ocirc;micas.','2010-11-30 14:21:51',-1,'Grade Economia 2011.pdf',0,'',3606,0,'0000-00-00 00:00:00',1,'','2010-11-30 14:22:24',63,63,-6,0,0,0,'crc_checksum=\nmd5_checksum='),(11,5,'Engenharia de Produção Agroindustrial - Grade Antiga','Grade antiga do Curso de Egenharia de Produ&ccedil;&atilde;o Agroindustrial.','2010-11-30 14:28:24',-1,'EPA GV.pdf',0,'',1192,0,'0000-00-00 00:00:00',1,'','2010-11-30 14:29:19',63,63,-6,0,0,0,'crc_checksum=\nmd5_checksum='),(12,5,'Engenharia de Produção Agroindustrial - Grade Nova','Nova grade do Curso de Engenharia de Produ&ccedil;&atilde;o Agroindustrial.','2010-11-30 14:30:05',-1,'EPA NG.pdf',0,'',2920,0,'0000-00-00 00:00:00',1,'','2010-11-30 14:30:36',63,63,-6,0,0,0,'crc_checksum=\nmd5_checksum='),(39,5,'Pedagogia','Grade do Curso de Pedagogia.','2010-12-09 16:12:33',-1,'Grade Pedagogia.pdf',0,'',3628,0,'0000-00-00 00:00:00',1,'','2010-12-09 16:12:54',63,63,-6,0,0,0,'crc_checksum=\nmd5_checksum='),(15,5,'Matemática - Grade Antiga','Grade antiga do Curso de Matem&aacute;tica.','2010-11-30 14:39:15',-1,'Grade Matematica.pdf',0,'',1106,0,'0000-00-00 00:00:00',1,'','2010-12-09 16:10:29',63,63,-6,0,0,0,'crc_checksum=\nmd5_checksum='),(64,4,'Edital n.010/2011-D','Chamada Extraordin&aacute;ria Vestibulares de Inverno e Ver&atilde;o 2010 - Ingresso 2011.','2011-03-04 08:12:21',-1,'edital_010_chamada_extraordinária_vestibulares_2010_-_matrícula_-_neusa.pdf',1,'',0,63,'2011-03-10 13:14:19',1,'','2011-03-10 13:14:19',63,63,-6,0,0,0,'crc_checksum=\nmd5_checksum='),(63,5,'Grade Turismo','','2011-03-03 13:31:37',-1,'grade_turismo.pdf',0,'',1593,0,'0000-00-00 00:00:00',1,'','2011-03-03 13:32:27',63,63,-6,0,0,0,'crc_checksum=\nmd5_checksum='),(19,6,'Formulário de Matrícula para Veteranos','Formul&aacute;rio de Matr&iacute;cula para Veteranos.','2010-11-30 15:00:37',-1,'FORMULRIOS DE MATRCULA DE VETERANOS.pdf',1,'',11127,0,'0000-00-00 00:00:00',1,'','2010-11-30 15:00:56',63,63,-6,0,0,0,'crc_checksum=\nmd5_checksum='),(20,6,'Protocolo Acadêmico - Frente','Protocolo Acad&ecirc;mico frente.','2010-11-30 15:14:33',-1,'protocolo_frente.pdf',1,'',6100,0,'0000-00-00 00:00:00',1,'','2010-11-30 15:14:57',63,63,-6,0,0,0,'crc_checksum=\nmd5_checksum='),(21,6,'Protocolo Acadêmico - Verso','Protocolo Acad&ecirc;mico verso.','2010-11-30 15:15:19',-1,'protocolo_verso.pdf',1,'',3578,0,'0000-00-00 00:00:00',1,'','2010-11-30 15:15:39',63,63,-6,0,0,0,'crc_checksum=\nmd5_checksum='),(25,6,'Documentos para pedido de transferência externa','Rela&ccedil;&atilde;o de documentos necess&aacute;rios para pedido de transfer&ecirc;ncia externa.','2010-12-02 08:05:13',-1,'DOCUMENTOS NECESSRIOS PARA PEDIDO DE TRANSFERNCIA.pdf',1,'',2657,0,'0000-00-00 00:00:00',1,'','2010-12-02 08:16:15',63,63,-6,0,0,0,'crc_checksum=\nmd5_checksum='),(38,5,'Geografia - Licenciatura e Bacharelado','Grade do Curso de Geografia, Licenciatura e Bacharelado.','2010-12-09 16:07:36',-1,'Matriz Curricular Geografia.pdf',0,'',3383,0,'0000-00-00 00:00:00',1,'','2010-12-09 16:08:25',63,63,-6,0,0,0,'crc_checksum=\nmd5_checksum='),(69,5,'Letras','Grade do Curso de Letras.','2011-05-11 08:34:13',-1,'Grade de letras 2004 com alteracao em 2010..pdf',0,'',1762,0,'0000-00-00 00:00:00',1,'','2011-05-11 08:34:31',63,63,-6,0,0,0,'crc_checksum=\nmd5_checksum='),(26,6,'Documentos para pedido de vaga com portador de curso superior','Rela&ccedil;&atilde;o de documentos necess&aacute;rios para pedidos de vagas de portadores de curso superior.','2010-12-02 08:08:22',-1,'DOCUMENTOS NECESSRIOS PARA PEDIDOS DE VAGA DE PORTADORES DE CURSO SUPERIOR.pdf',1,'',2445,0,'0000-00-00 00:00:00',1,'','2010-12-02 08:16:49',63,63,-6,0,0,0,'crc_checksum=\nmd5_checksum='),(78,15,'Calendário Acadêmico 2012','Calend&aacute;rio Acad&ecirc;mico 2012','2012-01-10 10:29:29',-1,'CALENDÁRIO ACADÊMICO 2012 CONSELHO DIRETOR.pdf',1,'',0,63,'2012-01-10 10:29:47',1,'','2012-01-10 10:29:47',63,63,-6,0,0,0,'crc_checksum=\nmd5_checksum='),(77,3,'Calendário Acadêmico 2012','Calend&aacute;rio Acad&ecirc;mico 2012.','2012-01-10 10:20:50',-1,'CALENDÁRIO ACADÊMICO 2012 CONSELHO DIRETOR.pdf',1,'',169,0,'0000-00-00 00:00:00',1,'','2012-01-10 10:21:09',63,63,-6,0,0,0,'crc_checksum=\nmd5_checksum='),(40,5,'MAtemática - Grade Nova','Nova grade do Curso de Matem&aacute;tica.','2010-12-09 16:14:09',-1,'Grade Matematica 2011 com prereq.pdf',0,'',1863,0,'0000-00-00 00:00:00',1,'','2010-12-09 16:14:42',63,63,-6,0,0,0,'crc_checksum=\nmd5_checksum='),(93,5,'Ciências Contábeis','','2013-02-25 19:55:57',-1,'CONTABEIS.pdf',1,'',6121,0,'0000-00-00 00:00:00',1,'','2013-02-25 19:56:44',62,62,-6,0,0,0,'crc_checksum=\nmd5_checksum='),(92,5,'Geografia - Bacharelado','','2013-02-25 19:52:43',-1,'MATRIZ CURRICULAR GEOGRAFIA BACHARELADO 2008 SEM PRE REQUISITO.pdf',1,'',1879,0,'0000-00-00 00:00:00',1,'','2013-02-25 19:52:58',62,62,-6,0,0,0,'crc_checksum=\nmd5_checksum='),(91,5,'Matemática - 4 Ano','','2013-02-25 19:51:55',-1,'MATEMÁTICA 4 ANO.pdf',1,'',1803,0,'0000-00-00 00:00:00',1,'','2013-02-25 19:52:09',62,62,-6,0,0,0,'crc_checksum=\nmd5_checksum='),(90,5,'Matemática - 1, 2 e 3 Anos','','2013-02-25 19:51:17',-1,'matemática 1, 2 e 3 anos.pdf',1,'',2507,0,'0000-00-00 00:00:00',1,'','2013-02-25 19:51:34',62,62,-6,0,0,0,'crc_checksum=\nmd5_checksum='),(89,5,'Letras','','2013-02-25 19:50:44',-1,'LETRAS - LICENCIATURA 2010 PRÉ-REQUISITO.pdf',1,'',3277,0,'0000-00-00 00:00:00',1,'','2013-02-25 19:50:56',62,62,-6,0,0,0,'crc_checksum=\nmd5_checksum='),(88,5,'Pedagogia','','2013-02-25 19:50:15',-1,'GRADE_CURRICULAR2008PEDAGOGIA CURRICULO 03 COM PRÉ REQUISITOdoc.pdf',1,'',13666,0,'0000-00-00 00:00:00',1,'','2013-02-25 19:50:25',62,62,-6,0,0,0,'crc_checksum=\nmd5_checksum='),(83,5,'Economia - 4 e 5 Anos','','2013-02-25 19:23:07',-1,'ECONOMIA 4 E 5 ANOS.pdf',1,'',2869,0,'0000-00-00 00:00:00',1,'','2013-02-25 19:37:10',62,62,-6,0,0,0,'crc_checksum=\nmd5_checksum='),(84,5,'História','','2013-02-25 19:38:25',-1,'GRADE DE HISTÓRIA 2011.pdf',1,'',3505,0,'0000-00-00 00:00:00',1,'','2013-02-25 19:46:19',62,62,-6,0,0,0,'crc_checksum=\nmd5_checksum='),(87,5,'Geografia - Licenciatura','','2013-02-25 19:48:57',-1,'GRADE DE GEOGRAFIA 2008 LICENCIATURA.pdf',1,'',2664,0,'0000-00-00 00:00:00',1,'','2013-02-25 19:53:19',62,62,-6,0,0,0,'crc_checksum=\nmd5_checksum='),(86,5,'Engenharia de Produção Agroindustrial','','2013-02-25 19:47:50',-1,'Eng.Prod.Agroind.2009 PRÉ REQ.pdf',1,'',4447,0,'0000-00-00 00:00:00',1,'','2013-02-25 19:48:11',62,62,-6,0,0,0,'crc_checksum=\nmd5_checksum='),(85,5,'Turismo e Meio Ambiente','','2013-02-25 19:47:07',-1,'GRADE DE TMA SEM PRE REQ 2008.pdf',1,'',3875,0,'0000-00-00 00:00:00',1,'','2013-02-25 19:47:25',62,62,-6,0,0,0,'crc_checksum=\nmd5_checksum='),(54,4,'Edital de Transferência Externa','Edital de Transfer&ecirc;ncia Externa.','2011-02-07 08:07:26',-1,'edital_008_divulgação_de_vagas_-_matrícula_-_transferência_externa_-_neusa.pdf',1,'',1786,0,'0000-00-00 00:00:00',1,'','2011-02-07 08:08:32',63,63,-6,0,0,0,'crc_checksum=\nmd5_checksum='),(55,4,'Edital vagas para Portador de Curso Superior','Edital vagas para Portador de Curso Superior.','2011-02-07 08:09:19',-1,'edital_009_divulgação_de_vagas_-_matrícula_-_portadores_de_diploma_-_neusa.pdf',1,'',1164,0,'0000-00-00 00:00:00',1,'','2011-02-07 08:09:54',63,63,-6,0,0,0,'crc_checksum=\nmd5_checksum='),(56,4,'Edital Vagas Extraordinárias','Publica&ccedil;&atilde;o do Edital para solicita&ccedil;&atilde;o de vagas extraordin&aacute;rias.','2011-02-07 08:21:04',-1,'edital_010_chamada_extraordinária_vestibulares_2010_-_matrícula_-_neusa.pdf',1,'',1258,0,'0000-00-00 00:00:00',1,'','2011-02-07 08:21:42',63,63,-6,0,0,0,'crc_checksum=\nmd5_checksum='),(57,6,'Formulário para Chamada Extraordinária','Requerimento para solicita&ccedil;&atilde;o de vaga extraordin&aacute;ria.','2011-02-07 08:24:10',-1,'REQUERIME...pdf',1,'',2394,0,'0000-00-00 00:00:00',1,'','2011-02-07 08:26:03',63,63,-6,0,0,0,'crc_checksum=\nmd5_checksum='),(72,6,'Formulário de Matrícula para Calouros.','Formul&aacute;rio de Matr&iacute;cula para Calouros.','2011-08-29 07:30:46',-1,'formulario de matriculas para calouros 2011 e declaracao.pdf',1,'',4775,0,'0000-00-00 00:00:00',1,'','2011-08-29 07:31:11',63,63,-6,0,0,0,'crc_checksum=\nmd5_checksum='),(74,4,'2º Chamada - Edital n.050/2011-D','2&ordm; Chamada Vestibular de Inverno 2011.','2011-09-08 07:37:22',-1,'edital_050-2011-d_2ª_chamada_vestibular_de_inverno_-_neusa.pdf',1,'',2233,0,'0000-00-00 00:00:00',1,'','2011-09-08 07:38:08',63,63,-6,0,0,0,'crc_checksum=\nmd5_checksum='),(75,4,'3ª Chamada - Edital N.051/2011-D','Edital de convoca&ccedil;&atilde;o de 3&ordf; chamada, Vestibular de Inverno 2011.','2011-09-19 07:30:24',-1,'edital_051-2011-d_3ª_chamada_vestibular_de_inverno_-_neusa.pdf',1,'',1383,0,'0000-00-00 00:00:00',1,'','2011-09-19 07:32:33',63,63,-6,0,0,0,'crc_checksum=\nmd5_checksum='),(59,5,'Historia','Grade do Curso de Hist&oacute;ria.','2011-02-17 08:21:17',-1,'Historia.pdf',0,'',2267,0,'0000-00-00 00:00:00',1,'','2011-02-17 08:22:14',63,63,-6,0,0,0,'crc_checksum=\nmd5_checksum='),(82,5,'Economia - 1, 2 e 3 Anos','','2013-02-25 19:22:11',-1,'Grade Economia 1, 2 E 3 ANOS.pdf',1,'',5114,0,'0000-00-00 00:00:00',1,'','2013-02-25 19:22:32',62,62,-6,0,0,0,'crc_checksum=\nmd5_checksum='),(65,4,'Edital n.012/2011-D','3&ordf; chamada do Vestibular de Hist&oacute;ria - Ingresso 2011.','2011-03-04 08:14:27',-1,'edital_012_3ª_chamada_vestibular_história_-_neusa.pdf',1,'',1442,0,'0000-00-00 00:00:00',1,'','2011-03-04 08:15:04',63,63,-6,0,0,0,'crc_checksum=\nmd5_checksum='),(66,4,'Edital n.015/2011-D','Convoca&ccedil;&atilde;o para matr&iacute;cula - Chamada Extraordin&aacute;ria Vestibulares de Inverno e Ver&atilde;o/2010. ','2011-03-04 08:16:00',-1,'edital_015_chamada_extraordinária_vestibulares__-_neusa.pdf',1,'',2146,0,'0000-00-00 00:00:00',1,'','2011-03-04 08:17:50',63,63,-6,0,0,0,'crc_checksum=\nmd5_checksum='),(67,4,'Edital n.016/2011-D','Chamada Extraordin&aacute;ria Vestibulares de Inverno e Ver&atilde;o 2010 - Ingresso  2011 - Cursos: Geografia - Noturno, Letras e Turismo e Meio Ambiente. ','2011-03-04 08:18:17',-1,'edital_016_chamada_extraordinária_vestibulares_2010_-_vaga_geog.tma.let._-_neusa.pdf',1,'',1006,0,'0000-00-00 00:00:00',1,'','2011-03-04 08:24:35',63,63,-6,0,0,0,'crc_checksum=\nmd5_checksum='),(68,5,'Administração - Grade Nova','Nova grade do curso de Administra&ccedil;&atilde;o.','2011-04-04 14:29:26',-1,'ADM GRADE NOVA.pdf',0,'',4403,0,'0000-00-00 00:00:00',1,'','2011-04-04 14:30:26',63,63,-6,0,0,0,'crc_checksum=\nmd5_checksum='),(71,11,'Manual do Aluno','Manual do Aluno.','2011-05-27 13:12:11',-1,'MANUAL DO ALUNO INSTRUCAO FECILCAM - 2011.pdf',1,'',35847,0,'0000-00-00 00:00:00',1,'','2011-05-27 13:12:38',63,63,-6,0,0,0,'crc_checksum=\nmd5_checksum=');

--
-- Table structure for table `sec_docman_groups`
--

CREATE TABLE `sec_docman_groups` (
  `groups_id` int(11) NOT NULL auto_increment,
  `groups_name` text NOT NULL,
  `groups_description` longtext,
  `groups_access` tinyint(4) NOT NULL default '1',
  `groups_members` text,
  PRIMARY KEY  (`groups_id`)
) ENGINE=MyISAM DEFAULT CHARSET=latin1;

--
-- Dumping data for table `sec_docman_groups`
--


--
-- Table structure for table `sec_docman_history`
--

CREATE TABLE `sec_docman_history` (
  `id` int(11) NOT NULL auto_increment,
  `doc_id` int(11) NOT NULL,
  `revision` int(5) NOT NULL default '1',
  `his_date` datetime NOT NULL,
  `his_who` int(11) NOT NULL,
  `his_obs` longtext,
  PRIMARY KEY  (`id`)
) ENGINE=MyISAM DEFAULT CHARSET=latin1;

--
-- Dumping data for table `sec_docman_history`
--


--
-- Table structure for table `sec_docman_licenses`
--

CREATE TABLE `sec_docman_licenses` (
  `id` int(11) NOT NULL auto_increment,
  `name` text NOT NULL,
  `license` text NOT NULL,
  PRIMARY KEY  (`id`)
) ENGINE=MyISAM DEFAULT CHARSET=latin1;

--
-- Dumping data for table `sec_docman_licenses`
--


--
-- Table structure for table `sec_docman_log`
--

CREATE TABLE `sec_docman_log` (
  `id` int(11) NOT NULL auto_increment,
  `log_docid` int(11) NOT NULL,
  `log_ip` text NOT NULL,
  `log_datetime` datetime NOT NULL,
  `log_user` int(11) NOT NULL default '0',
  `log_browser` text,
  `log_os` text,
  PRIMARY KEY  (`id`)
) ENGINE=MyISAM DEFAULT CHARSET=latin1;

--
-- Dumping data for table `sec_docman_log`
--


--
-- Table structure for table `sec_groups`
--

CREATE TABLE `sec_groups` (
  `id` tinyint(3) unsigned NOT NULL default '0',
  `name` varchar(50) NOT NULL default '',
  PRIMARY KEY  (`id`)
) ENGINE=MyISAM DEFAULT CHARSET=latin1;

--
-- Dumping data for table `sec_groups`
--

INSERT INTO `sec_groups` VALUES (0,'Public'),(1,'Registered'),(2,'Special');

--
-- Table structure for table `sec_mambots`
--

CREATE TABLE `sec_mambots` (
  `id` int(11) NOT NULL auto_increment,
  `name` varchar(100) NOT NULL default '',
  `element` varchar(100) NOT NULL default '',
  `folder` varchar(100) NOT NULL default '',
  `access` tinyint(3) unsigned NOT NULL default '0',
  `ordering` int(11) NOT NULL default '0',
  `published` tinyint(3) NOT NULL default '0',
  `iscore` tinyint(3) NOT NULL default '0',
  `client_id` tinyint(3) NOT NULL default '0',
  `checked_out` int(11) unsigned NOT NULL default '0',
  `checked_out_time` datetime NOT NULL default '0000-00-00 00:00:00',
  `params` text NOT NULL,
  PRIMARY KEY  (`id`),
  KEY `idx_folder` (`published`,`client_id`,`access`,`folder`)
) ENGINE=MyISAM AUTO_INCREMENT=21 DEFAULT CHARSET=latin1;

--
-- Dumping data for table `sec_mambots`
--

INSERT INTO `sec_mambots` VALUES (1,'MOS Image','mosimage','content',0,-10000,1,1,0,0,'0000-00-00 00:00:00',''),(2,'MOS Pagination','mospaging','content',0,10000,1,1,0,0,'0000-00-00 00:00:00',''),(3,'Legacy Mambot Includer','legacybots','content',0,1,0,1,0,0,'0000-00-00 00:00:00',''),(4,'SEF','mossef','content',0,3,1,0,0,0,'0000-00-00 00:00:00',''),(5,'MOS Rating','mosvote','content',0,4,1,1,0,0,'0000-00-00 00:00:00',''),(6,'Search Content','content.searchbot','search',0,1,1,1,0,0,'0000-00-00 00:00:00',''),(7,'Search Weblinks','weblinks.searchbot','search',0,2,1,1,0,0,'0000-00-00 00:00:00',''),(8,'Code support','moscode','content',0,2,0,0,0,0,'0000-00-00 00:00:00',''),(9,'No WYSIWYG Editor','none','editors',0,0,1,1,0,0,'0000-00-00 00:00:00',''),(10,'TinyMCE WYSIWYG Editor','tinymce','editors',0,0,1,1,0,0,'0000-00-00 00:00:00','theme=advanced'),(11,'MOS Image Editor Button','mosimage.btn','editors-xtd',0,0,1,0,0,0,'0000-00-00 00:00:00',''),(12,'MOS Pagebreak Editor Button','mospage.btn','editors-xtd',0,0,1,0,0,0,'0000-00-00 00:00:00',''),(13,'Search Contacts','contacts.searchbot','search',0,3,1,1,0,0,'0000-00-00 00:00:00',''),(14,'Search Categories','categories.searchbot','search',0,4,1,0,0,0,'0000-00-00 00:00:00',''),(15,'Search Sections','sections.searchbot','search',0,5,1,0,0,0,'0000-00-00 00:00:00',''),(16,'Email Cloaking','mosemailcloak','content',0,5,1,0,0,0,'0000-00-00 00:00:00',''),(17,'GeSHi','geshi','content',0,5,0,0,0,0,'0000-00-00 00:00:00',''),(18,'Search Newsfeeds','newsfeeds.searchbot','search',0,6,1,0,0,0,'0000-00-00 00:00:00',''),(19,'Load Module Positions','mosloadposition','content',0,6,1,0,0,0,'0000-00-00 00:00:00',''),(20,'DOCman Standard Buttons','standardbuttons','docman',0,1,1,1,0,0,'0000-00-00 00:00:00','download=1\nview=1\ndetails=1\nedit=1\nmove=1\ndelete=1\nupdate=1\nreset=1\ncheckout=1\napprove=1\npublish=1');

--
-- Table structure for table `sec_menu`
--

CREATE TABLE `sec_menu` (
  `id` int(11) NOT NULL auto_increment,
  `menutype` varchar(25) default NULL,
  `name` varchar(100) default NULL,
  `link` text,
  `type` varchar(50) NOT NULL default '',
  `published` tinyint(1) NOT NULL default '0',
  `parent` int(11) unsigned NOT NULL default '0',
  `componentid` int(11) unsigned NOT NULL default '0',
  `sublevel` int(11) default '0',
  `ordering` int(11) default '0',
  `checked_out` int(11) unsigned NOT NULL default '0',
  `checked_out_time` datetime NOT NULL default '0000-00-00 00:00:00',
  `pollid` int(11) NOT NULL default '0',
  `browserNav` tinyint(4) default '0',
  `access` tinyint(3) unsigned NOT NULL default '0',
  `utaccess` tinyint(3) unsigned NOT NULL default '0',
  `params` text NOT NULL,
  PRIMARY KEY  (`id`),
  KEY `componentid` (`componentid`,`menutype`,`published`,`access`),
  KEY `menutype` (`menutype`)
) ENGINE=MyISAM AUTO_INCREMENT=23 DEFAULT CHARSET=latin1;

--
-- Dumping data for table `sec_menu`
--

INSERT INTO `sec_menu` VALUES (1,'mainmenu','Home','index.php?option=com_frontpage','components',1,0,10,0,1,0,'0000-00-00 00:00:00',0,0,0,3,'menu_image=-1\npageclass_sfx=\nheader=Secretaria Acadêmica\npage_title=1\nback_button=0\nleading=1\nintro=2\ncolumns=2\nlink=1\norderby_pri=\norderby_sec=front\npagination=2\npagination_results=1\nimage=1\nsection=0\nsection_link=0\ncategory=0\ncategory_link=0\nitem_title=1\nlink_titles=\nreadmore=\nrating=\nauthor=\ncreatedate=\nmodifydate=\npdf=0\nprint=0\nemail=0\nunpublished=0'),(2,'othermenu','Horários de Atendimento','index.php?option=com_docman','components',-2,0,19,0,13,0,'0000-00-00 00:00:00',0,0,0,0,'cat_id=1'),(3,'othermenu','Horários de Atendimento','index.php?option=com_docman&Itemid=2','component_item_link',-2,0,0,0,14,0,'0000-00-00 00:00:00',0,0,0,0,'menu_image=-1'),(4,'othermenu','d','index.php?option=com_docman','components',-2,0,19,0,12,0,'0000-00-00 00:00:00',0,0,0,0,'cat_id=2'),(5,'othermenu','Horários de Atendimento','http://www.fecilcam.br/academico/index.php?option=com_docman&task=doc_download&gid=1&Itemid=4','url',-2,0,0,0,2,0,'0000-00-00 00:00:00',0,0,0,0,'menu_image=-1'),(6,'othermenu','Legislação','index.php?option=com_docman','components',1,0,19,0,17,0,'0000-00-00 00:00:00',0,0,0,0,'cat_id=4'),(7,'othermenu','Grades por Curso','index.php?option=com_docman','components',1,0,19,0,16,0,'0000-00-00 00:00:00',0,0,0,0,'cat_id=5'),(8,'othermenu','Formulários','index.php?option=com_docman','components',1,0,19,0,15,63,'2012-01-10 10:28:01',0,0,0,0,'cat_id=6'),(9,'othermenu','Notas e Frequências','http://200.201.19.22:4444/aonline','url',1,0,0,0,20,0,'0000-00-00 00:00:00',0,0,0,0,'menu_image=-1'),(10,'othermenu','Calendário Acadêmico 2011','index.php?option=com_docman','components',-2,0,19,0,11,0,'0000-00-00 00:00:00',0,0,0,0,'cat_id=15'),(11,'othermenu','Calendário Acadêmico 2011','index.php?option=com_docman','components',-2,0,19,0,10,0,'0000-00-00 00:00:00',0,0,0,0,''),(12,'othermenu','Calendário','index.php?option=com_docman','components',-2,0,19,0,9,0,'0000-00-00 00:00:00',0,0,0,0,'cat_id=15'),(14,'othermenu','Calendário 2011','http://www.fecilcam.br/academico/index.php?option=com_docman&task=doc_download&gid=36&Itemid=99999999','url',-2,0,0,0,6,0,'0000-00-00 00:00:00',0,0,0,0,'menu_image=-1'),(13,'othermenu','Calendário 2011','index.php?option=com_frontpage&Itemid=1','component_item_link',-2,0,0,0,8,0,'0000-00-00 00:00:00',0,0,0,0,'menu_image=-1'),(15,'othermenu','Horário Letivo 2011','index.php?option=com_docman','components',-2,0,19,0,7,0,'0000-00-00 00:00:00',0,0,0,0,'cat_id=25'),(16,'othermenu','Horário Letivo 2011','index.php?option=com_docman','components',-2,0,19,0,5,0,'0000-00-00 00:00:00',0,0,0,0,'cat_id='),(17,'othermenu','Manual do Aluno','http://www.fecilcam.br/academico/index.php?option=com_docman&task=doc_download&gid=71&Itemid=16','url',0,0,0,0,18,0,'0000-00-00 00:00:00',0,0,0,0,'menu_image=-1'),(18,'othermenu','Calendário Acadêmico 2012','index.php?option=com_docman','components',-2,0,19,0,4,0,'0000-00-00 00:00:00',0,0,0,0,''),(19,'othermenu','Calendário Acadêmico 2012','http://www.fecilcam.br/academico/index.php?option=com_docman&section=files#new','url',-2,0,0,0,3,0,'0000-00-00 00:00:00',0,0,0,0,'menu_image=-1'),(21,'othermenu','Perguntas Frequentes','index.php?option=com_content&task=view&id=1','content_typed',1,0,1,0,21,0,'0000-00-00 00:00:00',0,0,0,0,'menu_image=-1\nunique_itemid=0'),(20,'othermenu','Calendário Acadêmico 2012','http://www.fecilcam.br/academico/index2.php?option=com_docman&section=documents&task=download&bid=77','url',-2,0,0,0,1,63,'2012-01-10 10:31:24',0,0,0,0,'menu_image=-1'),(22,'othermenu','Notas e Frequências (Siges)','http://www.aluno.siges.pr.gov.br/bna_ies/','url',1,0,0,0,19,0,'0000-00-00 00:00:00',0,0,0,0,'menu_image=-1');

--
-- Table structure for table `sec_messages`
--

CREATE TABLE `sec_messages` (
  `message_id` int(10) unsigned NOT NULL auto_increment,
  `user_id_from` int(10) unsigned NOT NULL default '0',
  `user_id_to` int(10) unsigned NOT NULL default '0',
  `folder_id` int(10) unsigned NOT NULL default '0',
  `date_time` datetime NOT NULL default '0000-00-00 00:00:00',
  `state` int(11) NOT NULL default '0',
  `priority` int(1) unsigned NOT NULL default '0',
  `subject` varchar(230) NOT NULL default '',
  `message` text NOT NULL,
  PRIMARY KEY  (`message_id`)
) ENGINE=MyISAM DEFAULT CHARSET=latin1;

--
-- Dumping data for table `sec_messages`
--


--
-- Table structure for table `sec_messages_cfg`
--

CREATE TABLE `sec_messages_cfg` (
  `user_id` int(10) unsigned NOT NULL default '0',
  `cfg_name` varchar(100) NOT NULL default '',
  `cfg_value` varchar(255) NOT NULL default '',
  UNIQUE KEY `idx_user_var_name` (`user_id`,`cfg_name`)
) ENGINE=MyISAM DEFAULT CHARSET=latin1;

--
-- Dumping data for table `sec_messages_cfg`
--


--
-- Table structure for table `sec_modules`
--

CREATE TABLE `sec_modules` (
  `id` int(11) NOT NULL auto_increment,
  `title` text NOT NULL,
  `content` text NOT NULL,
  `ordering` int(11) NOT NULL default '0',
  `position` varchar(10) default NULL,
  `checked_out` int(11) unsigned NOT NULL default '0',
  `checked_out_time` datetime NOT NULL default '0000-00-00 00:00:00',
  `published` tinyint(1) NOT NULL default '0',
  `module` varchar(50) default NULL,
  `numnews` int(11) NOT NULL default '0',
  `access` tinyint(3) unsigned NOT NULL default '0',
  `showtitle` tinyint(3) unsigned NOT NULL default '1',
  `params` text NOT NULL,
  `iscore` tinyint(4) NOT NULL default '0',
  `client_id` tinyint(4) NOT NULL default '0',
  PRIMARY KEY  (`id`),
  KEY `published` (`published`,`access`),
  KEY `newsfeeds` (`module`,`published`)
) ENGINE=MyISAM AUTO_INCREMENT=38 DEFAULT CHARSET=latin1;

--
-- Dumping data for table `sec_modules`
--

INSERT INTO `sec_modules` VALUES (1,'Polls','',1,'right',0,'0000-00-00 00:00:00',0,'mod_poll',0,0,1,'',0,0),(2,'User Menu','',2,'left',0,'0000-00-00 00:00:00',1,'mod_mainmenu',0,1,1,'menutype=usermenu',1,0),(3,'Main Menu','',1,'left',0,'0000-00-00 00:00:00',1,'mod_mainmenu',0,0,1,'menutype=mainmenu',1,0),(4,'Login Form','',3,'left',0,'0000-00-00 00:00:00',0,'mod_login',0,0,1,'',1,0),(5,'Syndicate','',4,'left',0,'0000-00-00 00:00:00',0,'mod_rssfeed',0,0,1,'',1,0),(6,'Latest News','',4,'user1',0,'0000-00-00 00:00:00',0,'mod_latestnews',0,0,1,'',1,0),(7,'Statistics','',4,'left',0,'0000-00-00 00:00:00',0,'mod_stats',0,0,1,'serverinfo=1\nsiteinfo=1\ncounter=1\nincrease=0\nmoduleclass_sfx=',0,0),(8,'Who\'s Online','',1,'right',0,'0000-00-00 00:00:00',1,'mod_whosonline',0,0,1,'online=1\nusers=1\nmoduleclass_sfx=',0,0),(9,'Popular','',6,'user2',0,'0000-00-00 00:00:00',0,'mod_mostread',0,0,1,'',0,0),(10,'Template Chooser','',6,'left',0,'0000-00-00 00:00:00',0,'mod_templatechooser',0,0,1,'show_preview=1',0,0),(11,'Archive','',7,'left',0,'0000-00-00 00:00:00',0,'mod_archive',0,0,1,'',1,0),(12,'Sections','',8,'left',0,'0000-00-00 00:00:00',0,'mod_sections',0,0,1,'',1,0),(13,'Newsflash','',1,'top',0,'0000-00-00 00:00:00',0,'mod_newsflash',0,0,1,'catid=3\r\nstyle=random\r\nitems=\r\nmoduleclass_sfx=',0,0),(14,'Related Items','',9,'left',0,'0000-00-00 00:00:00',0,'mod_related_items',0,0,1,'',0,0),(15,'Search','',1,'user4',0,'0000-00-00 00:00:00',1,'mod_search',0,0,0,'',0,0),(16,'Random Image','',9,'right',0,'0000-00-00 00:00:00',1,'mod_random_image',0,0,1,'',0,0),(17,'Top Menu','',1,'user3',0,'0000-00-00 00:00:00',1,'mod_mainmenu',0,0,0,'menutype=topmenu\nmenu_style=list_flat\nmenu_images=n\nmenu_images_align=left\nexpand_menu=n\nclass_sfx=-nav\nmoduleclass_sfx=\nindent_image1=0\nindent_image2=0\nindent_image3=0\nindent_image4=0\nindent_image5=0\nindent_image6=0',1,0),(18,'Banners','',1,'banner',0,'0000-00-00 00:00:00',1,'mod_banners',0,0,0,'banner_cids=\nmoduleclass_sfx=\n',1,0),(19,'Components','',2,'cpanel',0,'0000-00-00 00:00:00',1,'mod_components',0,99,1,'',1,1),(20,'Popular','',3,'cpanel',0,'0000-00-00 00:00:00',1,'mod_popular',0,99,1,'',0,1),(21,'Latest Items','',4,'cpanel',0,'0000-00-00 00:00:00',1,'mod_latest',0,99,1,'',0,1),(22,'Menu Stats','',5,'cpanel',0,'0000-00-00 00:00:00',1,'mod_stats',0,99,1,'',0,1),(23,'Unread Messages','',1,'header',0,'0000-00-00 00:00:00',1,'mod_unread',0,99,1,'',1,1),(24,'Online Users','',2,'header',0,'0000-00-00 00:00:00',1,'mod_online',0,99,1,'',1,1),(25,'Full Menu','',1,'top',0,'0000-00-00 00:00:00',1,'mod_fullmenu',0,99,1,'',1,1),(26,'Pathway','',1,'pathway',0,'0000-00-00 00:00:00',1,'mod_pathway',0,99,1,'',1,1),(27,'Toolbar','',1,'toolbar',0,'0000-00-00 00:00:00',1,'mod_toolbar',0,99,1,'',1,1),(28,'System Message','',1,'inset',0,'0000-00-00 00:00:00',1,'mod_mosmsg',0,99,1,'',1,1),(29,'Quick Icons','',1,'icon',0,'0000-00-00 00:00:00',1,'mod_quickicon',0,99,1,'',1,1),(30,'Other Menu','',2,'left',0,'0000-00-00 00:00:00',1,'mod_mainmenu',0,0,0,'menutype=othermenu\nmenu_style=vert_indent\ncache=0\nmenu_images=0\nmenu_images_align=0\nexpand_menu=0\nclass_sfx=\nmoduleclass_sfx=\nindent_image=0\nindent_image1=\nindent_image2=\nindent_image3=\nindent_image4=\nindent_image5=\nindent_image6=',0,0),(31,'Wrapper','',10,'left',0,'0000-00-00 00:00:00',0,'mod_wrapper',0,0,1,'',0,0),(32,'Logged','',0,'cpanel',0,'0000-00-00 00:00:00',1,'mod_logged',0,99,1,'',0,1),(33,'Latest docs','',2,'dmcpanel',0,'0000-00-00 00:00:00',1,'mod_docman_latest',0,2,1,'',2,1),(34,'Top docs','',3,'dmcpanel',0,'0000-00-00 00:00:00',1,'mod_docman_top',0,2,1,'',2,1),(35,'Latest logs','',4,'dmcpanel',0,'0000-00-00 00:00:00',1,'mod_docman_logs',0,2,1,'',2,1),(36,'News','',0,'dmcpanel',0,'0000-00-00 00:00:00',1,'mod_docman_news',0,2,1,'',2,1),(37,'Unapproved','',1,'dmcpanel',0,'0000-00-00 00:00:00',1,'mod_docman_approval',0,2,1,'',2,1);

--
-- Table structure for table `sec_modules_menu`
--

CREATE TABLE `sec_modules_menu` (
  `moduleid` int(11) NOT NULL default '0',
  `menuid` int(11) NOT NULL default '0',
  PRIMARY KEY  (`moduleid`,`menuid`)
) ENGINE=MyISAM DEFAULT CHARSET=latin1;

--
-- Dumping data for table `sec_modules_menu`
--

INSERT INTO `sec_modules_menu` VALUES (1,1),(2,0),(3,0),(4,1),(5,1),(6,1),(6,2),(6,4),(6,27),(6,36),(8,1),(9,1),(9,2),(9,4),(9,27),(9,36),(10,1),(13,0),(15,0),(17,0),(18,0),(30,0);

--
-- Table structure for table `sec_newsfeeds`
--

CREATE TABLE `sec_newsfeeds` (
  `catid` int(11) NOT NULL default '0',
  `id` int(11) NOT NULL auto_increment,
  `name` text NOT NULL,
  `link` text NOT NULL,
  `filename` varchar(200) default NULL,
  `published` tinyint(1) NOT NULL default '0',
  `numarticles` int(11) unsigned NOT NULL default '1',
  `cache_time` int(11) unsigned NOT NULL default '3600',
  `checked_out` tinyint(3) unsigned NOT NULL default '0',
  `checked_out_time` datetime NOT NULL default '0000-00-00 00:00:00',
  `ordering` int(11) NOT NULL default '0',
  PRIMARY KEY  (`id`),
  KEY `published` (`published`)
) ENGINE=MyISAM DEFAULT CHARSET=latin1;

--
-- Dumping data for table `sec_newsfeeds`
--


--
-- Table structure for table `sec_poll_data`
--

CREATE TABLE `sec_poll_data` (
  `id` int(11) NOT NULL auto_increment,
  `pollid` int(4) NOT NULL default '0',
  `text` text NOT NULL,
  `hits` int(11) NOT NULL default '0',
  PRIMARY KEY  (`id`),
  KEY `pollid` (`pollid`,`text`(1))
) ENGINE=MyISAM DEFAULT CHARSET=latin1;

--
-- Dumping data for table `sec_poll_data`
--


--
-- Table structure for table `sec_poll_date`
--

CREATE TABLE `sec_poll_date` (
  `id` bigint(20) NOT NULL auto_increment,
  `date` datetime NOT NULL default '0000-00-00 00:00:00',
  `vote_id` int(11) NOT NULL default '0',
  `poll_id` int(11) NOT NULL default '0',
  PRIMARY KEY  (`id`),
  KEY `poll_id` (`poll_id`)
) ENGINE=MyISAM DEFAULT CHARSET=latin1;

--
-- Dumping data for table `sec_poll_date`
--


--
-- Table structure for table `sec_poll_menu`
--

CREATE TABLE `sec_poll_menu` (
  `pollid` int(11) NOT NULL default '0',
  `menuid` int(11) NOT NULL default '0',
  PRIMARY KEY  (`pollid`,`menuid`)
) ENGINE=MyISAM DEFAULT CHARSET=latin1;

--
-- Dumping data for table `sec_poll_menu`
--


--
-- Table structure for table `sec_polls`
--

CREATE TABLE `sec_polls` (
  `id` int(11) unsigned NOT NULL auto_increment,
  `title` varchar(100) NOT NULL default '',
  `voters` int(9) NOT NULL default '0',
  `checked_out` int(11) NOT NULL default '0',
  `checked_out_time` datetime NOT NULL default '0000-00-00 00:00:00',
  `published` tinyint(1) NOT NULL default '0',
  `access` int(11) NOT NULL default '0',
  `lag` int(11) NOT NULL default '0',
  PRIMARY KEY  (`id`)
) ENGINE=MyISAM DEFAULT CHARSET=latin1;

--
-- Dumping data for table `sec_polls`
--


--
-- Table structure for table `sec_sections`
--

CREATE TABLE `sec_sections` (
  `id` int(11) NOT NULL auto_increment,
  `title` varchar(50) NOT NULL default '',
  `name` varchar(255) NOT NULL default '',
  `image` varchar(100) NOT NULL default '',
  `scope` varchar(50) NOT NULL default '',
  `image_position` varchar(10) NOT NULL default '',
  `description` text NOT NULL,
  `published` tinyint(1) NOT NULL default '0',
  `checked_out` int(11) unsigned NOT NULL default '0',
  `checked_out_time` datetime NOT NULL default '0000-00-00 00:00:00',
  `ordering` int(11) NOT NULL default '0',
  `access` tinyint(3) unsigned NOT NULL default '0',
  `count` int(11) NOT NULL default '0',
  `params` text NOT NULL,
  PRIMARY KEY  (`id`),
  KEY `idx_scope` (`scope`)
) ENGINE=MyISAM DEFAULT CHARSET=latin1;

--
-- Dumping data for table `sec_sections`
--


--
-- Table structure for table `sec_stats_agents`
--

CREATE TABLE `sec_stats_agents` (
  `agent` varchar(255) NOT NULL default '',
  `type` tinyint(1) unsigned NOT NULL default '0',
  `hits` int(11) unsigned NOT NULL default '1'
) ENGINE=MyISAM DEFAULT CHARSET=latin1;

--
-- Dumping data for table `sec_stats_agents`
--


--
-- Table structure for table `sec_template_positions`
--

CREATE TABLE `sec_template_positions` (
  `id` int(11) NOT NULL auto_increment,
  `position` varchar(10) NOT NULL default '',
  `description` varchar(255) NOT NULL default '',
  PRIMARY KEY  (`id`)
) ENGINE=MyISAM AUTO_INCREMENT=29 DEFAULT CHARSET=latin1;

--
-- Dumping data for table `sec_template_positions`
--

INSERT INTO `sec_template_positions` VALUES (1,'left',''),(2,'right',''),(3,'top',''),(4,'bottom',''),(5,'inset',''),(6,'banner',''),(7,'header',''),(8,'footer',''),(9,'newsflash',''),(10,'legals',''),(11,'pathway',''),(12,'toolbar',''),(13,'cpanel',''),(14,'user1',''),(15,'user2',''),(16,'user3',''),(17,'user4',''),(18,'user5',''),(19,'user6',''),(20,'user7',''),(21,'user8',''),(22,'user9',''),(23,'advert1',''),(24,'advert2',''),(25,'advert3',''),(26,'icon',''),(27,'debug',''),(28,'dmcpanel','DOCman');

--
-- Table structure for table `sec_templates_menu`
--

CREATE TABLE `sec_templates_menu` (
  `template` varchar(50) NOT NULL default '',
  `menuid` int(11) NOT NULL default '0',
  `client_id` tinyint(4) NOT NULL default '0',
  PRIMARY KEY  (`template`,`menuid`)
) ENGINE=MyISAM DEFAULT CHARSET=latin1;

--
-- Dumping data for table `sec_templates_menu`
--

INSERT INTO `sec_templates_menu` VALUES ('ja_xenia',0,0),('joomla_admin',0,1);

--
-- Table structure for table `sec_usertypes`
--

CREATE TABLE `sec_usertypes` (
  `id` tinyint(3) unsigned NOT NULL default '0',
  `name` varchar(50) NOT NULL default '',
  `mask` varchar(11) NOT NULL default '',
  PRIMARY KEY  (`id`)
) ENGINE=MyISAM DEFAULT CHARSET=latin1;

--
-- Dumping data for table `sec_usertypes`
--

INSERT INTO `sec_usertypes` VALUES (0,'superadministrator',''),(1,'administrator',''),(2,'editor',''),(3,'user',''),(4,'author',''),(5,'publisher',''),(6,'manager','');

--
-- Table structure for table `sec_weblinks`
--

CREATE TABLE `sec_weblinks` (
  `id` int(11) unsigned NOT NULL auto_increment,
  `catid` int(11) NOT NULL default '0',
  `sid` int(11) NOT NULL default '0',
  `title` varchar(250) NOT NULL default '',
  `url` varchar(250) NOT NULL default '',
  `description` varchar(250) NOT NULL default '',
  `date` datetime NOT NULL default '0000-00-00 00:00:00',
  `hits` int(11) NOT NULL default '0',
  `published` tinyint(1) NOT NULL default '0',
  `checked_out` int(11) NOT NULL default '0',
  `checked_out_time` datetime NOT NULL default '0000-00-00 00:00:00',
  `ordering` int(11) NOT NULL default '0',
  `archived` tinyint(1) NOT NULL default '0',
  `approved` tinyint(1) NOT NULL default '1',
  `params` text NOT NULL,
  PRIMARY KEY  (`id`),
  KEY `catid` (`catid`,`published`,`archived`)
) ENGINE=MyISAM DEFAULT CHARSET=latin1;

--
-- Dumping data for table `sec_weblinks`
--


--
-- Dumping routines for database 'secretaria_academica'
--
DELIMITER ;;
DELIMITER ;


