--
-- Host: localhost    Database: unespar_avaliacao
-- ------------------------------------------------------


--
-- Table structure for table `scpa_alunos`
--

CREATE TABLE `scpa_alunos` (
  `id` int(11) NOT NULL auto_increment,
  `nome` varchar(80) default NULL,
  `email` varchar(80) default NULL,
  `instituicao_id` int(11) NOT NULL,
  `usuario_id` int(11) NOT NULL,
  PRIMARY KEY  (`id`),
  KEY `fk_scpa_alunos_scpa_instituicaos1` (`instituicao_id`),
  KEY `fk_scpa_alunos_scpa_usuarios1` (`usuario_id`),
  CONSTRAINT `fk_scpa_alunos_scpa_instituicaos1` FOREIGN KEY (`instituicao_id`) REFERENCES `scpa_instituicaos` (`id`) ON DELETE NO ACTION ON UPDATE NO ACTION,
  CONSTRAINT `fk_scpa_alunos_scpa_usuarios1` FOREIGN KEY (`usuario_id`) REFERENCES `scpa_usuarios` (`id`) ON DELETE NO ACTION ON UPDATE NO ACTION
) ENGINE=InnoDB DEFAULT CHARSET=latin1;

--
-- Dumping data for table `scpa_alunos`
--


--
-- Table structure for table `scpa_alunos_turmas`
--

CREATE TABLE `scpa_alunos_turmas` (
  `id` int(11) NOT NULL auto_increment,
  `aluno_id` int(11) NOT NULL,
  `turma_id` int(11) NOT NULL,
  PRIMARY KEY  (`id`,`aluno_id`,`turma_id`),
  UNIQUE KEY `unique_aluno_turma` (`aluno_id`,`turma_id`),
  KEY `fk_scpa_alunos_turmas_scpa_alunos1` (`aluno_id`),
  KEY `fk_scpa_alunos_turmas_scpa_turmas1` (`turma_id`),
  CONSTRAINT `fk_scpa_alunos_turmas_scpa_alunos1` FOREIGN KEY (`aluno_id`) REFERENCES `scpa_alunos` (`id`) ON DELETE NO ACTION ON UPDATE NO ACTION,
  CONSTRAINT `fk_scpa_alunos_turmas_scpa_turmas1` FOREIGN KEY (`turma_id`) REFERENCES `scpa_turmas` (`id`) ON DELETE NO ACTION ON UPDATE NO ACTION
) ENGINE=InnoDB DEFAULT CHARSET=latin1;

--
-- Dumping data for table `scpa_alunos_turmas`
--


--
-- Table structure for table `scpa_artigos`
--

CREATE TABLE `scpa_artigos` (
  `id` int(11) NOT NULL auto_increment,
  `titulo` varchar(255) default NULL,
  `texto` longtext,
  `data` datetime default NULL,
  `ativo` tinyint(4) NOT NULL default '1',
  `excluido` tinyint(4) NOT NULL default '0',
  `usuario_id` int(11) NOT NULL,
  PRIMARY KEY  (`id`),
  KEY `fk_scpa_artigos_scpa_usuarios1` (`usuario_id`),
  CONSTRAINT `fk_scpa_artigos_scpa_usuarios1` FOREIGN KEY (`usuario_id`) REFERENCES `scpa_usuarios` (`id`) ON DELETE NO ACTION ON UPDATE NO ACTION
) ENGINE=InnoDB DEFAULT CHARSET=latin1;

--
-- Dumping data for table `scpa_artigos`
--


--
-- Table structure for table `scpa_avaliadors`
--

CREATE TABLE `scpa_avaliadors` (
  `id` int(11) NOT NULL auto_increment,
  `nome` varchar(45) default NULL,
  `nivel` int(11) default NULL,
  PRIMARY KEY  (`id`)
) ENGINE=InnoDB DEFAULT CHARSET=latin1;

--
-- Dumping data for table `scpa_avaliadors`
--


--
-- Table structure for table `scpa_avaliadors_sub_grupo_perguntas`
--

CREATE TABLE `scpa_avaliadors_sub_grupo_perguntas` (
  `id` int(11) NOT NULL auto_increment,
  `avaliador_id` int(11) NOT NULL,
  `sub_grupo_pergunta_id` int(11) NOT NULL,
  PRIMARY KEY  (`id`,`avaliador_id`,`sub_grupo_pergunta_id`),
  KEY `fk_scpa_avaliadors_sub_grupo_perguntas_scpa_avaliadors1` (`avaliador_id`),
  KEY `fk_scpa_avaliadors_sub_grupo_perguntas_scpa_sub_grupo_pergunt1` (`sub_grupo_pergunta_id`),
  CONSTRAINT `fk_scpa_avaliadors_sub_grupo_perguntas_scpa_avaliadors1` FOREIGN KEY (`avaliador_id`) REFERENCES `scpa_avaliadors` (`id`) ON DELETE NO ACTION ON UPDATE NO ACTION,
  CONSTRAINT `fk_scpa_avaliadors_sub_grupo_perguntas_scpa_sub_grupo_pergunt1` FOREIGN KEY (`sub_grupo_pergunta_id`) REFERENCES `scpa_sub_grupo_perguntas` (`id`) ON DELETE NO ACTION ON UPDATE NO ACTION
) ENGINE=InnoDB DEFAULT CHARSET=latin1;

--
-- Dumping data for table `scpa_avaliadors_sub_grupo_perguntas`
--


--
-- Table structure for table `scpa_campanhas`
--

CREATE TABLE `scpa_campanhas` (
  `id` int(11) NOT NULL auto_increment,
  `descricao` varchar(80) default NULL,
  `padrao` tinyint(1) default NULL,
  `inicio` date default NULL,
  `fim` date default NULL,
  `contexto_id` int(11) NOT NULL,
  `excluido` tinyint(4) NOT NULL default '0',
  PRIMARY KEY  (`id`),
  KEY `fk_scpa_campanhas_scpa_contextos1` (`contexto_id`),
  CONSTRAINT `fk_scpa_campanhas_scpa_contextos1` FOREIGN KEY (`contexto_id`) REFERENCES `scpa_contextos` (`id`) ON DELETE NO ACTION ON UPDATE NO ACTION
) ENGINE=InnoDB DEFAULT CHARSET=latin1;

--
-- Dumping data for table `scpa_campanhas`
--

INSERT INTO `scpa_campanhas` VALUES (1,'Avaliação 2015',NULL,'2015-12-16','2016-02-02',7,0);

--
-- Table structure for table `scpa_campanhas_perguntas`
--

CREATE TABLE `scpa_campanhas_perguntas` (
  `id` int(11) NOT NULL auto_increment,
  `campanha_id` int(11) NOT NULL,
  `pergunta_id` int(11) NOT NULL,
  PRIMARY KEY  (`id`),
  KEY `fk_scpa_campanha_perguntas_scpa_campanhas1` (`campanha_id`),
  KEY `fk_scpa_campanha_perguntas_scpa_perguntas1` (`pergunta_id`),
  CONSTRAINT `fk_scpa_campanha_perguntas_scpa_campanhas1` FOREIGN KEY (`campanha_id`) REFERENCES `scpa_campanhas` (`id`) ON DELETE NO ACTION ON UPDATE NO ACTION,
  CONSTRAINT `fk_scpa_campanha_perguntas_scpa_perguntas1` FOREIGN KEY (`pergunta_id`) REFERENCES `scpa_perguntas` (`id`) ON DELETE NO ACTION ON UPDATE NO ACTION
) ENGINE=InnoDB DEFAULT CHARSET=latin1;

--
-- Dumping data for table `scpa_campanhas_perguntas`
--


--
-- Table structure for table `scpa_comentarios`
--

CREATE TABLE `scpa_comentarios` (
  `id` int(11) NOT NULL auto_increment,
  `uid` varchar(100) NOT NULL,
  `comentario` longtext,
  `sub_grupo_pergunta_id` int(11) NOT NULL,
  `contexto_id` int(11) NOT NULL,
  `campanha_id` int(11) NOT NULL,
  `avaliador_id` int(11) NOT NULL,
  `curso_id` int(11) default NULL,
  `serie_id` int(11) default NULL,
  `turma_id` int(11) default NULL,
  `disciplina_id` int(11) default NULL,
  `professor_id` int(11) default NULL,
  PRIMARY KEY  (`id`),
  KEY `fk_scpa_comentarios_scpa_sub_grupo_perguntas1` (`sub_grupo_pergunta_id`),
  KEY `fk_scpa_comentarios_scpa_contextos1` (`contexto_id`),
  KEY `fk_scpa_comentarios_scpa_campanhas1` (`campanha_id`),
  KEY `fk_scpa_comentarios_scpa_avaliadors1` (`avaliador_id`),
  KEY `fk_scpa_comentarios_scpa_cursos1` (`curso_id`),
  KEY `fk_scpa_comentarios_scpa_series1` (`serie_id`),
  KEY `fk_scpa_comentarios_scpa_turmas1` (`turma_id`),
  KEY `fk_scpa_comentarios_scpa_disciplinas1` (`disciplina_id`),
  KEY `fk_scpa_comentarios_scpa_professors1` (`professor_id`),
  CONSTRAINT `fk_scpa_comentarios_scpa_avaliadors1` FOREIGN KEY (`avaliador_id`) REFERENCES `scpa_avaliadors` (`id`) ON DELETE NO ACTION ON UPDATE NO ACTION,
  CONSTRAINT `fk_scpa_comentarios_scpa_campanhas1` FOREIGN KEY (`campanha_id`) REFERENCES `scpa_campanhas` (`id`) ON DELETE NO ACTION ON UPDATE NO ACTION,
  CONSTRAINT `fk_scpa_comentarios_scpa_contextos1` FOREIGN KEY (`contexto_id`) REFERENCES `scpa_contextos` (`id`) ON DELETE NO ACTION ON UPDATE NO ACTION,
  CONSTRAINT `fk_scpa_comentarios_scpa_cursos1` FOREIGN KEY (`curso_id`) REFERENCES `scpa_cursos` (`id`) ON DELETE NO ACTION ON UPDATE NO ACTION,
  CONSTRAINT `fk_scpa_comentarios_scpa_disciplinas1` FOREIGN KEY (`disciplina_id`) REFERENCES `scpa_disciplinas` (`id`) ON DELETE NO ACTION ON UPDATE NO ACTION,
  CONSTRAINT `fk_scpa_comentarios_scpa_professors1` FOREIGN KEY (`professor_id`) REFERENCES `scpa_professors` (`id`) ON DELETE NO ACTION ON UPDATE NO ACTION,
  CONSTRAINT `fk_scpa_comentarios_scpa_series1` FOREIGN KEY (`serie_id`) REFERENCES `scpa_series` (`id`) ON DELETE NO ACTION ON UPDATE NO ACTION,
  CONSTRAINT `fk_scpa_comentarios_scpa_sub_grupo_perguntas1` FOREIGN KEY (`sub_grupo_pergunta_id`) REFERENCES `scpa_sub_grupo_perguntas` (`id`) ON DELETE NO ACTION ON UPDATE NO ACTION,
  CONSTRAINT `fk_scpa_comentarios_scpa_turmas1` FOREIGN KEY (`turma_id`) REFERENCES `scpa_turmas` (`id`) ON DELETE NO ACTION ON UPDATE NO ACTION
) ENGINE=InnoDB DEFAULT CHARSET=latin1;

--
-- Dumping data for table `scpa_comentarios`
--


--
-- Table structure for table `scpa_configuracaos`
--

CREATE TABLE `scpa_configuracaos` (
  `id` int(11) NOT NULL auto_increment,
  `modulo` varchar(255) default NULL,
  `ultima_alteracao` timestamp NULL default CURRENT_TIMESTAMP,
  `configdata` longtext,
  `extradata` longtext,
  PRIMARY KEY  (`id`),
  UNIQUE KEY `modulo_unique_index` (`modulo`)
) ENGINE=InnoDB DEFAULT CHARSET=latin1;

--
-- Dumping data for table `scpa_configuracaos`
--

INSERT INTO `scpa_configuracaos` VALUES (1,'pagina_inicial','2012-09-11 12:25:51','{\"exibirNoticia\":1}','{\"textoPaginaInicial\":\"<p>\\r\\n\\tSejam bem vindos.<\\/p>\\r\\n\"}');

--
-- Table structure for table `scpa_contexto_coordenador_cursos`
--

CREATE TABLE `scpa_contexto_coordenador_cursos` (
  `id` int(11) NOT NULL auto_increment,
  `coordenador_id` int(11) NOT NULL,
  `curso_id` int(11) NOT NULL,
  `contexto_id` int(11) NOT NULL,
  PRIMARY KEY  (`id`),
  KEY `fk_scpa_contexto_coordenador_cursos_scpa_coordenadors1` (`coordenador_id`),
  KEY `fk_scpa_contexto_coordenador_cursos_scpa_cursos1` (`curso_id`),
  KEY `fk_scpa_contexto_coordenador_cursos_scpa_contextos1` (`contexto_id`),
  CONSTRAINT `fk_scpa_contexto_coordenador_cursos_scpa_contextos1` FOREIGN KEY (`contexto_id`) REFERENCES `scpa_contextos` (`id`) ON DELETE NO ACTION ON UPDATE NO ACTION,
  CONSTRAINT `fk_scpa_contexto_coordenador_cursos_scpa_coordenadors1` FOREIGN KEY (`coordenador_id`) REFERENCES `scpa_coordenadors` (`id`) ON DELETE NO ACTION ON UPDATE NO ACTION,
  CONSTRAINT `fk_scpa_contexto_coordenador_cursos_scpa_cursos1` FOREIGN KEY (`curso_id`) REFERENCES `scpa_cursos` (`id`) ON DELETE NO ACTION ON UPDATE NO ACTION
) ENGINE=InnoDB DEFAULT CHARSET=latin1;

--
-- Dumping data for table `scpa_contexto_coordenador_cursos`
--


--
-- Table structure for table `scpa_contextos`
--

CREATE TABLE `scpa_contextos` (
  `id` int(11) NOT NULL auto_increment,
  `semestre` int(11) default NULL,
  `ano` int(11) default NULL,
  `padrao` tinyint(1) default NULL,
  `instituicao_id` int(11) NOT NULL,
  `excluido` tinyint(4) NOT NULL default '0',
  PRIMARY KEY  (`id`),
  KEY `fk_scpa_contexto_scpa_instituicaos1` (`instituicao_id`),
  CONSTRAINT `fk_scpa_contexto_scpa_instituicaos1` FOREIGN KEY (`instituicao_id`) REFERENCES `scpa_instituicaos` (`id`) ON DELETE NO ACTION ON UPDATE NO ACTION
) ENGINE=InnoDB DEFAULT CHARSET=latin1;

--
-- Dumping data for table `scpa_contextos`
--

INSERT INTO `scpa_contextos` VALUES (1,2,2015,NULL,4,0),(2,2,2015,NULL,9,1),(3,2,2015,NULL,5,0),(4,2,2015,NULL,6,0),(5,2,2015,NULL,7,0),(6,2,2015,NULL,8,0),(7,2,2015,NULL,9,0),(8,2,2015,NULL,10,0);

--
-- Table structure for table `scpa_coordenadors`
--

CREATE TABLE `scpa_coordenadors` (
  `id` int(11) NOT NULL auto_increment,
  `nome` varchar(80) default NULL,
  `email` varchar(80) default NULL,
  `usuario_id` int(11) NOT NULL,
  `instituicao_id` int(11) NOT NULL,
  PRIMARY KEY  (`id`),
  KEY `fk_scpa_coordenadors_scpa_usuarios1` (`usuario_id`),
  KEY `fk_scpa_coordenadors_scpa_instituicaos1` (`instituicao_id`),
  CONSTRAINT `fk_scpa_coordenadors_scpa_instituicaos1` FOREIGN KEY (`instituicao_id`) REFERENCES `scpa_instituicaos` (`id`) ON DELETE NO ACTION ON UPDATE NO ACTION,
  CONSTRAINT `scpa_coordenadors_ibfk_1` FOREIGN KEY (`usuario_id`) REFERENCES `scpa_usuarios` (`id`) ON DELETE CASCADE ON UPDATE NO ACTION
) ENGINE=InnoDB DEFAULT CHARSET=latin1;

--
-- Dumping data for table `scpa_coordenadors`
--

INSERT INTO `scpa_coordenadors` VALUES (1,'Angelo','',2680,4);

--
-- Table structure for table `scpa_cronogramas`
--

CREATE TABLE `scpa_cronogramas` (
  `id` int(11) NOT NULL auto_increment,
  `data` date default NULL,
  `hora` time default NULL,
  `local` varchar(255) default NULL,
  `monitor` varchar(255) default NULL,
  `campanha_id` int(11) NOT NULL,
  `turma_id` int(11) default NULL,
  `perderam` tinyint(4) NOT NULL default '0',
  `excluido` tinyint(4) NOT NULL default '0',
  PRIMARY KEY  (`id`),
  KEY `fk_scpa_cronogramas_scpa_campanhas1` (`campanha_id`),
  KEY `fk_scpa_cronogramas_scpa_turmas1` (`turma_id`),
  CONSTRAINT `fk_scpa_cronogramas_scpa_campanhas1` FOREIGN KEY (`campanha_id`) REFERENCES `scpa_campanhas` (`id`) ON DELETE NO ACTION ON UPDATE NO ACTION,
  CONSTRAINT `fk_scpa_cronogramas_scpa_turmas1` FOREIGN KEY (`turma_id`) REFERENCES `scpa_turmas` (`id`) ON DELETE NO ACTION ON UPDATE NO ACTION
) ENGINE=InnoDB DEFAULT CHARSET=latin1;

--
-- Dumping data for table `scpa_cronogramas`
--


--
-- Table structure for table `scpa_curso_serie_sub_grupo_perguntas`
--

CREATE TABLE `scpa_curso_serie_sub_grupo_perguntas` (
  `id` int(11) NOT NULL auto_increment,
  `curso_id` int(11) NOT NULL,
  `serie_id` int(11) NOT NULL,
  `sub_grupo_pergunta_id` int(11) NOT NULL,
  PRIMARY KEY  (`id`),
  KEY `fk_curso_serie_sub_grupo_perguntas1` (`sub_grupo_pergunta_id`),
  KEY `fk_curso_serie_sub_grupo_perguntas2` (`curso_id`),
  KEY `fk_curso_serie_sub_grupo_perguntas3` (`serie_id`),
  CONSTRAINT `fk_curso_serie_sub_grupo_perguntas1` FOREIGN KEY (`sub_grupo_pergunta_id`) REFERENCES `scpa_sub_grupo_perguntas` (`id`) ON DELETE NO ACTION ON UPDATE NO ACTION,
  CONSTRAINT `fk_curso_serie_sub_grupo_perguntas2` FOREIGN KEY (`curso_id`) REFERENCES `scpa_cursos` (`id`) ON DELETE NO ACTION ON UPDATE NO ACTION,
  CONSTRAINT `fk_curso_serie_sub_grupo_perguntas3` FOREIGN KEY (`serie_id`) REFERENCES `scpa_series` (`id`) ON DELETE NO ACTION ON UPDATE NO ACTION
) ENGINE=InnoDB DEFAULT CHARSET=latin1;

--
-- Dumping data for table `scpa_curso_serie_sub_grupo_perguntas`
--


--
-- Table structure for table `scpa_cursos`
--

CREATE TABLE `scpa_cursos` (
  `id` int(11) NOT NULL auto_increment,
  `nome` varchar(80) default NULL,
  `instituicao_id` int(11) NOT NULL,
  `excluido` tinyint(4) NOT NULL default '0',
  PRIMARY KEY  (`id`),
  KEY `fk_scpa_cursos_scpa_instituicaos1` (`instituicao_id`),
  CONSTRAINT `fk_scpa_cursos_scpa_instituicaos1` FOREIGN KEY (`instituicao_id`) REFERENCES `scpa_instituicaos` (`id`) ON DELETE NO ACTION ON UPDATE NO ACTION
) ENGINE=InnoDB DEFAULT CHARSET=latin1;

--
-- Dumping data for table `scpa_cursos`
--

INSERT INTO `scpa_cursos` VALUES (1,'Administração',5,0),(2,'Ciências Contábeis',5,0),(3,'Ciências Econômicas',5,0),(4,'Engenharia de Produção Agroindustrial',5,0),(5,'Geografia',5,0),(6,'História',5,0),(7,'Letras',5,0),(8,'Matemática',5,0),(9,'Pedagogia',5,0),(10,'Turismo e Meio Ambiente',5,0);

--
-- Table structure for table `scpa_diretorias`
--

CREATE TABLE `scpa_diretorias` (
  `id` int(11) NOT NULL auto_increment,
  `nome` varchar(80) default NULL,
  `email` varchar(80) default NULL,
  `cargo` varchar(80) default NULL,
  `usuario_id` int(11) NOT NULL,
  `instituicao_id` int(11) NOT NULL,
  PRIMARY KEY  (`id`),
  KEY `fk_scpa_diretoria_scpa_usuarios1` (`usuario_id`),
  KEY `fk_scpa_diretoria_scpa_instituicaos1` (`instituicao_id`),
  CONSTRAINT `fk_scpa_diretoria_scpa_instituicaos1` FOREIGN KEY (`instituicao_id`) REFERENCES `scpa_instituicaos` (`id`) ON DELETE NO ACTION ON UPDATE NO ACTION,
  CONSTRAINT `fk_scpa_diretoria_scpa_usuarios1` FOREIGN KEY (`usuario_id`) REFERENCES `scpa_usuarios` (`id`) ON DELETE NO ACTION ON UPDATE NO ACTION
) ENGINE=InnoDB DEFAULT CHARSET=latin1;

--
-- Dumping data for table `scpa_diretorias`
--


--
-- Table structure for table `scpa_disciplina_professor_turmas`
--

CREATE TABLE `scpa_disciplina_professor_turmas` (
  `id` int(11) NOT NULL auto_increment,
  `professor_id` int(11) NOT NULL,
  `disciplina_id` int(11) NOT NULL,
  `turma_id` int(11) NOT NULL,
  PRIMARY KEY  (`id`),
  KEY `fk_scpa_disciplinas_professors_scpa_professors1` (`professor_id`),
  KEY `fk_scpa_disciplinas_professors_scpa_disciplinas1` (`disciplina_id`),
  KEY `fk_scpa_disciplina_professor_turma_scpa_turmas1` (`turma_id`),
  CONSTRAINT `fk_scpa_disciplinas_professors_scpa_disciplinas1` FOREIGN KEY (`disciplina_id`) REFERENCES `scpa_disciplinas` (`id`) ON DELETE NO ACTION ON UPDATE NO ACTION,
  CONSTRAINT `fk_scpa_disciplinas_professors_scpa_professors1` FOREIGN KEY (`professor_id`) REFERENCES `scpa_professors` (`id`) ON DELETE NO ACTION ON UPDATE NO ACTION,
  CONSTRAINT `fk_scpa_disciplina_professor_turmas_scpa_turmas1` FOREIGN KEY (`turma_id`) REFERENCES `scpa_turmas` (`id`) ON DELETE NO ACTION ON UPDATE NO ACTION
) ENGINE=InnoDB DEFAULT CHARSET=latin1;

--
-- Dumping data for table `scpa_disciplina_professor_turmas`
--


--
-- Table structure for table `scpa_disciplinas`
--

CREATE TABLE `scpa_disciplinas` (
  `id` int(11) NOT NULL auto_increment,
  `nome` varchar(80) default NULL,
  `ativo` tinyint(1) default NULL,
  `curso_id` int(11) NOT NULL,
  `serie_id` int(11) NOT NULL,
  `excluido` tinyint(4) NOT NULL default '0',
  PRIMARY KEY  (`id`),
  KEY `fk_scpa_disciplinas_scpa_cursos1` (`curso_id`),
  KEY `fk_scpa_disciplinas_scpa_series1` (`serie_id`),
  CONSTRAINT `fk_scpa_disciplinas_scpa_cursos1` FOREIGN KEY (`curso_id`) REFERENCES `scpa_cursos` (`id`) ON DELETE NO ACTION ON UPDATE NO ACTION,
  CONSTRAINT `fk_scpa_disciplinas_scpa_series1` FOREIGN KEY (`serie_id`) REFERENCES `scpa_series` (`id`) ON DELETE NO ACTION ON UPDATE NO ACTION
) ENGINE=InnoDB DEFAULT CHARSET=latin1;

--
-- Dumping data for table `scpa_disciplinas`
--


--
-- Table structure for table `scpa_funcionarios`
--

CREATE TABLE `scpa_funcionarios` (
  `id` int(11) NOT NULL auto_increment,
  `nome` varchar(80) default NULL,
  `email` varchar(80) default NULL,
  `instituicao_id` int(11) NOT NULL,
  `usuario_id` int(11) NOT NULL,
  `setor_id` int(11) NOT NULL,
  PRIMARY KEY  (`id`),
  KEY `fk_scpa_funcionarios_scpa_instituicaos1` (`instituicao_id`),
  KEY `fk_scpa_funcionarios_scpa_usuarios1` (`usuario_id`),
  KEY `fk_scpa_funcionarios_scpa_setors1` (`setor_id`),
  CONSTRAINT `fk_scpa_funcionarios_scpa_instituicaos1` FOREIGN KEY (`instituicao_id`) REFERENCES `scpa_instituicaos` (`id`) ON DELETE NO ACTION ON UPDATE NO ACTION,
  CONSTRAINT `fk_scpa_funcionarios_scpa_setors1` FOREIGN KEY (`setor_id`) REFERENCES `scpa_setors` (`id`) ON DELETE NO ACTION ON UPDATE NO ACTION,
  CONSTRAINT `fk_scpa_funcionarios_scpa_usuarios1` FOREIGN KEY (`usuario_id`) REFERENCES `scpa_usuarios` (`id`) ON DELETE NO ACTION ON UPDATE NO ACTION
) ENGINE=InnoDB DEFAULT CHARSET=latin1;

--
-- Dumping data for table `scpa_funcionarios`
--


--
-- Table structure for table `scpa_grupo_perguntas`
--

CREATE TABLE `scpa_grupo_perguntas` (
  `id` int(11) NOT NULL auto_increment,
  `parent_id` int(11) default NULL,
  `lft` int(11) default NULL,
  `rght` int(11) default NULL,
  `titulo` varchar(80) default NULL,
  `instituicao_id` int(11) NOT NULL,
  `excluido` tinyint(4) NOT NULL default '0',
  PRIMARY KEY  (`id`),
  KEY `fk_scpa_grupo_perguntas_scpa_instituicaos1` (`instituicao_id`),
  CONSTRAINT `fk_scpa_grupo_perguntas_scpa_instituicaos1` FOREIGN KEY (`instituicao_id`) REFERENCES `scpa_instituicaos` (`id`) ON DELETE NO ACTION ON UPDATE NO ACTION
) ENGINE=InnoDB DEFAULT CHARSET=latin1;

--
-- Dumping data for table `scpa_grupo_perguntas`
--

INSERT INTO `scpa_grupo_perguntas` VALUES (1,NULL,1,2,'DIMENSÃO 7 - CONDIÇÕES DE OFERTA DE SERVIÇOS E INFRAESTRUTURA',4,0),(2,NULL,3,4,'DIMENSÃO 7 - CONDIÇÕES DE OFERTA DE SERVIÇOS E INFRAESTRUTURA',5,0),(3,NULL,5,6,'DIMENSÃO 7 - CONDIÇÕES DE OFERTA DE SERVIÇOS E INFRAESTRUTURA',9,0),(4,NULL,7,8,'	DIMENSÃO 7 - CONDIÇÕES DE OFERTA DE SERVIÇOS E INFRAESTRUTURA',6,0),(5,NULL,9,10,'DIMENSÃO 7 - CONDIÇÕES DE OFERTA DE SERVIÇOS E INFRAESTRUTURA	DIMENSÃO 7 - ',7,0),(6,NULL,11,12,'DIMENSÃO 7 - CONDIÇÕES DE OFERTA DE SERVIÇOS E INFRAESTRUTURA	DIMENSÃO 7 - ',8,0),(7,NULL,13,14,'DIMENSÃO 7 - CONDIÇÕES DE OFERTA DE SERVIÇOS E INFRAESTRUTURA	DIMENSÃO 7 - ',10,0);

--
-- Table structure for table `scpa_instituicaos`
--

CREATE TABLE `scpa_instituicaos` (
  `id` int(11) NOT NULL auto_increment,
  `nome` varchar(80) default NULL,
  `logradouro` varchar(80) default NULL,
  `numero` varchar(10) default NULL,
  `bairro` varchar(40) default NULL,
  `cep` varchar(9) default NULL,
  `cidade` varchar(80) default NULL,
  `estado` varchar(2) default NULL,
  `ativo` tinyint(1) default NULL,
  `excluido` tinyint(4) NOT NULL default '0',
  PRIMARY KEY  (`id`)
) ENGINE=InnoDB DEFAULT CHARSET=latin1;

--
-- Dumping data for table `scpa_instituicaos`
--

INSERT INTO `scpa_instituicaos` VALUES (4,'APUCARANA','','','','','','',1,0),(5,'CAMPO MOURÃO','','','','','','',1,0),(6,'CURITIBA I','','','','','','',1,0),(7,'CURITIBA II','','','','','','',1,0),(8,'PARANAGUÃ','','','','','','',1,0),(9,'PARANAVAÃ','','','','','','',1,0),(10,'UNIÃO DA VITÓRIA','','','','','','',1,0);

--
-- Table structure for table `scpa_membro_cpas`
--

CREATE TABLE `scpa_membro_cpas` (
  `id` int(11) NOT NULL auto_increment,
  `nome` varchar(80) default NULL,
  `email` varchar(80) default NULL,
  `instituicao_id` int(11) NOT NULL,
  `usuario_id` int(11) NOT NULL,
  PRIMARY KEY  (`id`),
  KEY `fk_scpa_membro_cpas_scpa_instituicaos` (`instituicao_id`),
  KEY `fk_scpa_membro_cpas_scpa_usuarios1` (`usuario_id`),
  CONSTRAINT `fk_scpa_membro_cpas_scpa_instituicaos` FOREIGN KEY (`instituicao_id`) REFERENCES `scpa_instituicaos` (`id`) ON DELETE NO ACTION ON UPDATE NO ACTION,
  CONSTRAINT `fk_scpa_membro_cpas_scpa_usuarios1` FOREIGN KEY (`usuario_id`) REFERENCES `scpa_usuarios` (`id`) ON DELETE NO ACTION ON UPDATE NO ACTION
) ENGINE=InnoDB DEFAULT CHARSET=latin1;

--
-- Dumping data for table `scpa_membro_cpas`
--

INSERT INTO `scpa_membro_cpas` VALUES (1,'admin','',4,2670),(2,'Apucarana','lindinalva.santana@unespar.edu.br',4,2671),(3,'Campo Mourão','palhajr@yahoo.com.br',5,2672),(4,'Curitiba I','',6,2673),(5,'Curitiba II','',7,2674),(6,'Paranaguá','',8,2675),(7,'Paranavaí','priscila.pacheco@unespar.edu.br',9,2676),(8,'União da Vitória','',10,2677);

--
-- Table structure for table `scpa_menus`
--

CREATE TABLE `scpa_menus` (
  `id` int(11) NOT NULL auto_increment,
  `titulo` varchar(255) default NULL,
  `link` varchar(255) default NULL,
  `artigo_id` int(11) default NULL,
  `parent_id` int(11) default NULL,
  `lft` int(11) default NULL,
  `rght` int(11) default NULL,
  `tipo` tinyint(4) NOT NULL default '0',
  `ativo` tinyint(4) NOT NULL default '1',
  `excluido` tinyint(4) NOT NULL default '0',
  PRIMARY KEY  (`id`),
  KEY `fk_scpa_menus_scpa_artigos1` (`artigo_id`),
  CONSTRAINT `fk_scpa_menus_scpa_artigos1` FOREIGN KEY (`artigo_id`) REFERENCES `scpa_artigos` (`id`) ON DELETE NO ACTION ON UPDATE NO ACTION
) ENGINE=InnoDB DEFAULT CHARSET=latin1;

--
-- Dumping data for table `scpa_menus`
--


--
-- Table structure for table `scpa_noticias`
--

CREATE TABLE `scpa_noticias` (
  `id` int(11) NOT NULL auto_increment,
  `titulo` varchar(255) default NULL,
  `link` varchar(255) default NULL,
  `data` datetime default NULL,
  `texto` longtext,
  `ativo` tinyint(4) NOT NULL default '1',
  `excluido` tinyint(1) NOT NULL default '0',
  `usuario_id` int(11) NOT NULL,
  PRIMARY KEY  (`id`),
  KEY `fk_scpa_noticias_scpa_usuarios1` (`usuario_id`),
  CONSTRAINT `fk_scpa_noticias_scpa_usuarios1` FOREIGN KEY (`usuario_id`) REFERENCES `scpa_usuarios` (`id`) ON DELETE NO ACTION ON UPDATE NO ACTION
) ENGINE=InnoDB DEFAULT CHARSET=latin1;

--
-- Dumping data for table `scpa_noticias`
--


--
-- Table structure for table `scpa_perguntas`
--

CREATE TABLE `scpa_perguntas` (
  `id` int(11) NOT NULL auto_increment,
  `titulo` varchar(255) default NULL,
  `sub_grupo_pergunta_id` int(11) NOT NULL,
  `ativo` tinyint(4) NOT NULL default '1',
  `excluido` tinyint(4) NOT NULL default '0',
  PRIMARY KEY  (`id`),
  KEY `fk_scpa_perguntas_scpa_sub_grupo_perguntas1` (`sub_grupo_pergunta_id`),
  CONSTRAINT `fk_scpa_perguntas_scpa_sub_grupo_perguntas1` FOREIGN KEY (`sub_grupo_pergunta_id`) REFERENCES `scpa_sub_grupo_perguntas` (`id`) ON DELETE NO ACTION ON UPDATE NO ACTION
) ENGINE=InnoDB DEFAULT CHARSET=latin1;

--
-- Dumping data for table `scpa_perguntas`
--

INSERT INTO `scpa_perguntas` VALUES (1,'COMO VOCÊ AVALIA O ATENDIMENTO?',1,0,0),(2,'COMO VOCÊ AVALIA O ATENDIMENTO?',5,1,0),(3,'COMO É A ILUMINAÇÃO?',1,1,0);

--
-- Table structure for table `scpa_perguntas_valors`
--

CREATE TABLE `scpa_perguntas_valors` (
  `id` int(11) NOT NULL auto_increment,
  `valor_id` int(11) NOT NULL,
  `pergunta_id` int(11) NOT NULL,
  PRIMARY KEY  (`id`),
  KEY `fk_scpa_perguntas_valors_scpa_valors1` (`valor_id`),
  KEY `fk_scpa_perguntas_valors_scpa_perguntas1` (`pergunta_id`),
  CONSTRAINT `fk_scpa_perguntas_valors_scpa_perguntas1` FOREIGN KEY (`pergunta_id`) REFERENCES `scpa_perguntas` (`id`) ON DELETE NO ACTION ON UPDATE NO ACTION,
  CONSTRAINT `fk_scpa_perguntas_valors_scpa_valors1` FOREIGN KEY (`valor_id`) REFERENCES `scpa_valors` (`id`) ON DELETE NO ACTION ON UPDATE NO ACTION
) ENGINE=InnoDB DEFAULT CHARSET=latin1;

--
-- Dumping data for table `scpa_perguntas_valors`
--

INSERT INTO `scpa_perguntas_valors` VALUES (6,1,1),(7,2,1),(8,3,1),(9,4,1),(10,5,1),(11,1,2),(12,2,2),(13,3,2),(14,4,2),(15,5,2),(16,1,3),(17,2,3),(18,3,3),(19,4,3),(20,5,3);

--
-- Table structure for table `scpa_professors`
--

CREATE TABLE `scpa_professors` (
  `id` int(11) NOT NULL auto_increment,
  `nome` varchar(80) default NULL,
  `email` varchar(80) default NULL,
  `instituicao_id` int(11) NOT NULL,
  `usuario_id` int(11) NOT NULL,
  PRIMARY KEY  (`id`),
  KEY `fk_scpa_professors_scpa_instituicaos1` (`instituicao_id`),
  KEY `fk_scpa_professors_scpa_usuarios1` (`usuario_id`),
  CONSTRAINT `fk_scpa_professors_scpa_instituicaos1` FOREIGN KEY (`instituicao_id`) REFERENCES `scpa_instituicaos` (`id`) ON DELETE NO ACTION ON UPDATE NO ACTION,
  CONSTRAINT `fk_scpa_professors_scpa_usuarios1` FOREIGN KEY (`usuario_id`) REFERENCES `scpa_usuarios` (`id`) ON DELETE NO ACTION ON UPDATE NO ACTION
) ENGINE=InnoDB DEFAULT CHARSET=latin1;

--
-- Dumping data for table `scpa_professors`
--

INSERT INTO `scpa_professors` VALUES (1,'ANGELO RICARDO MARCOTTI','',5,2679);

--
-- Table structure for table `scpa_respondeus`
--

CREATE TABLE `scpa_respondeus` (
  `id` int(11) NOT NULL auto_increment,
  `usuario_id` int(11) NOT NULL,
  `campanha_id` int(11) NOT NULL,
  PRIMARY KEY  (`id`),
  KEY `fk_scpa_respondeus_scpa_usuarios1` (`usuario_id`),
  KEY `fk_scpa_respondeus_scpa_campanhas1` (`campanha_id`),
  CONSTRAINT `fk_scpa_respondeus_scpa_campanhas1` FOREIGN KEY (`campanha_id`) REFERENCES `scpa_campanhas` (`id`) ON DELETE NO ACTION ON UPDATE NO ACTION,
  CONSTRAINT `fk_scpa_respondeus_scpa_usuarios1` FOREIGN KEY (`usuario_id`) REFERENCES `scpa_usuarios` (`id`) ON DELETE NO ACTION ON UPDATE NO ACTION
) ENGINE=InnoDB DEFAULT CHARSET=latin1;

--
-- Dumping data for table `scpa_respondeus`
--


--
-- Table structure for table `scpa_respostas`
--

CREATE TABLE `scpa_respostas` (
  `id` int(11) NOT NULL auto_increment,
  `uid` varchar(100) NOT NULL,
  `pergunta_id` int(11) NOT NULL,
  `valor_id` int(11) NOT NULL,
  `avaliador_id` int(11) NOT NULL,
  `contexto_id` int(11) NOT NULL,
  `campanha_id` int(11) NOT NULL,
  `disciplina_id` int(11) default NULL,
  `professor_id` int(11) default NULL,
  `curso_id` int(11) default NULL,
  `serie_id` int(11) default NULL,
  `turma_id` int(11) default NULL,
  PRIMARY KEY  (`id`),
  KEY `fk_scpa_respostas_scpa_perguntas1` (`pergunta_id`),
  KEY `fk_scpa_respostas_scpa_valors1` (`valor_id`),
  KEY `fk_scpa_respostas_scpa_avaliadors1` (`avaliador_id`),
  KEY `fk_scpa_respostas_scpa_contextos1` (`contexto_id`),
  KEY `fk_scpa_respostas_scpa_disciplinas1` (`disciplina_id`),
  KEY `fk_scpa_respostas_scpa_professors1` (`professor_id`),
  KEY `fk_scpa_respostas_scpa_cursos1` (`curso_id`),
  KEY `fk_scpa_respostas_scpa_series1` (`serie_id`),
  KEY `fk_scpa_respostas_scpa_campanhas1` (`campanha_id`),
  KEY `fk_scpa_respostas_scpa_turmas1` (`turma_id`),
  CONSTRAINT `fk_scpa_respostas_scpa_avaliadors1` FOREIGN KEY (`avaliador_id`) REFERENCES `scpa_avaliadors` (`id`) ON DELETE NO ACTION ON UPDATE NO ACTION,
  CONSTRAINT `fk_scpa_respostas_scpa_campanhas1` FOREIGN KEY (`campanha_id`) REFERENCES `scpa_campanhas` (`id`) ON DELETE NO ACTION ON UPDATE NO ACTION,
  CONSTRAINT `fk_scpa_respostas_scpa_contextos1` FOREIGN KEY (`contexto_id`) REFERENCES `scpa_contextos` (`id`) ON DELETE NO ACTION ON UPDATE NO ACTION,
  CONSTRAINT `fk_scpa_respostas_scpa_cursos1` FOREIGN KEY (`curso_id`) REFERENCES `scpa_cursos` (`id`) ON DELETE NO ACTION ON UPDATE NO ACTION,
  CONSTRAINT `fk_scpa_respostas_scpa_disciplinas1` FOREIGN KEY (`disciplina_id`) REFERENCES `scpa_disciplinas` (`id`) ON DELETE NO ACTION ON UPDATE NO ACTION,
  CONSTRAINT `fk_scpa_respostas_scpa_perguntas1` FOREIGN KEY (`pergunta_id`) REFERENCES `scpa_perguntas` (`id`) ON DELETE NO ACTION ON UPDATE NO ACTION,
  CONSTRAINT `fk_scpa_respostas_scpa_professors1` FOREIGN KEY (`professor_id`) REFERENCES `scpa_professors` (`id`) ON DELETE NO ACTION ON UPDATE NO ACTION,
  CONSTRAINT `fk_scpa_respostas_scpa_series1` FOREIGN KEY (`serie_id`) REFERENCES `scpa_series` (`id`) ON DELETE NO ACTION ON UPDATE NO ACTION,
  CONSTRAINT `fk_scpa_respostas_scpa_turmas1` FOREIGN KEY (`turma_id`) REFERENCES `scpa_turmas` (`id`) ON DELETE NO ACTION ON UPDATE NO ACTION,
  CONSTRAINT `fk_scpa_respostas_scpa_valors1` FOREIGN KEY (`valor_id`) REFERENCES `scpa_valors` (`id`) ON DELETE NO ACTION ON UPDATE NO ACTION
) ENGINE=InnoDB DEFAULT CHARSET=latin1;

--
-- Dumping data for table `scpa_respostas`
--


--
-- Table structure for table `scpa_series`
--

CREATE TABLE `scpa_series` (
  `id` int(11) NOT NULL auto_increment,
  `nome` varchar(45) default NULL,
  `instituicao_id` int(11) NOT NULL,
  `excluido` tinyint(4) NOT NULL default '0',
  PRIMARY KEY  (`id`),
  KEY `fk_scpa_series_scpa_instituicaos1` (`instituicao_id`),
  CONSTRAINT `fk_scpa_series_scpa_instituicaos1` FOREIGN KEY (`instituicao_id`) REFERENCES `scpa_instituicaos` (`id`) ON DELETE NO ACTION ON UPDATE NO ACTION
) ENGINE=InnoDB DEFAULT CHARSET=latin1;

--
-- Dumping data for table `scpa_series`
--

INSERT INTO `scpa_series` VALUES (1,'1 ',4,0),(2,'2',4,0),(3,'3',4,0),(4,'4',4,0),(5,'5',4,0),(6,'1',9,0),(7,'2',9,0),(8,'3',9,0),(9,'4',9,0);

--
-- Table structure for table `scpa_setors`
--

CREATE TABLE `scpa_setors` (
  `id` int(11) NOT NULL auto_increment,
  `nome` varchar(80) default NULL,
  `instituicao_id` int(11) NOT NULL,
  `excluido` tinyint(4) NOT NULL default '0',
  PRIMARY KEY  (`id`),
  KEY `fk_scpa_setors_scpa_instituicaos1` (`instituicao_id`),
  CONSTRAINT `fk_scpa_setors_scpa_instituicaos1` FOREIGN KEY (`instituicao_id`) REFERENCES `scpa_instituicaos` (`id`) ON DELETE NO ACTION ON UPDATE NO ACTION
) ENGINE=InnoDB DEFAULT CHARSET=latin1;

--
-- Dumping data for table `scpa_setors`
--

INSERT INTO `scpa_setors` VALUES (1,'DIRETORIA DE CAMPUS',4,0);

--
-- Table structure for table `scpa_sub_grupo_perguntas`
--

CREATE TABLE `scpa_sub_grupo_perguntas` (
  `id` int(11) NOT NULL auto_increment,
  `titulo` varchar(255) default NULL,
  `disciplina` tinyint(1) default NULL,
  `professorcoordenacao` tinyint(1) default NULL,
  `descricao` text,
  `especifico` tinyint(1) default NULL,
  `ativo` tinyint(1) default NULL,
  `grupo_pergunta_id` int(11) NOT NULL,
  `excluido` tinyint(4) NOT NULL default '0',
  PRIMARY KEY  (`id`),
  KEY `fk_scpa_sub_grupo_perguntas_scpa_grupo_perguntas1` (`grupo_pergunta_id`),
  CONSTRAINT `fk_scpa_sub_grupo_perguntas_scpa_grupo_perguntas1` FOREIGN KEY (`grupo_pergunta_id`) REFERENCES `scpa_grupo_perguntas` (`id`) ON DELETE NO ACTION ON UPDATE NO ACTION
) ENGINE=InnoDB DEFAULT CHARSET=latin1;

--
-- Dumping data for table `scpa_sub_grupo_perguntas`
--

INSERT INTO `scpa_sub_grupo_perguntas` VALUES (1,'BIBLIOTECA',0,0,'',0,1,1,0),(2,'BIBLIOTECA',0,0,'',0,1,2,0),(3,'BIBLIOTECA',0,0,'',0,1,3,0),(4,'BIBLIOTECA',0,0,'',0,1,3,1),(5,'SECRETARIA ACADÊMICA',0,0,'',0,1,1,0),(6,'BIBLIOTECA',0,0,'',0,1,4,0),(7,'BIBLIOTECA',0,0,'',0,1,5,0),(8,'BIBLIOTECA',0,0,'',0,1,6,0),(9,'BIBLIOTECA',0,0,'',0,1,3,0),(10,'BIBLIOTECA',0,0,'',0,1,7,0),(11,'SECRETARIA ACADEMICA',0,0,'',0,1,2,0);

--
-- Table structure for table `scpa_turmas`
--

CREATE TABLE `scpa_turmas` (
  `id` int(11) NOT NULL auto_increment,
  `descricao` varchar(80) default NULL,
  `ativo` tinyint(1) default NULL,
  `contexto_id` int(11) NOT NULL,
  `curso_id` int(11) NOT NULL,
  `serie_id` int(11) NOT NULL,
  `turno_id` int(11) NOT NULL,
  `excluido` tinyint(4) NOT NULL default '0',
  PRIMARY KEY  (`id`),
  KEY `fk_scpa_turmas_scpa_contextos1` (`contexto_id`),
  KEY `fk_scpa_turmas_scpa_cursos1` (`curso_id`),
  KEY `fk_scpa_turmas_scpa_series1` (`serie_id`),
  KEY `fk_scpa_turmas_scpa_turnos1` (`turno_id`),
  CONSTRAINT `fk_scpa_turmas_scpa_contextos1` FOREIGN KEY (`contexto_id`) REFERENCES `scpa_contextos` (`id`) ON DELETE NO ACTION ON UPDATE NO ACTION,
  CONSTRAINT `fk_scpa_turmas_scpa_cursos1` FOREIGN KEY (`curso_id`) REFERENCES `scpa_cursos` (`id`) ON DELETE NO ACTION ON UPDATE NO ACTION,
  CONSTRAINT `fk_scpa_turmas_scpa_series1` FOREIGN KEY (`serie_id`) REFERENCES `scpa_series` (`id`) ON DELETE NO ACTION ON UPDATE NO ACTION,
  CONSTRAINT `fk_scpa_turmas_scpa_turnos1` FOREIGN KEY (`turno_id`) REFERENCES `scpa_turnos` (`id`) ON DELETE NO ACTION ON UPDATE NO ACTION
) ENGINE=InnoDB DEFAULT CHARSET=latin1;

--
-- Dumping data for table `scpa_turmas`
--


--
-- Table structure for table `scpa_turnos`
--

CREATE TABLE `scpa_turnos` (
  `id` int(11) NOT NULL auto_increment,
  `descricao` varchar(45) default NULL,
  PRIMARY KEY  (`id`)
) ENGINE=InnoDB DEFAULT CHARSET=latin1;

--
-- Dumping data for table `scpa_turnos`
--


--
-- Table structure for table `scpa_valors`
--

CREATE TABLE `scpa_valors` (
  `id` int(11) NOT NULL auto_increment,
  `titulo` varchar(20) default NULL,
  `descricao` text,
  `ordem` int(11) default NULL,
  `anula` tinyint(1) default NULL,
  `valor` int(11) default NULL,
  `excluido` tinyint(4) NOT NULL default '0',
  PRIMARY KEY  (`id`)
) ENGINE=InnoDB DEFAULT CHARSET=latin1;

--
-- Dumping data for table `scpa_valors`
--

INSERT INTO `scpa_valors` VALUES (1,'1','Muito Ruim',1,0,1,0),(2,'2','Ruim',2,0,2,0),(3,'3','Regular',3,0,3,0),(4,'4','Bom',4,0,4,0),(5,'5','Muito Bom',5,0,5,0),(6,'6','Não se aplica',6,1,0,0),(7,'1','Nunca',1,0,1,0),(8,'2','Raramente',2,0,2,0),(9,'3','Às vezes',3,0,3,0),(10,'4','Quase sempre',4,0,4,0),(11,'5','Sempre',5,0,5,0),(12,'6','Não sei opinar',6,1,0,0);

--
-- Dumping routines for database 'unespar_avaliacao'
--
DELIMITER ;;
DELIMITER ;


